000
CXUS54 KFWD 290730
CF6CRS
PRELIMINARY LOCAL CLIMATOLOGICAL DATA (WS FORM: F-6)

                                          STATION:   CORSICANA
                                          MONTH:     APRIL
                                          YEAR:      2017
                                          LATITUDE:   32  1 N
                                          LONGITUDE:  96 24 W

  TEMPERATURE IN F:       :PCPN:    SNOW:  WIND      :SUNSHINE: SKY     :PK WND
================================================================================
1   2   3   4   5  6A  6B    7    8   9   10  11  12  13   14  15   16   17  18
                                     12Z  AVG MX 2MIN
DY MAX MIN AVG DEP HDD CDD  WTR  SNW DPTH SPD SPD DIR MIN PSBL S-S WX    SPD DR
================================================================================

 1  76  60  68   6   0   3    T  0.0    0  9.6 16 140   M    M   6 3      22 150
 2  71  59  65   3   0   0 2.41  0.0    0  9.5 30 280   M    M   8 123    40 290
 3  79  52  66   4   0   1 0.00  0.0    0  7.7 17 260   M    M   2 8      22 240
 4  84  61  73  10   0   8 0.00  0.0    0 11.0 22 200   M    M   1        28 200
 5  71  46  59  -4   6   0 0.00  0.0    0 13.9 26 310   M    M   1        36 330
 6  75  44  60  -3   5   0 0.00  0.0    0  3.7 10 300   M    M   0 8      16 300
 7  77  52  65   2   0   0 0.00  0.0    0  7.3 15 170   M    M   0        22 180
 8  79  55  67   3   0   2 0.00  0.0    0 13.8 24 180   M    M   2        32 190
 9  82  63  73   9   0   8 0.00  0.0    0 15.6 24 190   M    M   7        35 180
10  82  68  75  11   0  10 1.21  0.0    0  9.8 18 170   M    M   7 13     24 170
11   M   M   M   M   M   M 1.32  0.0    0   M   M   M   M    M   0 13      M  M
12   M   M   M   M   M   M 0.00  0.0    0   M   M   M   M    M   M         M  M
13   M   M   M   M   M   M 0.00  0.0    0   M   M   M   M    M   0         M  M
14   M   M   M   M   M   M 0.00  0.0    0   M  18 150   M    M   M        23 150
15  81  63  72   7   0   7 0.00  0.0    0  8.3 16 190   M    M   M 1      22 170
16  83  66  75   9   0  10 0.00  0.0    0  8.7 17 170   M    M   4        22 180
17  83  65  74   8   0   9    M  0.0    0  9.4 21 160   M    M   5 13     28 330
18  80  66  73   7   0   8    T  0.0    0  6.2 17 120   M    M   5        22 120
19  84  66  75   9   0  10 0.00  0.0    0  8.9 17 150   M    M   5 1      24 170
20  85  69  77  10   0  12 0.00  0.0    0  9.3 16 220   M    M   5        21 190
21  85  68  77  10   0  12 0.00  0.0    0 11.6 22 160   M    M   3        29 180
22  75  51  63  -4   2   0    T  0.0    0 12.7 21 340   M    M   8 13     28 350
23  74  48  61  -7   4   0    M    M    0  8.2 17 330   M    M   0        23 350
24  79  49  64  -4   1   0 0.00  0.0    0  8.4 17 180   M    M   0        21 180
25  86  61  74   6   0   9 0.00  0.0    0 16.0 26 180   M    M   5        36 170
26  84  51  68   0   0   3    T  0.0    0 13.5 33 300   M    M   6 13     40 300
27  78  49  64  -5   1   0 0.00  0.0    0  8.0 20 150   M    M   0        24 140
28  90  65  78   9   0  13 0.00  0.0    0 14.0 23 180   M    M   4 8      32 200
================================================================================
SM 1923 1397        19 125  4.94     0.0 245.1          M       84
================================================================================
AV 80.1 58.2                              10.2 FASTST   M    M   3    MAX(MPH)
                                 MISC ---->  # 33 300               # 40  290
================================================================================
NOTES:
# LAST OF SEVERAL OCCURRENCES

COLUMN 17 PEAK WIND IN M.P.H.

PRELIMINARY LOCAL CLIMATOLOGICAL DATA (WS FORM: F-6) , PAGE 2

                                          STATION:  CORSICANA
                                          MONTH:    APRIL
                                          YEAR:     2017
                                          LATITUDE:   32  1 N
                                          LONGITUDE:  96 24 W

[TEMPERATURE DATA]      [PRECIPITATION DATA]       SYMBOLS USED IN COLUMN 16

AVERAGE MONTHLY: 69.2   TOTAL FOR MONTH:   4.94    1 = FOG OR MIST
DPTR FM NORMAL:   3.8   DPTR FM NORMAL:    2.19    2 = FOG REDUCING VISIBILITY
HIGHEST:    90 ON 28    GRTST 24HR  2.41 ON  2- 2      TO 1/4 MILE OR LESS
LOWEST:     44 ON  6                               3 = THUNDER
                        SNOW, ICE PELLETS, HAIL    4 = ICE PELLETS
                        TOTAL MONTH:   0.0 INCH    5 = HAIL
                        GRTST 24HR     0.0         6 = FREEZING RAIN OR DRIZZLE
                        GRTST DEPTH:   0           7 = DUSTSTORM OR SANDSTORM:
                                                       VSBY 1/2 MILE OR LESS
                                                   8 = SMOKE OR HAZE
[NO. OF DAYS WITH]      [WEATHER - DAYS WITH]      9 = BLOWING SNOW
                                                   X = TORNADO
MAX 32 OR BELOW:   0    0.01 INCH OR MORE:   3
MAX 90 OR ABOVE:   1    0.10 INCH OR MORE:   3
MIN 32 OR BELOW:   0    0.50 INCH OR MORE:   3
MIN  0 OR BELOW:   0    1.00 INCH OR MORE:   3

[HDD (BASE 65) ]
TOTAL THIS MO.    19    CLEAR  (SCALE 0-3)  11
DPTR FM NORMAL   -57    PTCLDY (SCALE 4-7)  14
TOTAL FM JUL 1  1194    CLOUDY (SCALE 8-10)  0
DPTR FM NORMAL  -891

[CDD (BASE 65) ]
TOTAL THIS MO.   125
DPTR FM NORMAL    39    [PRESSURE DATA]
TOTAL FM JAN 1   300    HIGHEST SLP M ON M
DPTR FM NORMAL   170    LOWEST  SLP 29.37 ON M

[REMARKS]
