000
CXUS52 KFFC 211110
CF6CSG
PRELIMINARY LOCAL CLIMATOLOGICAL DATA (WS FORM: F-6)

                                          STATION:   COLUMBUS
                                          MONTH:     JULY
                                          YEAR:      2014
                                          LATITUDE:   32 31 N
                                          LONGITUDE:  84 56 W

  TEMPERATURE IN F:       :PCPN:    SNOW:  WIND      :SUNSHINE: SKY     :PK WND
================================================================================
1   2   3   4   5  6A  6B    7    8   9   10  11  12  13   14  15   16   17  18
                                     12Z  AVG MX 2MIN
DY MAX MIN AVG DEP HDD CDD  WTR  SNW DPTH SPD SPD DIR MIN PSBL S-S WX    SPD DR
================================================================================

 1  95  71  83   1   0  18 0.00  0.0    0  3.7 13 320   M    M   1        16 310
 2  95  75  85   3   0  20 0.00  0.0    0  5.4 22 310   M    M   0        29 320
 3  93  73  83   1   0  18 0.00  0.0    0  7.3 21 330   M    M   1        25 330
 4  89  66  78  -4   0  13 0.00  0.0    0  7.2 14 330   M    M   1        17 360
 5  90  69  80  -2   0  15 0.00  0.0    0  7.0 17  90   M    M   2        23  80
 6  93  72  83   1   0  18 0.00  0.0    0  5.8 12  90   M    M   4        15  90
 7  94  70  82   0   0  17 0.00  0.0    0  3.7 15 330   M    M   1        17 320
 8  95  71  83   1   0  18 0.00  0.0    0  5.4 16 290   M    M   1        24 300
 9  94  72  83   1   0  18 0.05  0.0    0  6.0 30 310   M    M   1 3      37 290
10  88  71  80  -2   0  15 0.08  0.0    0  2.4 12 300   M    M   5 13     14 290
11  90  72  81  -2   0  16 0.20  0.0    0  2.7 20  90   M    M   4 138    29  90
12  92  69  81  -2   0  16 0.00  0.0    0  5.1 13 190   M    M   2        17  80
13  93  71  82  -1   0  17 0.00  0.0    0  3.4  9 240   M    M   3 1      13 200
14  94  75  85   2   0  20 0.00  0.0    0  7.1 17 230   M    M   3        23 220
15  89  72  81  -2   0  16 0.81  0.0    0  6.5 17 190   M    M   6 138    22 190
16  88  70  79  -4   0  14    T  0.0    0  6.3 15 320   M    M   2        22 350
17  88  65  77  -6   0  12 0.00  0.0    0  3.7 14 320   M    M   0        17 280
18  85  65  75  -8   0  10 0.01  0.0    0  2.3  9 100   M    M   1        13 170
19  79  71  75  -8   0  10 1.08  0.0    0  3.7 14 280   M    M   8 18     18 280
20  79  72  76  -7   0  11 0.70  0.0    0  3.4 15 220   M    M   8 1      20 220
================================================================================
SM 1803 1412         0 312  2.93     0.0  98.1          M       54
================================================================================
AV 90.2 70.6                               4.9 FASTST   M    M   3    MAX(MPH)
                                 MISC ---->  # 30 310               # 37  290
================================================================================
NOTES:
# LAST OF SEVERAL OCCURRENCES

COLUMN 17 PEAK WIND IN M.P.H.

PRELIMINARY LOCAL CLIMATOLOGICAL DATA (WS FORM: F-6) , PAGE 2

                                          STATION:  COLUMBUS
                                          MONTH:    JULY
                                          YEAR:     2014
                                          LATITUDE:   32 31 N
                                          LONGITUDE:  84 56 W

[TEMPERATURE DATA]      [PRECIPITATION DATA]       SYMBOLS USED IN COLUMN 16

AVERAGE MONTHLY: 80.4   TOTAL FOR MONTH:   2.93    1 = FOG OR MIST
DPTR FM NORMAL:  -2.1   DPTR FM NORMAL:   -0.26    2 = FOG REDUCING VISIBILITY
HIGHEST:    95 ON  8, 2 GRTST 24HR  1.09 ON 18-19      TO 1/4 MILE OR LESS
LOWEST:     65 ON 18,17                            3 = THUNDER
                        SNOW, ICE PELLETS, HAIL    4 = ICE PELLETS
                        TOTAL MONTH:   0.0 INCH    5 = HAIL
                        GRTST 24HR     0.0         6 = FREEZING RAIN OR DRIZZLE
                        GRTST DEPTH:   0           7 = DUSTSTORM OR SANDSTORM:
                                                       VSBY 1/2 MILE OR LESS
                                                   8 = SMOKE OR HAZE
[NO. OF DAYS WITH]      [WEATHER - DAYS WITH]      9 = BLOWING SNOW
                                                   X = TORNADO
MAX 32 OR BELOW:   0    0.01 INCH OR MORE:   7
MAX 90 OR ABOVE:  12    0.10 INCH OR MORE:   4
MIN 32 OR BELOW:   0    0.50 INCH OR MORE:   3
MIN  0 OR BELOW:   0    1.00 INCH OR MORE:   1

[HDD (BASE 65) ]
TOTAL THIS MO.     0    CLEAR  (SCALE 0-3)  14
DPTR FM NORMAL     0    PTCLDY (SCALE 4-7)   6
TOTAL FM JUL 1     0    CLOUDY (SCALE 8-10)  0
DPTR FM NORMAL     0

[CDD (BASE 65) ]
TOTAL THIS MO.   312
DPTR FM NORMAL   -40    [PRESSURE DATA]
TOTAL FM JAN 1  1107    HIGHEST SLP M ON M
DPTR FM NORMAL   -49    LOWEST  SLP 29.79 ON 15

[REMARKS]
