000
CXUS55 KOHX 291010
CF6CSV
PRELIMINARY LOCAL CLIMATOLOGICAL DATA (WS FORM: F-6)

                                          STATION:   CROSSVILLE
                                          MONTH:     MARCH
                                          YEAR:      2015
                                          LATITUDE:   35 57 N
                                          LONGITUDE:  85  5 W

  TEMPERATURE IN F:       :PCPN:    SNOW:  WIND      :SUNSHINE: SKY     :PK WND
================================================================================
1   2   3   4   5  6A  6B    7    8   9   10  11  12  13   14  15   16   17  18
                                     12Z  AVG MX 2MIN
DY MAX MIN AVG DEP HDD CDD  WTR  SNW DPTH SPD SPD DIR MIN PSBL S-S WX    SPD DR
================================================================================

 1  47  41  44   1  21   0 0.16    M    M  6.9 13 180   M    M   9 1      22 190
 2  47  33  40  -3  25   0 0.04    M    M  7.2 14  40   M    M   6 1      18  10
 3  59  42  51   7  14   0 0.11    M    M  7.2 16 190   M    M  10 18     26 210
 4  63  34  49   5  16   0 1.53    M    M  8.9 18 340   M    M  10 1      25 330
 5  34  15  25 -19  40   0 0.57    M    M 11.2 18 350   M    M   9 168    25 340
 6  36  12  24 -20  41   0 0.00    M    M  3.7  9 350   M    M   0        14  20
 7  55  21  38  -7  27   0 0.00    M    M  5.7 17 270   M    M   0        28 260
 8  64  32  48   3  17   0 0.00    M    M  4.8 14 220   M    M   2        20 230
 9  57  43  50   5  15   0 0.17    M    M  3.6  9 190   M    M  10 1      13 140
10  62  49  56  11   9   0 0.78    M    M  8.5 17 190   M    M  10 1      31 200
11  66  51  59  13   6   0 0.26    M    M  4.8 14 290   M    M  10 1      19 320
12  67  43  55   9  10   0    T    M    0  6.6 13 140   M    M   6 12     20 130
13  58  49  54   8  11   0 0.44    M    M  7.2 14 140   M    M  10 1      22 130
14  58  51  55   8  10   0 0.32  0.0    0  5.6 13 260   M    M  10 1      17 260
15  68  42  55   8  10   0 0.00    M    M  4.5 13  30   M    M   0 1      16 340
16  75  36  56   9   9   0 0.00  0.0    0  4.9 14 260   M    M   0        18 260
17  69  46  58  11   7   0 0.00    M    M  9.1 20 320   M    M   2        25 320
18  53  37  45  -3  20   0 0.00    M    M  7.7 16  40   M    M   4 8      22  40
19  49  42  46  -2  19   0 0.34    M    0  5.7 12 190   M    M  10 18     18 180
20  52  44  48   0  17   0 0.03    M    0  5.3 12 290   M    M  10 12     16 190
21  65  44  55   6  10   0 0.00  0.0    0  3.2 12 340   M    M   3 1      14 340
22  65  48  57   8   8   0 0.07    M    0  2.3  8 140   M    M   4 18     12 140
23  70  43  57   8   8   0 0.00    M    M  3.7 12 270   M    M   0        14 270
24  70  45  58   9   7   0 0.00  0.0    0  4.7 14 290   M    M   1        19 300
25  74  57  66  16   0   1 0.00  0.0    0  8.2 16 190   M    M   5        24 200
26  71  39  55   5  10   0 0.42    M    0 10.8 21 260   M    M   9 18     28 270
27  47  31  39 -11  26   0    T    M    0 11.9 24 320   M    M   9 18     31 320
28  43  27  35 -16  30   0 0.00  0.0    0  7.8 17 330   M    M   3        24 330
================================================================================
SM 1644 1097       443   1  5.24     0.0 181.7          M      162
================================================================================
AV 58.7 39.2                               6.5 FASTST   M    M   6    MAX(MPH)
                                 MISC ---->  # 24 320               # 31  200
================================================================================
NOTES:
# LAST OF SEVERAL OCCURRENCES

COLUMN 17 PEAK WIND IN M.P.H.

PRELIMINARY LOCAL CLIMATOLOGICAL DATA (WS FORM: F-6) , PAGE 2

                                          STATION:  CROSSVILLE
                                          MONTH:    MARCH
                                          YEAR:     2015
                                          LATITUDE:   35 57 N
                                          LONGITUDE:  85  5 W

[TEMPERATURE DATA]      [PRECIPITATION DATA]       SYMBOLS USED IN COLUMN 16

AVERAGE MONTHLY: 48.9   TOTAL FOR MONTH:   5.24    1 = FOG OR MIST
DPTR FM NORMAL:   2.2   DPTR FM NORMAL:    0.79    2 = FOG REDUCING VISIBILITY
HIGHEST:    75 ON 16    GRTST 24HR  1.53 ON  4- 4      TO 1/4 MILE OR LESS
LOWEST:     12 ON  6                               3 = THUNDER
                        SNOW, ICE PELLETS, HAIL    4 = ICE PELLETS
                        TOTAL MONTH:   0.0 INCH    5 = HAIL
                        GRTST 24HR     0.0         6 = FREEZING RAIN OR DRIZZLE
                        GRTST DEPTH:   0           7 = DUSTSTORM OR SANDSTORM:
                                                       VSBY 1/2 MILE OR LESS
                                                   8 = SMOKE OR HAZE
[NO. OF DAYS WITH]      [WEATHER - DAYS WITH]      9 = BLOWING SNOW
                                                   X = TORNADO
MAX 32 OR BELOW:   0    0.01 INCH OR MORE:  14
MAX 90 OR ABOVE:   0    0.10 INCH OR MORE:  11
MIN 32 OR BELOW:   6    0.50 INCH OR MORE:   3
MIN  0 OR BELOW:   0    1.00 INCH OR MORE:   1

[HDD (BASE 65) ]
TOTAL THIS MO.   443    CLEAR  (SCALE 0-3)   8
DPTR FM NORMAL   -71    PTCLDY (SCALE 4-7)   7
TOTAL FM JUL 1  3861    CLOUDY (SCALE 8-10) 13
DPTR FM NORMAL    51

[CDD (BASE 65) ]
TOTAL THIS MO.     1
DPTR FM NORMAL     1    [PRESSURE DATA]
TOTAL FM JAN 1     1    HIGHEST SLP M ON M
DPTR FM NORMAL     1    LOWEST  SLP 29.73 ON 26

[REMARKS]
