000
CXUS56 KTFX 271205
CF6CTB
PRELIMINARY LOCAL CLIMATOLOGICAL DATA (WS FORM: F-6)

                                          STATION:   CUT BANK MT
                                          MONTH:     JANUARY
                                          YEAR:      2015
                                          LATITUDE:   48 37 N
                                          LONGITUDE: 112 23 W

  TEMPERATURE IN F:       :PCPN:    SNOW:  WIND      :SUNSHINE: SKY     :PK WND
================================================================================
1   2   3   4   5  6A  6B    7    8   9   10  11  12  13   14  15   16   17  18
                                     12Z  AVG MX 2MIN
DY MAX MIN AVG DEP HDD CDD  WTR  SNW DPTH SPD SPD DIR MIN PSBL S-S WX    SPD DR
================================================================================

 1  30  19  25   4  40   0 0.00    M    4 12.6 23 280   M    M   0        26 280
 2  38   1  20  -1  45   0 0.14    M    2 28.4 48 250   M    M   3        57 250
 3   1 -12  -5 -27  70   0 0.04    M    4 10.7 24 360   M    M   8        29 360
 4  -2  -9  -5 -27  70   0 0.05    M    5  8.4 21 140   M    M   7 18     23 150
 5  13  -2   6 -16  59   0 0.29    M    5 11.7 45 350   M    M  10 128    50 340
 6   9   4   7 -15  58   0 0.05    M    6  8.9 18 350   M    M  10 18     21 350
 7  37   3  20  -2  45   0 0.00    M    7 12.8 23 350   M    M   5 1      27 360
 8  32 -12  10 -12  55   0 0.01    M    3 17.4 38 350   M    M   7 18     45 350
 9  21 -19   1 -21  64   0 0.00    M    3  3.5 20 340   M    M   0 18     20 340
10  26  16  21  -1  44   0    T    M    3  7.6 22 340   M    M   6 1      23 340
11  18   5  12 -10  53   0    T    M    3  4.9 16 350   M    M   6 18     19 360
12   8  -2   3 -19  62   0 0.00    M    3  3.5 14 310   M    M   6 128    16 320
13  31  -3  14  -8  51   0 0.00    M    3 15.6 28 260   M    M   0        31 260
14  37  25  31   9  34   0 0.00    M    3 17.3 33 260   M    M   0 8      37 250
15  43  29  36  14  29   0 0.00    M    3 23.8 44 250   M    M   0 8      56 240
16  40  29  35  13  30   0 0.00    M    2 26.7 54 250   M    M   0        63 250
17  40  30  35  13  30   0 0.00    M    M 24.6 45 260   M    M   0        52 250
18  42  30  36  14  29   0 0.06    M    M 20.9 46 240   M    M   2 6      57 250
19  37  25  31   9  34   0 0.00    M    1 17.4 35 250   M    M   1        43 240
20  38  18  28   6  37   0 0.00    M    1  9.4 18 290   M    M   9        22 290
21  39  14  27   5  38   0 0.00    M    1 14.8 30 250   M    M   0        36 250
22  41  33  37  15  28   0 0.00    M    1 30.7 47 270   M    M   0        58 260
23  44  34  39  17  26   0 0.00    M    T 25.4 38 260   M    M   0        47 260
24  51  39  45  22  20   0 0.00    M    0 20.2 39 260   M    M   1        46 260
25  58  42  50  27  15   0 0.00    M    0 21.9 45 260   M    M   0        56 260
26  66  41  54  31  11   0 0.00    M    0 15.2 28 250   M    M   0        32 230
================================================================================
SM  838  378      1077   0  0.64    M    414.3          M       81
================================================================================
AV 32.2 14.5                              15.9 FASTST   M    M   3    MAX(MPH)
                                 MISC ---->  # 54 250               # 63  250
================================================================================
NOTES:
# LAST OF SEVERAL OCCURRENCES

COLUMN 17 PEAK WIND IN M.P.H.

PRELIMINARY LOCAL CLIMATOLOGICAL DATA (WS FORM: F-6) , PAGE 2

                                          STATION:  CUT BANK MT
                                          MONTH:    JANUARY
                                          YEAR:     2015
                                          LATITUDE:   48 37 N
                                          LONGITUDE: 112 23 W

[TEMPERATURE DATA]      [PRECIPITATION DATA]       SYMBOLS USED IN COLUMN 16

AVERAGE MONTHLY: 23.4   TOTAL FOR MONTH:   0.64    1 = FOG OR MIST
DPTR FM NORMAL:   1.3   DPTR FM NORMAL:    0.47    2 = FOG REDUCING VISIBILITY
HIGHEST:    66 ON 26    GRTST 24HR  0.29 ON  5- 5      TO 1/4 MILE OR LESS
LOWEST:    -19 ON  9                               3 = THUNDER
                        SNOW, ICE PELLETS, HAIL    4 = ICE PELLETS
                        TOTAL MONTH:    M          5 = HAIL
                        GRTST 24HR    M  ON   M    6 = FREEZING RAIN OR DRIZZLE
                        GRTST DEPTH:   7 ON  7     7 = DUSTSTORM OR SANDSTORM:
                                                       VSBY 1/2 MILE OR LESS
                                                   8 = SMOKE OR HAZE
[NO. OF DAYS WITH]      [WEATHER - DAYS WITH]      9 = BLOWING SNOW
                                                   X = TORNADO
MAX 32 OR BELOW:  11    0.01 INCH OR MORE:   7
MAX 90 OR ABOVE:   0    0.10 INCH OR MORE:   2
MIN 32 OR BELOW:  21    0.50 INCH OR MORE:   0
MIN  0 OR BELOW:   7    1.00 INCH OR MORE:   0

[HDD (BASE 65) ]
TOTAL THIS MO.  1077    CLEAR  (SCALE 0-3)  15
DPTR FM NORMAL   -40    PTCLDY (SCALE 4-7)   8
TOTAL FM JUL 1  4450    CLOUDY (SCALE 8-10)  3
DPTR FM NORMAL  -257

[CDD (BASE 65) ]
TOTAL THIS MO.     0
DPTR FM NORMAL     0    [PRESSURE DATA]
TOTAL FM JAN 1     0    HIGHEST SLP M ON M
DPTR FM NORMAL     0    LOWEST  SLP 29.86 ON 18

[REMARKS]
