000
CXUS56 KTFX 201205
CF6CTB
PRELIMINARY LOCAL CLIMATOLOGICAL DATA (WS FORM: F-6)

                                          STATION:   CUT BANK MT
                                          MONTH:     JANUARY
                                          YEAR:      2017
                                          LATITUDE:   48 37 N
                                          LONGITUDE: 112 23 W

  TEMPERATURE IN F:       :PCPN:    SNOW:  WIND      :SUNSHINE: SKY     :PK WND
================================================================================
1   2   3   4   5  6A  6B    7    8   9   10  11  12  13   14  15   16   17  18
                                     12Z  AVG MX 2MIN
DY MAX MIN AVG DEP HDD CDD  WTR  SNW DPTH SPD SPD DIR MIN PSBL S-S WX    SPD DR
================================================================================

 1  21   3  12  -9  53   0 0.05    M    1 17.0 31  10   M    M  10 19     38  10
 2   5  -4   1 -20  64   0    T    M    1  5.0  9  40   M    M  10 18     10  50
 3   0 -18  -9 -31  74   0 0.00    M    1  4.8 17 310   M    M   7 1      19 310
 4  12  -9   2 -20  63   0    T    M    1 16.7 28 340   M    M   6 189    33 340
 5  20  -7   7 -15  58   0 0.00    M    2 12.8 24 260   M    M   7 1      30 260
 6  17  -2   8 -14  57   0    T    M    3  7.1 18 270   M    M   6 18     22 280
 7   4  -3   1 -21  64   0    T    M    4  9.3 21 350   M    M   8 128    24 350
 8   1  -9  -4 -26  69   0    T    M    5  7.9 20 350   M    M   5 18     22 340
 9   0  -9  -4 -26  69   0    T    M    5 11.5 24 350   M    M   9 18     27 350
10   2 -17  -7 -29  72   0    T    M    5 10.4 23 340   M    M  10 18     26 330
11   9 -29 -10 -32  75   0    T    M    5  7.4 23  10   M    M   0        28  10
12  19  -9   5 -17  60   0 0.00    M    5 11.3 36 260   M    M   1 189    41 260
13  28  18  23   1  42   0 0.00    M    3 24.4 43 260   M    M   0 8      50 260
14  34  20  27   5  38   0 0.00    M    3 19.8 30 260   M    M   0        36 260
15  37  21  29   7  36   0 0.00    M    3 23.3 35 250   M    M   0        40 260
16  39  20  30   8  35   0 0.00    M    3 19.5 35 260   M    M   0        41 260
17  47  36  42  20  23   0 0.00    M    3 26.4 46 250   M    M   0        55 250
18  51  37  44  22  21   0 0.00    M    T 12.8 32 220   M    M   1        38 220
19  43  34  39  17  26   0 0.00  0.0    T 11.5 28 240   M    M   1        33 230
================================================================================
SM  389   73       999   0  0.05     0.0 258.9          M       81
================================================================================
AV 20.5  3.8                              13.6 FASTST   M    M   4    MAX(MPH)
                                 MISC ---->  # 46 250               # 55  250
================================================================================
NOTES:
# LAST OF SEVERAL OCCURRENCES

COLUMN 17 PEAK WIND IN M.P.H.

PRELIMINARY LOCAL CLIMATOLOGICAL DATA (WS FORM: F-6) , PAGE 2

                                          STATION:  CUT BANK MT
                                          MONTH:    JANUARY
                                          YEAR:     2017
                                          LATITUDE:   48 37 N
                                          LONGITUDE: 112 23 W

[TEMPERATURE DATA]      [PRECIPITATION DATA]       SYMBOLS USED IN COLUMN 16

AVERAGE MONTHLY: 12.2   TOTAL FOR MONTH:   0.05    1 = FOG OR MIST
DPTR FM NORMAL:  -9.7   DPTR FM NORMAL:   -0.08    2 = FOG REDUCING VISIBILITY
HIGHEST:    51 ON 18    GRTST 24HR  0.05 ON  1- 1      TO 1/4 MILE OR LESS
LOWEST:    -29 ON 11                               3 = THUNDER
                        SNOW, ICE PELLETS, HAIL    4 = ICE PELLETS
                        TOTAL MONTH:   0.0 INCH    5 = HAIL
                        GRTST 24HR     0.0         6 = FREEZING RAIN OR DRIZZLE
                        GRTST DEPTH:   5 ON 12,11  7 = DUSTSTORM OR SANDSTORM:
                                                       VSBY 1/2 MILE OR LESS
                                                   8 = SMOKE OR HAZE
[NO. OF DAYS WITH]      [WEATHER - DAYS WITH]      9 = BLOWING SNOW
                                                   X = TORNADO
MAX 32 OR BELOW:  13    0.01 INCH OR MORE:   1
MAX 90 OR ABOVE:   0    0.10 INCH OR MORE:   0
MIN 32 OR BELOW:  16    0.50 INCH OR MORE:   0
MIN  0 OR BELOW:  11    1.00 INCH OR MORE:   0

[HDD (BASE 65) ]
TOTAL THIS MO.   999    CLEAR  (SCALE 0-3)   9
DPTR FM NORMAL   179    PTCLDY (SCALE 4-7)   6
TOTAL FM JUL 1  4622    CLOUDY (SCALE 8-10)  4
DPTR FM NORMAL   212

[CDD (BASE 65) ]
TOTAL THIS MO.     0
DPTR FM NORMAL     0    [PRESSURE DATA]
TOTAL FM JAN 1     0    HIGHEST SLP M ON M
DPTR FM NORMAL     0    LOWEST  SLP 29.47 ON  9

[REMARKS]
