000
CXUS51 KILN 210535
CF6CVG
PRELIMINARY LOCAL CLIMATOLOGICAL DATA (WS FORM: F-6)

                                          STATION:   CINCINNATI OH
                                          MONTH:     SEPTEMBER
                                          YEAR:      2017
                                          LATITUDE:   39  2 N
                                          LONGITUDE:  84 40 W

  TEMPERATURE IN F:       :PCPN:    SNOW:  WIND      :SUNSHINE: SKY     :PK WND
================================================================================
1   2   3   4   5  6A  6B    7    8   9   10  11  12  13   14  15   16   17  18
                                     12Z  AVG MX 2MIN
DY MAX MIN AVG DEP HDD CDD  WTR  SNW DPTH SPD SPD DIR MIN PSBL S-S WX    SPD DR
================================================================================

 1  66  53  60 -13   5   0 1.58  0.0    0 20.8 29  50   M    M  10 1      37  70
 2  62  54  58 -14   7   0 0.12  0.0    0  7.3 20  50   M    M  10 1      24  60
 3  80  56  68  -4   0   3 0.00  0.0    0  6.5 14 260   M    M   6 1      16 270
 4  85  61  73   1   0   8 0.00  0.0    0 10.5 21 230   M    M   3 1      29 210
 5  75  51  63  -9   2   0 0.06  0.0    0  9.2 18 310   M    M   7 13     25 200
 6  68  48  58 -13   7   0 0.00  0.0    0  6.9 16 260   M    M   4        23 290
 7  69  44  57 -14   8   0 0.00  0.0    0  6.6 18 270   M    M   5 1      24 270
 8  76  48  62  -9   3   0 0.00  0.0    0  4.5 10 100   M    M   3        13  80
 9  73  58  66  -4   0   1 0.00  0.0    0  9.2 16  80   M    M   4        19  60
10  73  53  63  -7   2   0 0.00  0.0    0 10.4 16  50   M    M   0        24 100
11  72  55  64  -6   1   0 0.00  0.0    0 11.1 18  70   M    M   8        23  80
12  68  60  64  -5   1   0 0.20  0.0    0 13.4 24  70   M    M   9 1      29  70
13  65  60  63  -6   2   0 0.17  0.0    0  7.2 17 120   M    M  10 1      21 110
14  70  57  64  -4   1   0    T  0.0    0  1.9  9 270   M    M   9 1      11 230
15  80  53  67  -1   0   2 0.00  0.0    0  3.2  8 140   M    M   2 1      11 120
16  83  62  73   5   0   8 0.00  0.0    0  2.5  9 120   M    M   3 1      11 170
17  85  60  73   6   0   8 0.00  0.0    0  1.3  8 260   M    M   2 1      11 270
18  84  62  73   6   0   8 0.00  0.0    0  2.8 16 300   M    M   7 1      20 300
19  78  63  71   5   0   6 0.27  0.0    0  4.4 13 190   M    M   7 1      15 190
20  85  60  73   7   0   8 0.00  0.0    0  3.9 12 190   M    M   4 12     13 200
================================================================================
SM 1497 1118        39  52  2.40     0.0 143.6          M      113
================================================================================
AV 74.9 55.9                               7.2 FASTST   M    M   6    MAX(MPH)
                                 MISC ---->  # 29  50               # 37   70
================================================================================
NOTES:
# LAST OF SEVERAL OCCURRENCES

COLUMN 17 PEAK WIND IN M.P.H.

PRELIMINARY LOCAL CLIMATOLOGICAL DATA (WS FORM: F-6) , PAGE 2

                                          STATION:  CINCINNATI OH
                                          MONTH:    SEPTEMBER
                                          YEAR:     2017
                                          LATITUDE:   39  2 N
                                          LONGITUDE:  84 40 W

[TEMPERATURE DATA]      [PRECIPITATION DATA]       SYMBOLS USED IN COLUMN 16

AVERAGE MONTHLY: 65.4   TOTAL FOR MONTH:   2.40    1 = FOG OR MIST
DPTR FM NORMAL:  -4.2   DPTR FM NORMAL:    0.67    2 = FOG REDUCING VISIBILITY
HIGHEST:    85 ON 20,17 GRTST 24HR  1.58 ON  1- 1      TO 1/4 MILE OR LESS
LOWEST:     44 ON  7                               3 = THUNDER
                        SNOW, ICE PELLETS, HAIL    4 = ICE PELLETS
                        TOTAL MONTH:   0.0 INCH    5 = HAIL
                        GRTST 24HR     0.0         6 = FREEZING RAIN OR DRIZZLE
                        GRTST DEPTH:   0           7 = DUSTSTORM OR SANDSTORM:
                                                       VSBY 1/2 MILE OR LESS
                                                   8 = SMOKE OR HAZE
[NO. OF DAYS WITH]      [WEATHER - DAYS WITH]      9 = BLOWING SNOW
                                                   X = TORNADO
MAX 32 OR BELOW:   0    0.01 INCH OR MORE:   6
MAX 90 OR ABOVE:   0    0.10 INCH OR MORE:   5
MIN 32 OR BELOW:   0    0.50 INCH OR MORE:   1
MIN  0 OR BELOW:   0    1.00 INCH OR MORE:   1

[HDD (BASE 65) ]
TOTAL THIS MO.    39    CLEAR  (SCALE 0-3)   4
DPTR FM NORMAL    20    PTCLDY (SCALE 4-7)  11
TOTAL FM JUL 1    40    CLOUDY (SCALE 8-10)  5
DPTR FM NORMAL    21

[CDD (BASE 65) ]
TOTAL THIS MO.    52
DPTR FM NORMAL   -61    [PRESSURE DATA]
TOTAL FM JAN 1   983    HIGHEST SLP 30.40 ON 10
DPTR FM NORMAL   -98    LOWEST  SLP 29.73 ON  5

[REMARKS]
