000
CXUS54 KHGX 011515
CF6CXO
PRELIMINARY LOCAL CLIMATOLOGICAL DATA (WS FORM: F-6)

                                          STATION:   CONROE
                                          MONTH:     FEBRUARY
                                          YEAR:      2017
                                          LATITUDE:   30 21 N
                                          LONGITUDE:  95 25 W

  TEMPERATURE IN F:       :PCPN:    SNOW:  WIND      :SUNSHINE: SKY     :PK WND
================================================================================
1   2   3   4   5  6A  6B    7    8   9   10  11  12  13   14  15   16   17  18
                                     12Z  AVG MX 2MIN
DY MAX MIN AVG DEP HDD CDD  WTR  SNW DPTH SPD SPD DIR MIN PSBL S-S WX    SPD DR
================================================================================

 1  81  45  63  11   2   0 0.00  0.0    0  7.0 23 190   M    M   5 12     28 200
 2  65  51  58   6   7   0 0.00  0.0    0  5.7 15 320   M    M   9 12     19 320
 3  61  47  54   2  11   0    T    M    0  7.3 13  30   M    M   9        20  60
 4  58  44  51  -1  14   0    T    M    0  5.7 13  90   M    M  10 1      17 100
 5  78  58  68  16   0   3 0.12  0.0    0  9.5 21 180   M    M   8 1      26 190
 6  81  67  74  22   0   9 0.00  0.0    0 11.6 20 190   M    M   9        25 190
 7  85  54  70  18   0   5    T  0.0    0  7.6 20 190   M    M   5        26 180
 8  89  54  72  20   0   7 0.00  0.0    0 10.1 23 340   M    M   3 1      33 350
 9  69  42  56   3   9   0 0.00  0.0    0  5.8 15  10   M    M   0 8      23  20
10  76  39  58   5   7   0 0.00  0.0    0  8.0 20 150   M    M   7        24 160
11  86  68  77  24   0  12 0.00  0.0    0 11.5 23 190   M    M   7        30 180
12  85  65  75  22   0  10 0.00  0.0    0  5.1 14 240   M    M   6        18 200
13  77  61  69  16   0   4 0.02  0.0    0  7.7 17 150   M    M   7 1      23 160
14  65  49  57   4   8   0 1.13  0.0    0 10.4 21 320   M    M  10 13     33 320
15  64  38  51  -3  14   0 0.00  0.0    0  8.8 23 330   M    M   5        33 330
16  67  32  50  -4  15   0 0.00  0.0    0  1.3 10 210   M    M   0        13 210
17  67  40  54   0  11   0 0.05  0.0    0  4.7 15 130   M    M   5 1      21 130
18  83  55  69  15   0   4 0.00  0.0    0  7.8 16 160   M    M   5 12     21 180
19  80  66  73  19   0   8 0.02  0.0    0  9.8 24 160   M    M   9 1      31 150
20  70  57  64   9   1   0 1.69  0.0    0  5.9 23 320   M    M  10 123    27 320
21  75  49  62   7   3   0 0.00  0.0    0  5.2 20 330   M    M   5 12     27 320
22  82  44  63   8   2   0 0.00  0.0    0  1.6  9 240   M    M   0        12 250
23  84  45  65  10   0   0 0.00  0.0    0  7.9 18 150   M    M   0        24 170
24  83  56  70  15   0   5 0.00  0.0    0  9.8 21 330   M    M   4 1      28 330
25  67  42  55  -1  10   0 0.00  0.0    0  6.0 14  30   M    M   0        20  10
26  75  39  57   1   8   0 0.00  0.0    0 10.8 23 150   M    M   6        31 130
27  84  65  75  19   0  10    T  0.0    0  8.1 21 160   M    M   8 1      26 150
28  82  71  77  21   0  12 0.00  0.0    0 13.2 23 170   M    M   8 1      29 160
================================================================================
SM 2119 1443       122  89  3.03     0.0 213.9          M      160
================================================================================
AV 75.7 51.5                               7.6 FASTST   M    M   6    MAX(MPH)
                                 MISC ---->  # 24 160               # 33  350
================================================================================
NOTES:
# LAST OF SEVERAL OCCURRENCES

COLUMN 17 PEAK WIND IN M.P.H.

PRELIMINARY LOCAL CLIMATOLOGICAL DATA (WS FORM: F-6) , PAGE 2

                                          STATION:  CONROE
                                          MONTH:    FEBRUARY
                                          YEAR:     2017
                                          LATITUDE:   30 21 N
                                          LONGITUDE:  95 25 W

[TEMPERATURE DATA]      [PRECIPITATION DATA]       SYMBOLS USED IN COLUMN 16

AVERAGE MONTHLY: 63.6   TOTAL FOR MONTH:   3.03    1 = FOG OR MIST
DPTR FM NORMAL:   9.9   DPTR FM NORMAL:   -0.23    2 = FOG REDUCING VISIBILITY
HIGHEST:    89 ON  8    GRTST 24HR  1.71 ON 19-20      TO 1/4 MILE OR LESS
LOWEST:     32 ON 16                               3 = THUNDER
                        SNOW, ICE PELLETS, HAIL    4 = ICE PELLETS
                        TOTAL MONTH:   0.0 INCH    5 = HAIL
                        GRTST 24HR     0.0         6 = FREEZING RAIN OR DRIZZLE
                        GRTST DEPTH:   0           7 = DUSTSTORM OR SANDSTORM:
                                                       VSBY 1/2 MILE OR LESS
                                                   8 = SMOKE OR HAZE
[NO. OF DAYS WITH]      [WEATHER - DAYS WITH]      9 = BLOWING SNOW
                                                   X = TORNADO
MAX 32 OR BELOW:   0    0.01 INCH OR MORE:   6
MAX 90 OR ABOVE:   0    0.10 INCH OR MORE:   3
MIN 32 OR BELOW:   1    0.50 INCH OR MORE:   2
MIN  0 OR BELOW:   0    1.00 INCH OR MORE:   2

[HDD (BASE 65) ]
TOTAL THIS MO.   122    CLEAR  (SCALE 0-3)   5
DPTR FM NORMAL  -211    PTCLDY (SCALE 4-7)  15
TOTAL FM JUL 1   819    CLOUDY (SCALE 8-10)  8
DPTR FM NORMAL  -661

[CDD (BASE 65) ]
TOTAL THIS MO.    89
DPTR FM NORMAL    74    [PRESSURE DATA]
TOTAL FM JAN 1   134    HIGHEST SLP 30.39 ON  3
DPTR FM NORMAL   111    LOWEST  SLP 29.63 ON 23

[REMARKS]
#FINAL-02-17#
