000
CXUS55 KCYS 011420 CCA
CF6CYS

PRELIMINARY LOCAL CLIMATOLOGICAL DATA (WS FORM: F-6)     ...CORRECTED...

                                          STATION:   CHEYENNE WYOMING AIRPORT
                                          MONTH:     JUNE
                                          YEAR:      2015
                                          LATITUDE:   41  9 N
                                          LONGITUDE: 104 49 W

  TEMPERATURE IN F:       :PCPN:    SNOW:  WIND      :SUNSHINE: SKY     :PK WND
================================================================================
1   2   3   4   5  6A  6B    7    8   9   10  11  12  13   14  15   16   17  18
                                     12Z  AVG MX 2MIN
DY MAX MIN AVG DEP HDD CDD  WTR  SNW DPTH SPD SPD DIR MIN PSBL S-S WX    SPD DR
================================================================================

 1  79  48  64   7   1   0 0.01  0.0    0  8.3 26 330   M    M   1        42 290
 2  83  47  65   7   0   0 0.00  0.0    0  6.0 21 280   M    M   1        28 250
 3  72  50  61   3   4   0 0.27  0.0    0 13.0 25 140   M    M   6 13     32 140
 4  74  56  65   7   0   0 0.01  0.0    0 12.3 24 100   M    M   7 1      30 110
 5  69  53  61   3   4   0 0.04  0.0    0 12.8 25 180   M    M   6 1      36 170
 6  75  52  64   5   1   0 0.07  0.0    0  9.2 28 290   M    M   4 3      36 280
 7  70  50  60   1   5   0 0.10  0.0    0  9.8 26  20   M    M   4        32 350
 8  79  48  64   4   1   0 0.00  0.0    0  8.8 17 340   M    M   1        24 350
 9  84  54  69   9   0   4 0.00  0.0    0  8.5 16 280   M    M   1        20 290
10  69  56  63   3   2   0    T  0.0    0  9.2 24 180   M    M   7        33 360
11  65  53  59  -1   6   0 0.24  0.0    0  7.3 21 350   M    M  10 1      28 350
12  71  53  62   1   3   0    T  0.0    0  8.5 20 190   M    M   5        24 180
13  81  52  67   6   0   2 0.00  0.0    0  8.6 21 110   M    M   0        26 120
14  78  53  66   4   0   1 0.16  0.0    0  9.0 35  10   M    M   2 1      45  20
15  67  50  59  -3   6   0 0.09  0.0    0 10.5 21 170   M    M   7 1      26 150
16  75  52  64   2   1   0 0.08  0.0    0 13.6 21 200   M    M   0 13     40  40
17  78  50  64   1   1   0 0.02  0.0    0 10.1 28 160   M    M   1 3      35 170
18  75  58  67   4   0   2 0.00  0.0    0 11.3 21 160   M    M   4 1      28 360
19  89  61  75  12   0  10 0.00  0.0    0 12.4 20 280   M    M   3 128    29 170
20  81  59  70   6   0   5 0.00  0.0    0 10.5 22 350   M    M   0        31 360
21  84  52  68   4   0   3 0.00  0.0    0  9.0 22 200   M    M   0        31 200
22  76  52  64   0   1   0 0.00  0.0    0 13.7 25  10   M    M   0        36 360
23  82  52  67   2   0   2 0.00  0.0    0 10.2 17 120   M    M   1        23 130
24  84  58  71   6   0   6 0.18  0.0    0 10.1 29 200   M    M   0 35     41 200
25  78  55  67   2   0   2 0.16  0.0    0  8.7 22  20   M    M   1 1235   29  20
26  77  57  67   1   0   2 0.00  0.0    0  8.6 18  40   M    M   1 1      25  30
27  83  55  69   3   0   4 0.00  0.0    0  8.1 18  50   M    M   0        26  20
28  85  55  70   4   0   5    T  0.0    0  6.1 21 110   M    M   0 3      25 120
29  85  57  71   4   0   6    T  0.0    0  7.5 17 330   M    M   1 3      26 320
30  90  56  73   6   0   8 0.10  0.0    0  9.4 33 310   M    M   1 13     45 300
================================================================================
SM 2338 1604        36  62  1.53     0.0 291.1          M       75
================================================================================
AV 77.9 53.5                               9.7 FASTST   M    M   3    MAX(MPH)
                                 MISC ---->    35  10               # 45  300
================================================================================
NOTES:
# LAST OF SEVERAL OCCURRENCES

COLUMN 17 PEAK WIND IN M.P.H.

PRELIMINARY LOCAL CLIMATOLOGICAL DATA (WS FORM: F-6) , PAGE 2

                                          STATION:  CHEYENNE WYOMING AIRPORT
                                          MONTH:    JUNE
                                          YEAR:     2015
                                          LATITUDE:   41  9 N
                                          LONGITUDE: 104 49 W

[TEMPERATURE DATA]      [PRECIPITATION DATA]       SYMBOLS USED IN COLUMN 16

AVERAGE MONTHLY: 65.7   TOTAL FOR MONTH:   1.53    1 = FOG OR MIST
DPTR FM NORMAL:   3.6   DPTR FM NORMAL:   -0.81    2 = FOG REDUCING VISIBILITY
HIGHEST:    90 ON 30    GRTST 24HR  0.27 ON  3- 3      TO 1/4 MILE OR LESS
LOWEST:     47 ON  2                               3 = THUNDER
                        SNOW, ICE PELLETS, HAIL    4 = ICE PELLETS
                        TOTAL MONTH:   0.0 INCH    5 = HAIL
                        GRTST 24HR     0.0         6 = FREEZING RAIN OR DRIZZLE
                        GRTST DEPTH:   0           7 = DUSTSTORM OR SANDSTORM:
                                                       VSBY 1/2 MILE OR LESS
                                                   8 = SMOKE OR HAZE
[NO. OF DAYS WITH]      [WEATHER - DAYS WITH]      9 = BLOWING SNOW
                                                   X = TORNADO
MAX 32 OR BELOW:   0    0.01 INCH OR MORE:  14
MAX 90 OR ABOVE:   1    0.10 INCH OR MORE:   7
MIN 32 OR BELOW:   0    0.50 INCH OR MORE:   0
MIN  0 OR BELOW:   0    1.00 INCH OR MORE:   0

[HDD (BASE 65) ]
TOTAL THIS MO.    36    CLEAR  (SCALE 0-3)  20
DPTR FM NORMAL   -98    PTCLDY (SCALE 4-7)   9
TOTAL FM JUL 1  6527    CLOUDY (SCALE 8-10)  1
DPTR FM NORMAL  -584

[CDD (BASE 65) ]
TOTAL THIS MO.    62
DPTR FM NORMAL    15    [PRESSURE DATA]
TOTAL FM JAN 1    62    HIGHEST SLP 30.14 ON 26
DPTR FM NORMAL    12    LOWEST  SLP 29.64 ON 10

[REMARKS]
...JUNE 2015 TIED FOR THE 10TH WARMEST JUNE ON RECORD...

TIED RECORD WARMEST LOW TEMPERATURE OF 61 DEGREES ON THE 19TH, PREVIOUSLY SET IN
 1988.
#FINAL-06-15#
