000
CXUS53 KUNR 210945
CF6D07
PRELIMINARY LOCAL CLIMATOLOGICAL DATA (WS FORM: F-6)

                                          STATION:   FAITH SD
                                          MONTH:     AUGUST
                                          YEAR:      2017
                                          LATITUDE:   45  1 N
                                          LONGITUDE: 102  1 W

  TEMPERATURE IN F:       :PCPN:    SNOW:  WIND      :SUNSHINE: SKY     :PK WND
================================================================================
1   2   3   4   5  6A  6B    7    8   9   10  11  12  13   14  15   16   17  18
                                     12Z  AVG MX 2MIN
DY MAX MIN AVG DEP HDD CDD  WTR  SNW DPTH SPD SPD DIR MIN PSBL S-S WX    SPD DR
================================================================================

 1  87  62  75   1   0  10 0.00    M    M 12.2 23  70   M    M   M        28  80
 2  82  54  68  -6   0   3 0.00    M    M 14.2 39 330   M    M   M        48 330
 3  72  50  61 -13   4   0 0.02    M    M 12.5 23  10   M    M   M        27  10
 4  81  47  64 -10   1   0 0.00    M    M 14.3 23  90   M    M   M        37 100
 5  71  53  62 -11   3   0 0.09    M    M  8.8 17  20   M    M   M        23  30
 6  74  53  64  -9   1   0 0.00    M    M  8.1 23  40   M    M   M        29  30
 7  79  48  64  -9   1   0 0.00    M    M  8.0 17 120   M    M   M        22 130
 8  88  55  72  -1   0   7 0.02    M    M 15.2 31  30   M    M   M        40  30
 9  82  51  67  -6   0   2 0.00    M    M 13.6 29 320   M    M   M        35 310
10  76  49  63 -10   2   0 0.00    M    M  8.2 15  20   M    M   M        19  20
11  84  54  69  -4   0   4 0.00    M    M 12.1 24 190   M    M   M        30 190
12  80  54  67  -6   0   2 0.02    M    M  9.7 33 360   M    M   M        42 330
13  77  54  66  -7   0   1 0.00    M    M 10.8 18  40   M    M   M        21  10
14  78  52  65  -8   0   0 0.28    M    M 11.4 31 120   M    M   M        38 120
15  77  61  69  -3   0   4 0.06    M    M 10.4 20 290   M    M   M        24 290
16  80  58  69  -3   0   4 0.00    M    M 10.5 20  30   M    M   M        28  10
17  92  54  73   1   0   8 0.00    M    M 14.0 28 320   M    M   M        34 330
18  86  55  71  -1   0   6 0.00    M    M 10.2 17 140   M    M   M        28 150
19  98  56  77   5   0  12 0.00    M    M 13.0 35  30   M    M   M        43  30
20  79  58  69  -3   0   4 0.05    M    M 13.7 29  50   M    M   M        36  20
================================================================================
SM 1623 1078        12  67  0.54    M    230.9          M        M
================================================================================
AV 81.2 53.9                              11.5 FASTST   M    M   2    MAX(MPH)
                                 MISC ---->  # 39 330               # 48  330
================================================================================
NOTES:
# LAST OF SEVERAL OCCURRENCES

COLUMN 17 PEAK WIND IN M.P.H.

PRELIMINARY LOCAL CLIMATOLOGICAL DATA (WS FORM: F-6) , PAGE 2

                                          STATION:  FAITH SD
                                          MONTH:    AUGUST
                                          YEAR:     2017
                                          LATITUDE:   45  1 N
                                          LONGITUDE: 102  1 W

[TEMPERATURE DATA]      [PRECIPITATION DATA]       SYMBOLS USED IN COLUMN 16

AVERAGE MONTHLY: 67.5   TOTAL FOR MONTH:   0.54    1 = FOG OR MIST
DPTR FM NORMAL:  -5.4   DPTR FM NORMAL:   -0.57    2 = FOG REDUCING VISIBILITY
HIGHEST:    98 ON 19    GRTST 24HR  0.28 ON 14-14      TO 1/4 MILE OR LESS
LOWEST:     47 ON  4                               3 = THUNDER
                        SNOW, ICE PELLETS, HAIL    4 = ICE PELLETS
                        TOTAL MONTH:    M          5 = HAIL
                        GRTST 24HR    M  ON   M    6 = FREEZING RAIN OR DRIZZLE
                        GRTST DEPTH:  M  ON   M    7 = DUSTSTORM OR SANDSTORM:
                                                       VSBY 1/2 MILE OR LESS
                                                   8 = SMOKE OR HAZE
[NO. OF DAYS WITH]      [WEATHER - DAYS WITH]      9 = BLOWING SNOW
                                                   X = TORNADO
MAX 32 OR BELOW:   0    0.01 INCH OR MORE:   7
MAX 90 OR ABOVE:   2    0.10 INCH OR MORE:   1
MIN 32 OR BELOW:   0    0.50 INCH OR MORE:   0
MIN  0 OR BELOW:   0    1.00 INCH OR MORE:   0

[HDD (BASE 65) ]
TOTAL THIS MO.    12    CLEAR  (SCALE 0-3)   0
DPTR FM NORMAL     8    PTCLDY (SCALE 4-7)   0
TOTAL FM JUL 1    12    CLOUDY (SCALE 8-10)  0
DPTR FM NORMAL    -4

[CDD (BASE 65) ]
TOTAL THIS MO.    67
DPTR FM NORMAL   -99    [PRESSURE DATA]
TOTAL FM JAN 1   603    HIGHEST SLP M ON M
DPTR FM NORMAL    92    LOWEST  SLP 29.44 ON 14

[REMARKS]
