000
CXUS53 KUNR 290945
CF6D07
PRELIMINARY LOCAL CLIMATOLOGICAL DATA (WS FORM: F-6)

                                          STATION:   FAITH SD
                                          MONTH:     APRIL
                                          YEAR:      2016
                                          LATITUDE:   45  1 N
                                          LONGITUDE: 102  1 W

  TEMPERATURE IN F:       :PCPN:    SNOW:  WIND      :SUNSHINE: SKY     :PK WND
================================================================================
1   2   3   4   5  6A  6B    7    8   9   10  11  12  13   14  15   16   17  18
                                     12Z  AVG MX 2MIN
DY MAX MIN AVG DEP HDD CDD  WTR  SNW DPTH SPD SPD DIR MIN PSBL S-S WX    SPD DR
================================================================================

 1  51  24  38  -1  27   0 0.00    M    M 17.5 29 310   M    M   M        35 290
 2  70  31  51  12  14   0 0.00    M    M 12.8 24 270   M    M   M        31 260
 3  71  36  54  14  11   0 0.00    M    M 20.3 36 310   M    M   M        44 320
 4  63  30  47   7  18   0 0.00    M    M 18.1 33 140   M    M   M        42 140
 5  62  32  47   7  18   0 0.00    M    M 28.8 48 280   M    M   M        63 280
 6  59  34  47   6  18   0 0.00    M    M 24.6 39 320   M    M   M        49 320
 7  57  31  44   3  21   0 0.00    M    M 20.9 40 320   M    M   M        48 340
 8  51  30  41  -1  24   0 0.00    M    M 10.3 25 150   M    M   M        30 150
 9  79  29  54  12  11   0 0.00    M    M 22.8 35 160   M    M   M        42 330
10  55  22  39  -3  26   0 0.00    M    M 16.4 33 320   M    M   M        41 320
11  48  17  33 -10  32   0 0.00    M    M  7.6 21 140   M    M   M        27 140
12  76  28  52   9  13   0 0.00    M    M 11.4 25 320   M    M   M        30 320
13  74  32  53   9  12   0 0.00    M    M 12.4 29 140   M    M   M        40 130
14  76  48  62  18   3   0 0.05    M    M 14.4 39 150   M    M   M        50 130
15  65  44  55  10  10   0 0.28    M    M 14.0 30 230   M    M   M        39 240
16  44  32  38  -7  27   0 0.85    M    M 20.1 26 340   M    M   M        32 340
17  38  32  35 -11  30   0 0.28    M    M 16.8 28 360   M    M   M        35 360
18  38  32  35 -11  30   0 1.22    M    M 12.7 20 340   M    M   M        24 340
19  55  29  42  -4  23   0 0.00    M    M  8.5 17 250   M    M   M        20 250
20  64  36  50   3  15   0 0.00    M    M  5.8 14 350   M    M   M        17 350
21  65  40  53   6  12   0 0.00    M    M 11.3 18 360   M    M   M        23 350
22  77  36  57   9   8   0 0.00    M    M 22.4 33 150   M    M   M        42 150
23  78  50  64  16   1   0 0.00    M    M 13.8 26 160   M    M   M        30 150
24  68  42  55   7  10   0 0.01    M    M 16.4 28 320   M    M   M        35 330
25  47  31  39 -10  26   0 0.00    M    M 16.5 24 330   M    M   M        28 300
26  43  31  37 -12  28   0 0.22    M    M 12.3 20  30   M    M   M        24  30
27  38  32  35 -14  30   0 1.08    M    M 14.9 29  30   M    M   M        33  20
28  38  32  35 -15  30   0 0.03    M    M  8.6 14  30   M    M   M        16  40
================================================================================
SM 1650  923       528   0  4.02    M    432.4          M        M
================================================================================
AV 58.9 33.0                              15.4 FASTST   M    M   4    MAX(MPH)
                                 MISC ---->  # 48 280               # 63  280
================================================================================
NOTES:
# LAST OF SEVERAL OCCURRENCES

COLUMN 17 PEAK WIND IN M.P.H.

PRELIMINARY LOCAL CLIMATOLOGICAL DATA (WS FORM: F-6) , PAGE 2

                                          STATION:  FAITH SD
                                          MONTH:    APRIL
                                          YEAR:     2016
                                          LATITUDE:   45  1 N
                                          LONGITUDE: 102  1 W

[TEMPERATURE DATA]      [PRECIPITATION DATA]       SYMBOLS USED IN COLUMN 16

AVERAGE MONTHLY: 45.9   TOTAL FOR MONTH:   4.02    1 = FOG OR MIST
DPTR FM NORMAL:   1.6   DPTR FM NORMAL:    2.57    2 = FOG REDUCING VISIBILITY
HIGHEST:    79 ON  9    GRTST 24HR  1.22 ON 18-18      TO 1/4 MILE OR LESS
LOWEST:     17 ON 11                               3 = THUNDER
                        SNOW, ICE PELLETS, HAIL    4 = ICE PELLETS
                        TOTAL MONTH:    M          5 = HAIL
                        GRTST 24HR    M  ON   M    6 = FREEZING RAIN OR DRIZZLE
                        GRTST DEPTH:  M  ON   M    7 = DUSTSTORM OR SANDSTORM:
                                                       VSBY 1/2 MILE OR LESS
                                                   8 = SMOKE OR HAZE
[NO. OF DAYS WITH]      [WEATHER - DAYS WITH]      9 = BLOWING SNOW
                                                   X = TORNADO
MAX 32 OR BELOW:   0    0.01 INCH OR MORE:   9
MAX 90 OR ABOVE:   0    0.10 INCH OR MORE:   6
MIN 32 OR BELOW:  19    0.50 INCH OR MORE:   3
MIN  0 OR BELOW:   0    1.00 INCH OR MORE:   2

[HDD (BASE 65) ]
TOTAL THIS MO.   528    CLEAR  (SCALE 0-3)   0
DPTR FM NORMAL   -52    PTCLDY (SCALE 4-7)   0
TOTAL FM JUL 1  6244    CLOUDY (SCALE 8-10)  0
DPTR FM NORMAL -1027

[CDD (BASE 65) ]
TOTAL THIS MO.     0
DPTR FM NORMAL     0    [PRESSURE DATA]
TOTAL FM JAN 1     0    HIGHEST SLP M ON M
DPTR FM NORMAL     0    LOWEST  SLP 29.12 ON 24

[REMARKS]
