000
CXUS53 KUNR 010945
CF6D07
PRELIMINARY LOCAL CLIMATOLOGICAL DATA (WS FORM: F-6)

                                          STATION:   FAITH SD
                                          MONTH:     OCTOBER
                                          YEAR:      2014
                                          LATITUDE:   45  1 N
                                          LONGITUDE: 102  1 W

  TEMPERATURE IN F:       :PCPN:    SNOW:  WIND      :SUNSHINE: SKY     :PK WND
================================================================================
1   2   3   4   5  6A  6B    7    8   9   10  11  12  13   14  15   16   17  18
                                     12Z  AVG MX 2MIN
DY MAX MIN AVG DEP HDD CDD  WTR  SNW DPTH SPD SPD DIR MIN PSBL S-S WX    SPD DR
================================================================================

 1  60  46  53   0  12   0 0.00    M    M 14.0 25 300   M    M   M        32 300
 2  65  38  52   0  13   0 0.00    M    M 20.2 38 320   M    M   M        50 320
 3  48  28  38 -14  27   0 0.00    M    M 22.2 40 320   M    M   M        49 320
 4  63  28  46  -5  19   0 0.00    M    M  7.7 23 310   M    M   M        30 310
 5  66  44  55   4  10   0 0.00    M    M 19.5 45 320   M    M   M        55 320
 6  68  43  56   6   9   0 0.00    M    M 15.6 26 310   M    M   M        35 300
 7  60  40  50   0  15   0 0.00    M    M 15.6 31 310   M    M   M        36 290
 8  57  37  47  -3  18   0 0.01    M    M  8.8 21  80   M    M   M        25  80
 9  57  32  45  -4  20   0 0.00    M    M  7.6 15 100   M    M   M        17  90
10  57  32  45  -4  20   0 0.00    M    M 13.4 21 140   M    M   M        30 140
11  76  38  57   8   8   0 0.00    M    M 16.1 25 200   M    M   M        32 160
12  61  42  52   4  13   0 0.52    M    M 14.3 31 270   M    M   M        39 270
13  64  37  51   3  14   0 0.00    M    M 12.2 24 330   M    M   M        30 310
14  68  36  52   4  13   0 0.00    M    M 11.7 20 160   M    M   M        24 160
15  82  41  62  15   3   0 0.00    M    M 15.8 23 180   M    M   M        26 160
16  68  47  58  11   7   0 0.00    M    M 26.5 40 290   M    M   M        51 300
17  54  33  44  -2  21   0 0.00    M    M 11.5 22 340   M    M   M        26 330
18  68  33  51   5  14   0 0.00    M    M 13.7 28 160   M    M   M        33 170
19  73  46  60  14   5   0 0.00    M    M 10.2 23 320   M    M   M        28 320
20  75  40  58  13   7   0 0.00    M    M 15.5 25 160   M    M   M        31 150
21  82  45  64  19   1   0 0.00    M    M 17.0 26 180   M    M   M        32 180
22  65  42  54   9  11   0 0.00    M    M 12.5 23 290   M    M   M        31 310
23  69  38  54  10  11   0 0.00    M    M  8.6 15 180   M    M   M        16 180
24  73  45  59  15   6   0 0.00    M    M 10.3 21 340   M    M   M        25 330
25  66  42  54  11  11   0 0.00    M    M 12.5 25 150   M    M   M        34 150
26  75  44  60  17   5   0 0.00    M    M 15.7 28 150   M    M   M        34 150
27  55  37  46   4  19   0 0.01    M    M 20.2 39 280   M    M   M        49 280
28  45  22  34  -8  31   0 0.00    M    M 15.4 31 310   M    M   M        36 310
29  56  22  39  -3  26   0 0.00    M    M 12.4 18 180   M    M   M        21 170
30  44  31  38  -3  27   0 0.00    M    M 13.1 22 350   M    M   M        26 350
31  45  23  34  -7  31   0 0.00    M    M 24.0 35 150   M    M   M        42 160
================================================================================
SM 1965 1152       447   0  0.54    M    453.8          M        M
================================================================================
AV 63.4 37.2                              14.6 FASTST   M    M   2    MAX(MPH)
                                 MISC ---->  # 45 320               # 55  320
================================================================================
NOTES:
# LAST OF SEVERAL OCCURRENCES

COLUMN 17 PEAK WIND IN M.P.H.

PRELIMINARY LOCAL CLIMATOLOGICAL DATA (WS FORM: F-6) , PAGE 2

                                          STATION:  FAITH SD
                                          MONTH:    OCTOBER
                                          YEAR:     2014
                                          LATITUDE:   45  1 N
                                          LONGITUDE: 102  1 W

[TEMPERATURE DATA]      [PRECIPITATION DATA]       SYMBOLS USED IN COLUMN 16

AVERAGE MONTHLY: 50.3   TOTAL FOR MONTH:   0.54    1 = FOG OR MIST
DPTR FM NORMAL:   3.5   DPTR FM NORMAL:   -1.01    2 = FOG REDUCING VISIBILITY
HIGHEST:    82 ON 21,15 GRTST 24HR  0.52 ON 12-12      TO 1/4 MILE OR LESS
LOWEST:     22 ON 29,28                            3 = THUNDER
                        SNOW, ICE PELLETS, HAIL    4 = ICE PELLETS
                        TOTAL MONTH:    M          5 = HAIL
                        GRTST 24HR    M  ON   M    6 = FREEZING RAIN OR DRIZZLE
                        GRTST DEPTH:  M  ON   M    7 = DUSTSTORM OR SANDSTORM:
                                                       VSBY 1/2 MILE OR LESS
                                                   8 = SMOKE OR HAZE
[NO. OF DAYS WITH]      [WEATHER - DAYS WITH]      9 = BLOWING SNOW
                                                   X = TORNADO
MAX 32 OR BELOW:   0    0.01 INCH OR MORE:   3
MAX 90 OR ABOVE:   0    0.10 INCH OR MORE:   1
MIN 32 OR BELOW:   8    0.50 INCH OR MORE:   1
MIN  0 OR BELOW:   0    1.00 INCH OR MORE:   0

[HDD (BASE 65) ]
TOTAL THIS MO.   447    CLEAR  (SCALE 0-3)   0
DPTR FM NORMAL  -120    PTCLDY (SCALE 4-7)   0
TOTAL FM JUL 1   695    CLOUDY (SCALE 8-10)  0
DPTR FM NORMAL  -104

[CDD (BASE 65) ]
TOTAL THIS MO.     0
DPTR FM NORMAL    -1    [PRESSURE DATA]
TOTAL FM JAN 1   445    HIGHEST SLP 30.61 ON 31
DPTR FM NORMAL  -190    LOWEST  SLP 29.49 ON 12

[REMARKS]
#FINAL-10-14#
