000
CXUS51 KRNK 270654
CF6DAN
PRELIMINARY LOCAL CLIMATOLOGICAL DATA (WS FORM: F-6)

                                          STATION:   DANVILLE VA
                                          MONTH:     MARCH
                                          YEAR:      2017
                                          LATITUDE:   36 34 N
                                          LONGITUDE:  79 20 W

  TEMPERATURE IN F:       :PCPN:    SNOW:  WIND      :SUNSHINE: SKY     :PK WND
================================================================================
1   2   3   4   5  6A  6B    7    8   9   10  11  12  13   14  15   16   17  18
                                     12Z  AVG MX 2MIN
DY MAX MIN AVG DEP HDD CDD  WTR  SNW DPTH SPD SPD DIR MIN PSBL S-S WX    SPD DR
================================================================================

 1  78  54  66  22   0   1 0.51  0.0    0  9.5 30 230   M    M   4 13     43 220
 2  60  40  50   6  15   0 0.00  0.0    0 10.6 21 280   M    M   1        30 290
 3  50  27  39  -6  26   0    T    T    0  9.1 25 320   M    M   2        35 270
 4  52  20  36  -9  29   0 0.00  0.0    0  3.2 12 310   M    M   3        20 270
 5  51  27  39  -6  26   0 0.00  0.0    0  5.0 13  40   M    M   0        17  80
 6  66  27  47   1  18   0 0.00  0.0    0  6.1 17 240   M    M   2        24 230
 7  71  50  61  15   4   0    T  0.0    0  9.0 21 220   M    M   7        33 230
 8  69  43  56  10   9   0 0.03  0.0    0  9.3 26 280   M    M   4        36 300
 9  73  34  54   8  11   0 0.00  0.0    0  7.2 23 240   M    M   0        29 220
10  67  40  54   7  11   0    T  0.0    0 11.2 30 330   M    M   3        40 290
11  51  31  41  -6  24   0 0.00  0.0    0  6.5 16 260   M    M   0        23 310
12  49  27  38  -9  27   0 0.00  0.0    0  4.2 12  30   M    M   3        14 280
13  45  23  34 -14  31   0 0.28    T    0  7.4 16  40   M    M   5 1      20  40
14  49  27  38 -10  27   0 0.24  0.0    0 13.5 26 280   M    M   7 1      37 280
15  38  20  29 -19  36   0 0.00  0.0    0 13.3 24 290   M    M   1        35 300
16  48  19  34 -15  31   0 0.00  0.0    0  8.4 18 270   M    M   0        28 290
17  55  19  37 -12  28   0 0.27  0.0    0  3.4 14 230   M    M   5 1      23 240
18  70  40  55   6  10   0 0.06  0.0    0  7.5 25 350   M    M   5 13     31 230
19  59  38  49  -1  16   0 0.00  0.0    0  9.0 20 350   M    M   3        25 350
20  64  28  46  -4  19   0    T  0.0    0  1.6 12 270   M    M   2        18 230
21  75  42  59   9   6   0    T  0.0    0  5.6 20 330   M    M   2 3      26 360
22  60  34  47  -3  18   0    T  0.0    0 11.5 22 330   M    M   2        30 320
23  55  26  41 -10  24   0 0.00  0.0    0  3.2 10  50   M    M   0        13 160
24  69  31  50  -1  15   0 0.00  0.0    0  7.2 24 240   M    M   2        32 240
25  75  51  63  11   2   0 0.00  0.0    0  6.9 21 230   M    M   0        31 230
26  77  49  63  11   2   0 0.02  0.0    0  4.5 15 280   M    M   6        24 140
================================================================================
SM 1576  867       465   1  1.41    T    193.9          M       69
================================================================================
AV 60.6 33.4                               7.5 FASTST   M    M   3    MAX(MPH)
                                 MISC ---->  # 30 230               # 43  220
================================================================================
NOTES:
# LAST OF SEVERAL OCCURRENCES

COLUMN 17 PEAK WIND IN M.P.H.

PRELIMINARY LOCAL CLIMATOLOGICAL DATA (WS FORM: F-6) , PAGE 2

                                          STATION:  DANVILLE VA
                                          MONTH:    MARCH
                                          YEAR:     2017
                                          LATITUDE:   36 34 N
                                          LONGITUDE:  79 20 W

[TEMPERATURE DATA]      [PRECIPITATION DATA]       SYMBOLS USED IN COLUMN 16

AVERAGE MONTHLY: 47.0   TOTAL FOR MONTH:   1.41    1 = FOG OR MIST
DPTR FM NORMAL:  -0.9   DPTR FM NORMAL:   -1.88    2 = FOG REDUCING VISIBILITY
HIGHEST:    78 ON  1    GRTST 24HR  0.51 ON  1- 1      TO 1/4 MILE OR LESS
LOWEST:     19 ON 17,16                            3 = THUNDER
                        SNOW, ICE PELLETS, HAIL    4 = ICE PELLETS
                        TOTAL MONTH:    T          5 = HAIL
                        GRTST 24HR    T  ON 13-13  6 = FREEZING RAIN OR DRIZZLE
                        GRTST DEPTH:   0           7 = DUSTSTORM OR SANDSTORM:
                                                       VSBY 1/2 MILE OR LESS
                                                   8 = SMOKE OR HAZE
[NO. OF DAYS WITH]      [WEATHER - DAYS WITH]      9 = BLOWING SNOW
                                                   X = TORNADO
MAX 32 OR BELOW:   0    0.01 INCH OR MORE:   7
MAX 90 OR ABOVE:   0    0.10 INCH OR MORE:   4
MIN 32 OR BELOW:  14    0.50 INCH OR MORE:   1
MIN  0 OR BELOW:   0    1.00 INCH OR MORE:   0

[HDD (BASE 65) ]
TOTAL THIS MO.   465    CLEAR  (SCALE 0-3)  18
DPTR FM NORMAL    17    PTCLDY (SCALE 4-7)   8
TOTAL FM JUL 1  2921    CLOUDY (SCALE 8-10)  0
DPTR FM NORMAL  -528

[CDD (BASE 65) ]
TOTAL THIS MO.     1
DPTR FM NORMAL     1    [PRESSURE DATA]
TOTAL FM JAN 1     6    HIGHEST SLP M ON M
DPTR FM NORMAL     6    LOWEST  SLP 29.67 ON  1

[REMARKS]
