000
CXUS51 KILN 201751
CF6DAY

PRELIMINARY LOCAL CLIMATOLOGICAL DATA (WS FORM: F-6)

                                          STATION:   DAYTON OH
                                          MONTH:     DECEMBER
                                          YEAR:      2014
                                          LATITUDE:   39 54 N
                                          LONGITUDE:  84 12 W

  TEMPERATURE IN F:       :PCPN:    SNOW:  WIND      :SUNSHINE: SKY     :PK WND
================================================================================
1   2   3   4   5  6A  6B    7    8   9   10  11  12  13   14  15   16   17  18
                                     12Z  AVG MX 2MIN
DY MAX MIN AVG DEP HDD CDD  WTR  SNW DPTH SPD SPD DIR MIN PSBL S-S WX    SPD DR
================================================================================

 1  54  25  40   4  25   0 0.03    T    0 12.8 22 350   M    M   9 146    28 340
 2  36  25  31  -5  34   0    T  0.0    0  8.1 14 220   M    M   9 18     18  80
 3  43  25  34  -1  31   0 0.01  0.1    0 12.0 23 250   M    M   6 1      27 250
 4  37  25  31  -4  34   0    T    T    0  4.9 12 100   M    M   9 18     17 170
 5  43  36  40   6  25   0 0.89  0.0    0  6.4 14 110   M    M  10 1      17 110
 6  43  30  37   3  28   0 0.71  0.0    0 16.7 28  10   M    M   9 18     34  20
 7  40  24  32  -2  33   0 0.00  0.0    0  9.7 20 120   M    M   7        25 120
 8  47  34  41   8  24   0 0.03  0.0    0 10.0 20 120   M    M  10 1      23 120
 9  41  36  39   6  26   0 0.02  0.0    0 10.0 18 340   M    M  10 1      25 330
10  36  30  33   0  32   0    T    T    0 11.9 18  10   M    M  10        23  10
11  39  23  31  -1  34   0 0.00  0.0    0 10.4 17 290   M    M   2 1      23 280
12  44  20  32   0  33   0 0.00  0.0    0  9.5 22 300   M    M   3 18     26 290
13  47  32  40   8  25   0 0.00  0.0    0  9.5 16 290   M    M  10 18     20 290
14  47  36  42  11  23   0 0.00  0.0    0  7.7 14 190   M    M   9 18     17 190
15  52  35  44  13  21   0 0.14  0.0    0  9.5 18 150   M    M   8 18     22 170
16  49  35  42  11  23   0 0.17    T    0 16.0 28 260   M    M  10 1      34 260
17  35  26  31   1  34   0    T    T    0 14.0 23 270   M    M  10 1      29 260
18  29  27  28  -2  37   0 0.00  0.0    0  5.5 10 280   M    M  10        13 270
19  31  26  29  -1  36   0 0.00  0.0    0  3.8 12 330   M    M  10 8      14 310
================================================================================
SM  793  550       558   0  2.00     0.1 188.4          M      161
================================================================================
AV 41.7 28.9                               9.9 FASTST   M    M   8    MAX(MPH)
                                 MISC ---->  # 28  10               # 34   20
================================================================================
NOTES:
# LAST OF SEVERAL OCCURRENCES

COLUMN 17 PEAK WIND IN M.P.H.

PRELIMINARY LOCAL CLIMATOLOGICAL DATA (WS FORM: F-6) , PAGE 2

                                          STATION:  DAYTON OH
                                          MONTH:    DECEMBER
                                          YEAR:     2014
                                          LATITUDE:   39 54 N
                                          LONGITUDE:  84 12 W

[TEMPERATURE DATA]      [PRECIPITATION DATA]       SYMBOLS USED IN COLUMN 16

AVERAGE MONTHLY: 35.3   TOTAL FOR MONTH:   2.00    1 = FOG OR MIST
DPTR FM NORMAL:   2.6   DPTR FM NORMAL:    0.11    2 = FOG REDUCING VISIBILITY
HIGHEST:    54 ON  1    GRTST 24HR  1.60 ON  5- 6      TO 1/4 MILE OR LESS
LOWEST:     20 ON 12                               3 = THUNDER
                        SNOW, ICE PELLETS, HAIL    4 = ICE PELLETS
                        TOTAL MONTH:   0.1 INCH    5 = HAIL
                        GRTST 24HR   0.1 ON   3    6 = FREEZING RAIN OR DRIZZLE
                        GRTST DEPTH:   0           7 = DUSTSTORM OR SANDSTORM:
                                                       VSBY 1/2 MILE OR LESS
                                                   8 = SMOKE OR HAZE
[NO. OF DAYS WITH]      [WEATHER - DAYS WITH]      9 = BLOWING SNOW
                                                   X = TORNADO
MAX 32 OR BELOW:   2    0.01 INCH OR MORE:   8
MAX 90 OR ABOVE:   0    0.10 INCH OR MORE:   4
MIN 32 OR BELOW:  13    0.50 INCH OR MORE:   2
MIN  0 OR BELOW:   0    1.00 INCH OR MORE:   0

[HDD (BASE 65) ]
TOTAL THIS MO.   558    CLEAR  (SCALE 0-3)   2
DPTR FM NORMAL   -55    PTCLDY (SCALE 4-7)   3
TOTAL FM JUL 1  1774    CLOUDY (SCALE 8-10) 14
DPTR FM NORMAL    50

[CDD (BASE 65) ]
TOTAL THIS MO.     0
DPTR FM NORMAL     0    [PRESSURE DATA]
TOTAL FM JAN 1   977    HIGHEST SLP 30.66 ON  7
DPTR FM NORMAL    86    LOWEST  SLP 29.69 ON 16

[REMARKS]
