000
CXUS55 KDVN 241100
CF6DBQ
PRELIMINARY LOCAL CLIMATOLOGICAL DATA (WS FORM: F-6)

                                          STATION:   DUBUQUE IA
                                          MONTH:     APRIL
                                          YEAR:      2014
                                          LATITUDE:   42 24 N
                                          LONGITUDE:  90 42 W

  TEMPERATURE IN F:       :PCPN:    SNOW:  WIND      :SUNSHINE: SKY     :PK WND
================================================================================
1   2   3   4   5  6A  6B    7    8   9   10  11  12  13   14  15   16   17  18
                                     12Z  AVG MX 2MIN
DY MAX MIN AVG DEP HDD CDD  WTR  SNW DPTH SPD SPD DIR MIN PSBL S-S WX    SPD DR
================================================================================

 1  44  23  34  -8  31   0 0.00  0.0    0 19.2 33 260   M    M   7        42 260
 2  51  25  38  -5  27   0 0.03  0.0    0 11.3 21  80   M    M   4        28  80
 3  46  34  40  -3  25   0 0.03  0.0    0 15.2 24  70   M    M   9 1      32  80
 4  37  31  34 -10  31   0 0.03  0.0    0 16.3 31 300   M    M  10 1      41 300
 5  51  23  37  -7  28   0 0.00  0.0    0  6.5 15 230   M    M   0 1      20 240
 6  59  31  45   1  20   0 0.00  0.0    0 10.9 21 200   M    M   6        25 190
 7  59  41  50   5  15   0 0.07  0.0    0  7.4 16 330   M    M   7 1      20 340
 8  59  38  49   4  16   0 0.00  0.0    0 11.7 20 330   M    M   2        26 340
 9  65  27  46   0  19   0 0.00  0.0    0 12.4 29 200   M    M   0        35 200
10  65  40  53   7  12   0 0.00  0.0    0 13.2 24 320   M    M   0        30 320
11  71  31  51   5  14   0 0.00  0.0    0 11.1 29 280   M    M   2        38 250
12  78  47  63  16   2   0 0.64  0.0    0 16.4 41 310   M    M   4 13     54 300
13  56  42  49   2  16   0 2.77  0.0    0 13.8 30  20   M    M   7 123    41  10
14  42  24  33 -15  32   0 0.14  0.7    1 17.5 35 350   M    M   9        43 340
15  37  21  29 -19  36   0 0.00  0.0    0  7.6 16 260   M    M   3        27 240
16  55  29  42  -6  23   0 0.00  0.0    0 22.2 36 170   M    M   3        45 170
17  52  33  43  -6  22   0 0.00  0.0    0 13.3 25 160   M    M   4        31 270
18  58  28  43  -6  22   0 0.00  0.0    0  7.0 18 120   M    M   0 1      23 120
19  70  35  53   3  12   0 0.00  0.0    0 14.3 25 160   M    M   1        30 170
20  78  50  64  14   1   0 0.00  0.0    0 11.4 20 240   M    M   4        27 230
21  70  51  61  11   4   0 0.01  0.0    0  9.1 23 350   M    M   5 3      29 330
22  59  40  50  -1  15   0 0.00  0.0    0 13.1 23 350   M    M   0        29 350
23  50  33  42  -9  23   0 0.06  0.0    0  9.3 18 110   M    M   6        24 120
================================================================================
SM 1312  777       446   0  3.78     0.7 290.2          M       93
================================================================================
AV 57.0 33.8                              12.6 FASTST   M    M   4    MAX(MPH)
                                 MISC ---->  # 41 310               # 54  300
================================================================================
NOTES:
# LAST OF SEVERAL OCCURRENCES

COLUMN 17 PEAK WIND IN M.P.H.

PRELIMINARY LOCAL CLIMATOLOGICAL DATA (WS FORM: F-6) , PAGE 2

                                          STATION:  DUBUQUE IA
                                          MONTH:    APRIL
                                          YEAR:     2014
                                          LATITUDE:   42 24 N
                                          LONGITUDE:  90 42 W

[TEMPERATURE DATA]      [PRECIPITATION DATA]       SYMBOLS USED IN COLUMN 16

AVERAGE MONTHLY: 45.4   TOTAL FOR MONTH:   3.78    1 = FOG OR MIST
DPTR FM NORMAL:  -1.4   DPTR FM NORMAL:    1.06    2 = FOG REDUCING VISIBILITY
HIGHEST:    78 ON 20,12 GRTST 24HR  2.94 ON 12-13      TO 1/4 MILE OR LESS
LOWEST:     21 ON 15                               3 = THUNDER
                        SNOW, ICE PELLETS, HAIL    4 = ICE PELLETS
                        TOTAL MONTH:   0.7 INCH    5 = HAIL
                        GRTST 24HR   0.7 ON   M    6 = FREEZING RAIN OR DRIZZLE
                        GRTST DEPTH:   1 ON 14     7 = DUSTSTORM OR SANDSTORM:
                                                       VSBY 1/2 MILE OR LESS
                                                   8 = SMOKE OR HAZE
[NO. OF DAYS WITH]      [WEATHER - DAYS WITH]      9 = BLOWING SNOW
                                                   X = TORNADO
MAX 32 OR BELOW:   0    0.01 INCH OR MORE:   9
MAX 90 OR ABOVE:   0    0.10 INCH OR MORE:   3
MIN 32 OR BELOW:  11    0.50 INCH OR MORE:   2
MIN  0 OR BELOW:   0    1.00 INCH OR MORE:   1

[HDD (BASE 65) ]
TOTAL THIS MO.   446    CLEAR  (SCALE 0-3)   8
DPTR FM NORMAL    25    PTCLDY (SCALE 4-7)  12
TOTAL FM JUL 1  7981    CLOUDY (SCALE 8-10)  3
DPTR FM NORMAL  1249

[CDD (BASE 65) ]
TOTAL THIS MO.     0
DPTR FM NORMAL     0    [PRESSURE DATA]
TOTAL FM JAN 1     0    HIGHEST SLP M ON M
DPTR FM NORMAL     0    LOWEST  SLP 29.35 ON 13

[REMARKS]
