000
CXUS53 KDDC 291200
CF6DDC
PRELIMINARY LOCAL CLIMATOLOGICAL DATA (WS FORM: F-6)

                                          STATION:   DODGE CITY KS
                                          MONTH:     MAY
                                          YEAR:      2015
                                          LATITUDE:   37 46 N
                                          LONGITUDE:  99 58 W

  TEMPERATURE IN F:       :PCPN:    SNOW:  WIND      :SUNSHINE: SKY     :PK WND
================================================================================
1   2   3   4   5  6A  6B    7    8   9   10  11  12  13   14  15   16   17  18
                                     12Z  AVG MX 2MIN
DY MAX MIN AVG DEP HDD CDD  WTR  SNW DPTH SPD SPD DIR MIN PSBL S-S WX    SPD DR
================================================================================

 1  80  50  65   6   0   0 0.00  0.0    0 13.2 22 160   M    M   0        28 160
 2  87  58  73  13   0   8    T  0.0    0 17.7 30 180   M    M   1        41 170
 3  89  55  72  12   0   7 0.01  0.0    0 10.9 41 250   M    M   1 38     51 250
 4  84  59  72  12   0   7 0.51  0.0    0 10.7 33 170   M    M   5 13     42 150
 5  63  58  61   0   4   0 0.40  0.0    0 16.3 30 150   M    M  10 18     37 150
 6  81  54  68   7   0   3 0.00  0.0    0 18.3 35 210   M    M   5 1      45 210
 7  77  58  68   7   0   3 0.05  0.0    0 10.4 23 190   M    M   5 13     29 190
 8  67  51  59  -3   6   0 0.00  0.0    0 13.8 22  30   M    M   8 1      27  40
 9  74  54  64   2   1   0 0.44  0.0    0 14.9 40 140   M    M   6 13     50 150
10  61  41  51 -11  14   0 0.00  0.0    0 15.8 30 300   M    M   0 1      36 310
11  65  38  52 -11  13   0 0.00  0.0    0 13.0 25 310   M    M   2        36 310
12  72  38  55  -8  10   0 0.00  0.0    0 15.6 26 170   M    M   0        34 170
13  61  49  55  -8  10   0 0.85  0.0    0 15.1 22 120   M    M   7 18     27 150
14  78  55  67   3   0   2 0.08  0.0    0 10.2 16 180   M    M   4 1      22 160
15  83  58  71   7   0   6 0.00  0.0    0 16.1 25 190   M    M   1 3      32 160
16  68  51  60  -4   5   0 1.28  0.0    0 15.7 35 260   M    M   5 13     47 280
17  79  50  65   0   0   0 0.00  0.0    0  8.5 16 250   M    M   0        21 230
18  69  51  60  -5   5   0 0.00  0.0    0 16.4 31  30   M    M   1        36  20
19  53  43  48 -17  17   0 1.29  0.0    0 19.1 31  80   M    M  10 13     38  80
20  55  42  49 -17  16   0 0.00  0.0    0 14.3 25  10   M    M  10 1      30  10
21  62  42  52 -14  13   0 0.00  0.0    0  6.2 12 130   M    M   7 1      19 110
22  59  49  54 -12  11   0 1.10  0.0    0 16.5 25 100   M    M  10 18     30 110
23  61  53  57  -9   8   0 0.67  0.0    0 13.5 29 100   M    M   8 123    33 100
24  66  53  60  -7   5   0 0.91  0.0    0 11.0 31 320   M    M  10 1238   37 320
25  76  53  65  -2   0   0 1.36  0.0    0  9.4 23 200   M    M   4 123    36 190
26  79  51  65  -2   0   0    T  0.0    0  5.3 13 220   M    M   1        16 220
27  81  57  69   1   0   4 1.17  0.0    0 11.5 44 260   M    M   3 13     59 250
28  80  58  69   1   0   4 0.21  0.0    0 12.9 28 150   M    M   6 13     35 180
================================================================================
SM 2010 1429       138  44 10.33     0.0 372.3          M      130
================================================================================
AV 71.8 51.0                              13.3 FASTST   M    M   5    MAX(MPH)
                                 MISC ---->  # 44 260               # 59  250
================================================================================
NOTES:
# LAST OF SEVERAL OCCURRENCES

COLUMN 17 PEAK WIND IN M.P.H.

PRELIMINARY LOCAL CLIMATOLOGICAL DATA (WS FORM: F-6) , PAGE 2

                                          STATION:  DODGE CITY KS
                                          MONTH:    MAY
                                          YEAR:     2015
                                          LATITUDE:   37 46 N
                                          LONGITUDE:  99 58 W

[TEMPERATURE DATA]      [PRECIPITATION DATA]       SYMBOLS USED IN COLUMN 16

AVERAGE MONTHLY: 61.4   TOTAL FOR MONTH:  10.33    1 = FOG OR MIST
DPTR FM NORMAL:  -2.3   DPTR FM NORMAL:    7.82    2 = FOG REDUCING VISIBILITY
HIGHEST:    89 ON  3    GRTST 24HR  2.25 ON 24-25      TO 1/4 MILE OR LESS
LOWEST:     38 ON 12,11                            3 = THUNDER
                        SNOW, ICE PELLETS, HAIL    4 = ICE PELLETS
                        TOTAL MONTH:   0.0 INCH    5 = HAIL
                        GRTST 24HR     0.0         6 = FREEZING RAIN OR DRIZZLE
                        GRTST DEPTH:   0           7 = DUSTSTORM OR SANDSTORM:
                                                       VSBY 1/2 MILE OR LESS
                                                   8 = SMOKE OR HAZE
[NO. OF DAYS WITH]      [WEATHER - DAYS WITH]      9 = BLOWING SNOW
                                                   X = TORNADO
MAX 32 OR BELOW:   0    0.01 INCH OR MORE:  15
MAX 90 OR ABOVE:   0    0.10 INCH OR MORE:  12
MIN 32 OR BELOW:   0    0.50 INCH OR MORE:   9
MIN  0 OR BELOW:   0    1.00 INCH OR MORE:   5

[HDD (BASE 65) ]
TOTAL THIS MO.   138    CLEAR  (SCALE 0-3)  10
DPTR FM NORMAL    27    PTCLDY (SCALE 4-7)  12
TOTAL FM JUL 1  4647    CLOUDY (SCALE 8-10)  6
DPTR FM NORMAL  -303

[CDD (BASE 65) ]
TOTAL THIS MO.    44
DPTR FM NORMAL   -30    [PRESSURE DATA]
TOTAL FM JAN 1    59    HIGHEST SLP M ON M
DPTR FM NORMAL   -34    LOWEST  SLP 29.54 ON  6

[REMARKS]
