000
CXUS53 KILX 310900
CF6DEC
PRELIMINARY LOCAL CLIMATOLOGICAL DATA (WS FORM: F-6)

                                          STATION:   DECATUR IL AIRPORT
                                          MONTH:     MAY
                                          YEAR:      2016
                                          LATITUDE:   39 49 N
                                          LONGITUDE:  88 51 W

  TEMPERATURE IN F:       :PCPN:    SNOW:  WIND      :SUNSHINE: SKY     :PK WND
================================================================================
1   2   3   4   5  6A  6B    7    8   9   10  11  12  13   14  15   16   17  18
                                     12Z  AVG MX 2MIN
DY MAX MIN AVG DEP HDD CDD  WTR  SNW DPTH SPD SPD DIR MIN PSBL S-S WX    SPD DR
================================================================================

 1  69  52  61   3   4   0 0.00    M    M  8.2 20 330   M    M   8 128    23 280
 2  57  50  54  -5  11   0 0.00    M    M  8.8 15 330   M    M  10 18     20 330
 3  66  44  55  -4  10   0    T    M    M  7.6 16 220   M    M   5        20 230
 4  61  45  53  -6  12   0 0.14    M    M 11.2 26 340   M    M   7 3      34 320
 5  67  41  54  -6  11   0 0.00    M    M 11.3 18  20   M    M   2        24 340
 6  80  43  62   2   3   0 0.00    M    M  6.7 15 280   M    M   1        22 270
 7  83  54  69   9   0   4    T    M    M  9.9 24 360   M    M   2        32 350
 8  67  50  59  -1   6   0 0.57    M    M  7.7 20 100   M    M   5 138    24 110
 9  72  55  64   3   1   0 0.48    M    M 11.5 23 200   M    M   9 1      30 190
10  75  60  68   7   0   3 0.34    M    M  9.4 20 220   M    M   6 1      25 210
11  79  53  66   5   0   1 0.26    M    M  7.1 26 150   M    M   5 123    34 340
12  71  55  63   1   2   0    T    M    M 10.5 22 300   M    M   5 18     32 310
13  72  48  60  -2   5   0 0.42    M    M 10.8 33 320   M    M   2 1      46 320
14  55  42  49 -13  16   0 0.00    M    M 14.3 25 330   M    M   5        34 320
15  60  42  51 -11  14   0 0.00    M    M  9.3 24 330   M    M   1        31 320
16  63  44  54  -9  11   0    T    M    M  8.9 20 230   M    M   4        23 230
17  57  47  52 -11  13   0 0.02    M    M  6.3 16 100   M    M  10        21 110
18  70  41  56  -7   9   0 0.00    M    M  5.2 13 350   M    M   3        17  30
19  73  44  59  -5   6   0 0.00    M    M  5.3 15 120   M    M   2        18 100
20  69  52  61  -3   4   0 0.00    M    M  9.2 21  90   M    M   7        27 100
21  77  54  66   2   0   1 0.00    M    M  7.4 21  20   M    M   4        28  20
22  85  47  66   2   0   1 0.00    M    M  3.5 13 360   M    M   0        18  90
23  83  50  67   2   0   2 0.00    M    M  6.6 14 170   M    M   0        19 150
24  83  60  72   7   0   7 0.00    M    M 11.1 22 210   M    M   0        28 210
25  83  62  73   8   0   8 0.00    M    M 12.2 29 220   M    M   1        35 220
26  82  65  74   8   0   9 0.44  0.0    0 10.8 30 300   M    M   3 13     39 300
27  79  66  73   7   0   8 0.37  0.0    0 12.3 25 180   M    M   7 13     32 180
28  83  69  76  10   0  11    T  0.0    0 15.0 23 190   M    M   2        31 190
29  85  65  75   8   0  10 0.00  0.0    0  7.6 17 270   M    M   1        22 220
30  85  61  73   6   0   8 0.09    M    0  4.8 23 340   M    M   2 3      29 330
================================================================================
SM 2191 1561       138  73  3.13     0.0 270.5          M      119
================================================================================
AV 73.0 52.0                               9.0 FASTST   M    M   4    MAX(MPH)
                                 MISC ---->  # 33 320               # 46  320
================================================================================
NOTES:
# LAST OF SEVERAL OCCURRENCES

COLUMN 17 PEAK WIND IN M.P.H.

PRELIMINARY LOCAL CLIMATOLOGICAL DATA (WS FORM: F-6) , PAGE 2

                                          STATION:  DECATUR IL AIRPORT
                                          MONTH:    MAY
                                          YEAR:     2016
                                          LATITUDE:   39 49 N
                                          LONGITUDE:  88 51 W

[TEMPERATURE DATA]      [PRECIPITATION DATA]       SYMBOLS USED IN COLUMN 16

AVERAGE MONTHLY: 62.5   TOTAL FOR MONTH:   3.13    1 = FOG OR MIST
DPTR FM NORMAL:  -0.1   DPTR FM NORMAL:   -1.05    2 = FOG REDUCING VISIBILITY
HIGHEST:    85 ON 30,29 GRTST 24HR  0.83 ON 30- 1      TO 1/4 MILE OR LESS
LOWEST:     41 ON 18, 5                            3 = THUNDER
                        SNOW, ICE PELLETS, HAIL    4 = ICE PELLETS
                        TOTAL MONTH:   0.0 INCH    5 = HAIL
                        GRTST 24HR     0.0         6 = FREEZING RAIN OR DRIZZLE
                        GRTST DEPTH:   0           7 = DUSTSTORM OR SANDSTORM:
                                                       VSBY 1/2 MILE OR LESS
                                                   8 = SMOKE OR HAZE
[NO. OF DAYS WITH]      [WEATHER - DAYS WITH]      9 = BLOWING SNOW
                                                   X = TORNADO
MAX 32 OR BELOW:   0    0.01 INCH OR MORE:  10
MAX 90 OR ABOVE:   0    0.10 INCH OR MORE:   8
MIN 32 OR BELOW:   0    0.50 INCH OR MORE:   1
MIN  0 OR BELOW:   0    1.00 INCH OR MORE:   0

[HDD (BASE 65) ]
TOTAL THIS MO.   138    CLEAR  (SCALE 0-3)  15
DPTR FM NORMAL    -1    PTCLDY (SCALE 4-7)  12
TOTAL FM JUL 1  4485    CLOUDY (SCALE 8-10)  3
DPTR FM NORMAL -1017

[CDD (BASE 65) ]
TOTAL THIS MO.    73
DPTR FM NORMAL     4    [PRESSURE DATA]
TOTAL FM JAN 1    80    HIGHEST SLP M ON M
DPTR FM NORMAL    -3    LOWEST  SLP 29.67 ON  4

[REMARKS]
