000
CXUS55 KBOU 260802
CF6DEN
PRELIMINARY LOCAL CLIMATOLOGICAL DATA (WS FORM: F-6)

                                          STATION:   DENVER CO
                                          MONTH:     FEBRUARY
                                          YEAR:      2015
                                          LATITUDE:   39 52 N
                                          LONGITUDE: 104 40 W

  TEMPERATURE IN F:       :PCPN:    SNOW:  WIND      :SUNSHINE: SKY     :PK WND
================================================================================
1   2   3   4   5  6A  6B    7    8   9   10  11  12  13   14  15   16   17  18
                                     12Z  AVG MX 2MIN
DY MAX MIN AVG DEP HDD CDD  WTR  SNW DPTH SPD SPD DIR MIN PSBL S-S WX    SPD DR
================================================================================

 1  29   8  19 -12  46   0 0.07  0.9    1  9.3 24 360   M    M   8 18     32 360
 2  52  17  35   4  30   0 0.00  0.0    1  9.3 22 270   M    M   5 8      25 270
 3  62  33  48  17  17   0 0.00  0.0    T  9.6 26 280   M    M   6        34 290
 4  47  22  35   4  30   0 0.10  1.0    0 10.9 35  10   M    M   8 12     43  40
 5  63  23  43  12  22   0 0.00  0.0    T 11.0 25 260   M    M   6        29 270
 6  70  46  58  27   7   0 0.00  0.0    0 12.0 22 210   M    M   6        26 220
 7  74  41  58  27   7   0 0.00  0.0    0 13.6 31 270   M    M   4        40 280
 8  67  33  50  19  15   0 0.00  0.0    0 11.6 33 300   M    M   1        41 310
 9  70  31  51  20  14   0 0.00  0.0    0  9.0 21 290   M    M   1        26 280
10  59  32  46  15  19   0 0.00  0.0    0  8.6 21  80   M    M   5        26  70
11  48  30  39   7  26   0    T    T    T  6.5 16 210   M    M   5        18  40
12  62  28  45  13  20   0 0.00  0.0    0 10.4 20 210   M    M   6        24 210
13  62  31  47  15  18   0 0.00  0.0    0  9.5 16 210   M    M   3        19 210
14  70  30  50  18  15   0 0.00  0.0    0  7.3 14 260   M    M   5        18 200
15  35  26  31  -1  34   0 0.07  1.0    0  8.9 21  10   M    M   9 18     26  10
16  31  22  27  -5  38   0 0.37  3.8    2  7.8 21  40   M    M  10 128    24  40
17  34  17  26  -7  39   0 0.00  0.0    3  9.3 17 140   M    M   6        19 140
18  47  14  31  -2  34   0 0.00  0.0    T  9.2 15 110   M    M   3        17 200
19  63  22  43  10  22   0 0.00  0.0    0  8.7 20 300   M    M   4        23 300
20  52  29  41   8  24   0 0.01  0.4    0  9.4 25 350   M    M   7 18     30 310
21  33  14  24 -10  41   0 0.19  6.0    1 10.7 44  10   M    M  10 129    36 360
22  15   8  12 -22  53   0 0.15  3.1    6  8.9 16  60   M    M  10 18     19  70
23  21   6  14 -20  51   0 0.03  1.0    9  5.4 14 210   M    M   6 128    17 210
24  38  12  25  -9  40   0 0.00  0.0    5 10.1 18 200   M    M   1        21 210
25  40  16  28  -7  37   0 0.18  2.1    2 12.0 29  30   M    M   9 12     34  30
================================================================================
SM 1244  591       699   0  1.17    19.3 239.0            M    144
================================================================================
AV 49.8 23.6                               9.6 FASTST            6    MAX(MPH)
                                 MISC ---->  # 44  10     M   M     # 43   40
================================================================================
NOTES: SUNSHINE DATA WILL NO LONGER BE AVAILABLE EFFECTIVE OCTOBER 1ST 2009.

# LAST OF SEVERAL OCCURRENCES

COLUMN 17 PEAK WIND IN M.P.H.

PRELIMINARY LOCAL CLIMATOLOGICAL DATA (WS FORM: F-6) , PAGE 2

                                          STATION:  DENVER CO
                                          MONTH:    FEBRUARY
                                          YEAR:     2015
                                          LATITUDE:   39 52 N
                                          LONGITUDE: 104 40 W

[TEMPERATURE DATA]      [PRECIPITATION DATA]       SYMBOLS USED IN COLUMN 16

AVERAGE MONTHLY: 36.7   TOTAL FOR MONTH:   1.17    1 = FOG OR MIST
DPTR FM NORMAL:   4.5   DPTR FM NORMAL:    0.85    2 = FOG REDUCING VISIBILITY
HIGHEST:    74 ON  7    GRTST 24HR  0.40 ON 15-16      TO 1/4 MILE OR LESS
LOWEST:      6 ON 23                               3 = THUNDER
                        SNOW, ICE PELLETS, HAIL    4 = ICE PELLETS
                        TOTAL MONTH:  19.3 INCHES  5 = HAIL
                        GRTST 24HR   6.0 ON 21-21  6 = FREEZING RAIN OR DRIZZLE
                        GRTST DEPTH:   9 ON 23     7 = DUSTSTORM OR SANDSTORM:
                                                       VSBY 1/2 MILE OR LESS
                                                   8 = SMOKE OR HAZE
[NO. OF DAYS WITH]      [WEATHER - DAYS WITH]      9 = BLOWING SNOW
                                                   X = TORNADO
MAX 32 OR BELOW:   4    0.01 INCH OR MORE:   9
MAX 90 OR ABOVE:   0    0.10 INCH OR MORE:   5
MIN 32 OR BELOW:  21    0.50 INCH OR MORE:   0
MIN  0 OR BELOW:   0    1.00 INCH OR MORE:   0

[HDD (BASE 65) ]
TOTAL THIS MO.   699    CLEAR  (SCALE 0-3)   5
DPTR FM NORMAL  -121    PTCLDY (SCALE 4-7)  15
TOTAL FM JUL 1  3948    CLOUDY (SCALE 8-10)  5
DPTR FM NORMAL  -403

[CDD (BASE 65) ]
TOTAL THIS MO.     0
DPTR FM NORMAL     0    [PRESSURE DATA]
TOTAL FM JAN 1     0    HIGHEST SLP M ON M
DPTR FM NORMAL     0    LOWEST  SLP 29.61 ON  7

[REMARKS]
