000
CXUS56 KOTX 251500
CF6DEW
PRELIMINARY LOCAL CLIMATOLOGICAL DATA (WS FORM: F-6)

                                          STATION:   DEER_PARK WA AIRPORT
                                          MONTH:     AUGUST
                                          YEAR:      2016
                                          LATITUDE:   47 58 N
                                          LONGITUDE: 117 25 W

  TEMPERATURE IN F:       :PCPN:    SNOW:  WIND      :SUNSHINE: SKY     :PK WND
================================================================================
1   2   3   4   5  6A  6B    7    8   9   10  11  12  13   14  15   16   17  18
                                     12Z  AVG MX 2MIN
DY MAX MIN AVG DEP HDD CDD  WTR  SNW DPTH SPD SPD DIR MIN PSBL S-S WX    SPD DR
================================================================================

 1  85  46  66  -1   0   1 0.00    M    M  3.7 13 280   M    M   0 8      15 280
 2  83  46  65  -2   0   0 0.00    M    M 10.9 29 210   M    M   1 8      38 200
 3  78  48  63  -4   2   0 0.00    M    M  7.6 15 190   M    M   4        19 250
 4  86  52  69   2   0   4 0.00    M    M  4.0  8  10   M    M   0         M  M
 5  90  50  70   3   0   5 0.00    M    M  4.0 12  30   M    M   0 8      14  20
 6  88  54  71   4   0   6 0.00    M    M  4.8 12  40   M    M   1        16  30
 7  75  46  61  -6   4   0 0.02    M    M  4.8 17  50   M    M   2 3      25 200
 8  73  44  59  -8   6   0 0.00    M    M  4.2 14 160   M    M   4 1      20 180
 9  67  45  56 -10   9   0 0.09    M    M  4.4 13 150   M    M   8 1      16 150
10  77  48  63  -3   2   0 0.05    M    M  5.0 17 310   M    M   8        22 310
11  85  48  67   1   0   2 0.01    M    M  2.7 12 220   M    M   3 12     15 230
12  90  48  69   3   0   4 0.00    M    M  3.3 16 290   M    M   0 8      21 290
13  91  49  70   4   0   5 0.00    M    M  2.6 10 200   M    M   1 8      14 290
14  94  51  73   7   0   8 0.00    M    M  3.0 17 200   M    M   0 8      23 220
15  93  47  70   4   0   5 0.00    M    M  1.8 10 240   M    M   0        14 270
16  94  49  72   7   0   7 0.00    M    M  2.7 16 300   M    M   0         M 210
17  94  49  72   7   0   7 0.00    M    M  3.4  9 200   M    M   0 8      15 240
18  93  53  73   8   0   8 0.00    M    M 10.1 30  40   M    M   0        40  40
19  85  48  67   2   0   2 0.00    M    M  8.4 23  40   M    M   0 8      31  50
20  91  40  66   1   0   1 0.00    M    M  3.2 13 240   M    M   0 8      15 250
21  93  44  69   5   0   4 0.00    M    M  9.5 26 220   M    M   2 8      32 230
22  74  44  59  -5   6   0 0.00    M    M  5.8 15 220   M    M   2 8      20 230
23  80  42  61  -3   4   0    T    M    M  5.8 16 100   M    M   2        22 110
24  83  50  67   3   0   2 0.00    M    M  8.1 18  50   M    M   1        24  50
================================================================================
SM 2042 1141        33  71  0.17    M    123.8          M       39
================================================================================
AV 85.1 47.5                               5.2 FASTST   M    M   2    MAX(MPH)
                                 MISC ---->  # 30  40               # 40   40
================================================================================
NOTES:
# LAST OF SEVERAL OCCURRENCES

COLUMN 17 PEAK WIND IN M.P.H.

PRELIMINARY LOCAL CLIMATOLOGICAL DATA (WS FORM: F-6) , PAGE 2

                                          STATION:  DEER_PARK WA AIRPORT
                                          MONTH:    AUGUST
                                          YEAR:     2016
                                          LATITUDE:   47 58 N
                                          LONGITUDE: 117 25 W

[TEMPERATURE DATA]      [PRECIPITATION DATA]       SYMBOLS USED IN COLUMN 16

AVERAGE MONTHLY: 66.3   TOTAL FOR MONTH:   0.17    1 = FOG OR MIST
DPTR FM NORMAL:   0.5   DPTR FM NORMAL:   -0.41    2 = FOG REDUCING VISIBILITY
HIGHEST:    94 ON 17,16 GRTST 24HR  0.09 ON  9- 9      TO 1/4 MILE OR LESS
LOWEST:     40 ON 20                               3 = THUNDER
                        SNOW, ICE PELLETS, HAIL    4 = ICE PELLETS
                        TOTAL MONTH:    M          5 = HAIL
                        GRTST 24HR    M  ON   M    6 = FREEZING RAIN OR DRIZZLE
                        GRTST DEPTH:  M  ON   M    7 = DUSTSTORM OR SANDSTORM:
                                                       VSBY 1/2 MILE OR LESS
                                                   8 = SMOKE OR HAZE
[NO. OF DAYS WITH]      [WEATHER - DAYS WITH]      9 = BLOWING SNOW
                                                   X = TORNADO
MAX 32 OR BELOW:   0    0.01 INCH OR MORE:   4
MAX 90 OR ABOVE:  10    0.10 INCH OR MORE:   0
MIN 32 OR BELOW:   0    0.50 INCH OR MORE:   0
MIN  0 OR BELOW:   0    1.00 INCH OR MORE:   0

[HDD (BASE 65) ]
TOTAL THIS MO.    33    CLEAR  (SCALE 0-3)  20
DPTR FM NORMAL   -16    PTCLDY (SCALE 4-7)   3
TOTAL FM JUL 1   115    CLOUDY (SCALE 8-10)  1
DPTR FM NORMAL    -2

[CDD (BASE 65) ]
TOTAL THIS MO.    71
DPTR FM NORMAL     7    [PRESSURE DATA]
TOTAL FM JAN 1   192    HIGHEST SLP  0.00 ON  4
DPTR FM NORMAL    31    LOWEST  SLP  0.00 ON M

[REMARKS]
