000
CXUS55 KCYS 301000
CF6DGW
PRELIMINARY LOCAL CLIMATOLOGICAL DATA (WS FORM: F-6)

                                          STATION:   CONVERSE CO (DOUGLAS) WY ARPT
                                          MONTH:     SEPTEMBER
                                          YEAR:      2016
                                          LATITUDE:   42 46 N
                                          LONGITUDE: 105 22 W

  TEMPERATURE IN F:       :PCPN:    SNOW:  WIND      :SUNSHINE: SKY     :PK WND
================================================================================
1   2   3   4   5  6A  6B    7    8   9   10  11  12  13   14  15   16   17  18
                                     12Z  AVG MX 2MIN
DY MAX MIN AVG DEP HDD CDD  WTR  SNW DPTH SPD SPD DIR MIN PSBL S-S WX    SPD DR
================================================================================

 1  91  56  74   9   0   9 0.00    M    M 13.3 28 140   M    M   0        32 140
 2  87  61  74   9   0   9    T    M    M 11.3 22 150   M    M   3        30 150
 3  83  53  68   4   0   3 0.06    M    M  7.2 28 250   M    M   3 3      40 230
 4  79  50  65   1   0   0 0.07    M    M  6.7 31 330   M    M   3 3      43 310
 5  79  53  66   2   0   1    T    M    M  7.0 22  40   M    M   6        26  30
 6  71  51  61  -2   4   0 0.00    M    M 11.8 24 160   M    M   6        31 140
 7  81  49  65   3   0   0 0.00    M    M 10.5 25 300   M    M   0 1      33 300
 8  85  40  63   1   2   0 0.00    M    M 10.4 30 270   M    M   0        37 300
 9  58  35  47 -15  18   0 0.03    M    M  7.5 22 300   M    M   4 1      28 300
10  82  27  55  -6  10   0 0.00    M    M  3.7 20 300   M    M   0        25 320
11  89  33  61   0   4   0 0.00    M    M 12.2 33 270   M    M   0        43 340
12  55  45  50 -10  15   0    T    M    M  9.9 20  60   M    M   7 1      26  60
13  55  41  48 -12  17   0 0.03    M    M 17.3 30 140   M    M   7 1      35 140
14  79  46  63   4   2   0 0.38    M    M 10.8 31 250   M    M   2 13     39 290
15  70  40  55  -4  10   0 0.00    M    M  8.7 28 350   M    M   1        37 330
16  70  38  54  -4  11   0 0.00    M    M  6.3 18 300   M    M   2        22 320
17  78  32  55  -3  10   0 0.00    M    M  7.0 24 290   M    M   0        33 270
18  87  52  70  13   0   5 0.00    M    M 15.7 38 280   M    M   0        48 280
19  88  42  65   8   0   0 0.00    M    M  6.0 24 280   M    M   0        33 270
20  90  44  67  11   0   2 0.00    M    M  4.0 18 240   M    M   0        21 260
21  75  49  62   6   3   0    T    M    M  5.5 15  20   M    M   3        19  20
22  68  55  62   7   3   0    T    M    M 18.2 31 140   M    M   9 1      38 140
23  67  45  56   1   9   0 0.03    M    M  7.7 28 290   M    M   9 1      34 280
24  54  41  48  -6  17   0 0.22    M    M 15.1 29 290   M    M   6 1      37 290
25  65  39  52  -2  13   0 0.00    M    M  8.8 24 290   M    M   4        29 290
26  74  35  55   2  10   0 0.00    M    M  5.4 18 320   M    M   0        23 330
27  82  35  59   6   6   0 0.00    M    M  6.0 21 290   M    M   0        25 310
28  79  39  59   7   6   0 0.00    M    M  7.3 16 130   M    M   0        21 130
29  81  47  64  12   1   0 0.00  0.0    0  8.0 21 300   M    M   0        27 290
================================================================================
SM 2202 1273       171  29  0.82     0.0 269.3          M       75
================================================================================
AV 75.9 43.9                               9.3 FASTST   M    M   3    MAX(MPH)
                                 MISC ---->  # 38 280               # 48  280
================================================================================
NOTES:
# LAST OF SEVERAL OCCURRENCES

COLUMN 17 PEAK WIND IN M.P.H.

PRELIMINARY LOCAL CLIMATOLOGICAL DATA (WS FORM: F-6) , PAGE 2

                                          STATION:  CONVERSE CO (DOUGLAS) WY ARPT
                                          MONTH:    SEPTEMBER
                                          YEAR:     2016
                                          LATITUDE:   42 46 N
                                          LONGITUDE: 105 22 W

[TEMPERATURE DATA]      [PRECIPITATION DATA]       SYMBOLS USED IN COLUMN 16

AVERAGE MONTHLY: 59.9   TOTAL FOR MONTH:   0.82    1 = FOG OR MIST
DPTR FM NORMAL:   1.3   DPTR FM NORMAL:   -0.37    2 = FOG REDUCING VISIBILITY
HIGHEST:    91 ON  1    GRTST 24HR  0.38 ON 14-14      TO 1/4 MILE OR LESS
LOWEST:     27 ON 10                               3 = THUNDER
                        SNOW, ICE PELLETS, HAIL    4 = ICE PELLETS
                        TOTAL MONTH:   0.0 INCH    5 = HAIL
                        GRTST 24HR     0.0         6 = FREEZING RAIN OR DRIZZLE
                        GRTST DEPTH:   0           7 = DUSTSTORM OR SANDSTORM:
                                                       VSBY 1/2 MILE OR LESS
                                                   8 = SMOKE OR HAZE
[NO. OF DAYS WITH]      [WEATHER - DAYS WITH]      9 = BLOWING SNOW
                                                   X = TORNADO
MAX 32 OR BELOW:   0    0.01 INCH OR MORE:   7
MAX 90 OR ABOVE:   2    0.10 INCH OR MORE:   2
MIN 32 OR BELOW:   2    0.50 INCH OR MORE:   0
MIN  0 OR BELOW:   0    1.00 INCH OR MORE:   0

[HDD (BASE 65) ]
TOTAL THIS MO.   171    CLEAR  (SCALE 0-3)  20
DPTR FM NORMAL   -44    PTCLDY (SCALE 4-7)   7
TOTAL FM JUL 1   216    CLOUDY (SCALE 8-10)  2
DPTR FM NORMAL   -40

[CDD (BASE 65) ]
TOTAL THIS MO.    29
DPTR FM NORMAL     2    [PRESSURE DATA]
TOTAL FM JAN 1   209    HIGHEST SLP M ON M
DPTR FM NORMAL  -276    LOWEST  SLP 29.52 ON 23

[REMARKS]
