000
CXUS53 KBIS 010726
CF6DIK
PRELIMINARY LOCAL CLIMATOLOGICAL DATA (WS FORM: F-6)

                                          STATION:   DICKINSON ND
                                          MONTH:     SEPTEMBER
                                          YEAR:      2014
                                          LATITUDE:   46 47 N
                                          LONGITUDE: 102 48 W

  TEMPERATURE IN F:       :PCPN:    SNOW:  WIND      :SUNSHINE: SKY     :PK WND
================================================================================
1   2   3   4   5  6A  6B    7    8   9   10  11  12  13   14  15   16   17  18
                                     12Z  AVG MX 2MIN
DY MAX MIN AVG DEP HDD CDD  WTR  SNW DPTH SPD SPD DIR MIN PSBL S-S WX    SPD DR
================================================================================

 1  71  49  60  -4   5   0 0.00    M    M 10.4 17 260   M    M   1        23 310
 2  75  48  62  -1   3   0 0.00    M    M  9.8 22 270   M    M   0        26 280
 3  82  48  65   2   0   0 0.08    M    M 13.1 25 120   M    M   2 3      35 190
 4  64  40  52 -10  13   0 0.00    M    M 18.2 33 300   M    M   4        42 300
 5  71  39  55  -7  10   0 0.00    M    M  7.2 16 300   M    M   1 8      21 260
 6  77  45  61  -1   4   0 0.00    M    M  6.5 16 270   M    M   0        19 270
 7  83  42  63   2   2   0 0.00    M    M  5.3 15 200   M    M   0        26 200
 8  81  46  64   3   1   0 0.00    M    M 11.3 24  60   M    M   1        30  60
 9  53  38  46 -14  19   0 0.36    M    M 14.7 26  70   M    M  10 12     32  80
10  43  36  40 -20  25   0 0.33    M    M 10.8 17  40   M    M  10 1      22  30
11  50  32  41 -18  24   0    T    M    M  6.6 14 320   M    M   8        17  10
12  56  30  43 -16  22   0 0.00    M    M  8.9 20 210   M    M   3        25 200
13  58  35  47 -11  18   0 0.00    M    M 13.9 28 310   M    M   3        32 300
14  57  30  44 -14  21   0    T    M    M  4.4  9  10   M    M   5        12 350
15  66  34  50  -7  15   0 0.00    M    M  8.9 15 200   M    M   0        19 200
16  74  37  56  -1   9   0 0.00    M    M  4.6 13 180   M    M   0        15 320
17  72  41  57   1   8   0 0.00    M    M  7.8 16 150   M    M   0        20 100
18  79  50  65   9   0   0    T    M    M 12.8 22 170   M    M   0        26 170
19  80  51  66  10   0   1    T    M    M 13.5 32 280   M    M   1        39 290
20  72  44  58   3   7   0 0.00    M    M 14.5 32 320   M    M   0        39 320
21  73  40  57   2   8   0 0.00    M    M  6.5 12 180   M    M   0        13 180
22  79  42  61   7   4   0 0.00    M    M 12.7 23 150   M    M   0        28 160
23  81  48  65  11   0   0 0.00    M    M  9.0 15 180   M    M   0        19 190
24  87  52  70  17   0   5 0.00    M    M  7.9 13 160   M    M   0 8      17 160
25  91  58  75  22   0  10 0.00    M    M 14.6 25 150   M    M   0        32 160
26  89  56  73  21   0   8 0.00    M    M 11.7 23 170   M    M   0        28 170
27  74  55  65  13   0   0 0.00    M    M 17.7 29  30   M    M   2        36  20
28  55  45  50  -1  15   0    T    M    M 15.6 22  20   M    M  10 1      30  10
29  52  43  48  -3  17   0 0.10    M    M 13.2 20 130   M    M  10 12     25 130
30  54  51  53   2  12   0 0.49    M    M 12.4 20 260   M    M  10 1      24 270
================================================================================
SM 2099 1305       262  24  1.36    M    324.5          M       81
================================================================================
AV 70.0 43.5                              10.8 FASTST   M    M   3    MAX(MPH)
                                 MISC ---->  # 33 300               # 42  300
================================================================================
NOTES:
# LAST OF SEVERAL OCCURRENCES

COLUMN 17 PEAK WIND IN M.P.H.

PRELIMINARY LOCAL CLIMATOLOGICAL DATA (WS FORM: F-6) , PAGE 2

                                          STATION:  DICKINSON ND
                                          MONTH:    SEPTEMBER
                                          YEAR:     2014
                                          LATITUDE:   46 47 N
                                          LONGITUDE: 102 48 W

[TEMPERATURE DATA]      [PRECIPITATION DATA]       SYMBOLS USED IN COLUMN 16

AVERAGE MONTHLY: 56.7   TOTAL FOR MONTH:   1.36    1 = FOG OR MIST
DPTR FM NORMAL:  -0.5   DPTR FM NORMAL:   -0.11    2 = FOG REDUCING VISIBILITY
HIGHEST:    91 ON 25    GRTST 24HR  0.67 ON  9-10      TO 1/4 MILE OR LESS
LOWEST:     30 ON 14,12                            3 = THUNDER
                        SNOW, ICE PELLETS, HAIL    4 = ICE PELLETS
                        TOTAL MONTH:    M          5 = HAIL
                        GRTST 24HR    M  ON   M    6 = FREEZING RAIN OR DRIZZLE
                        GRTST DEPTH:  M  ON   M    7 = DUSTSTORM OR SANDSTORM:
                                                       VSBY 1/2 MILE OR LESS
                                                   8 = SMOKE OR HAZE
[NO. OF DAYS WITH]      [WEATHER - DAYS WITH]      9 = BLOWING SNOW
                                                   X = TORNADO
MAX 32 OR BELOW:   0    0.01 INCH OR MORE:   5
MAX 90 OR ABOVE:   1    0.10 INCH OR MORE:   4
MIN 32 OR BELOW:   3    0.50 INCH OR MORE:   0
MIN  0 OR BELOW:   0    1.00 INCH OR MORE:   0

[HDD (BASE 65) ]
TOTAL THIS MO.   262    CLEAR  (SCALE 0-3)  22
DPTR FM NORMAL    -6    PTCLDY (SCALE 4-7)   2
TOTAL FM JUL 1   363    CLOUDY (SCALE 8-10)  6
DPTR FM NORMAL     9

[CDD (BASE 65) ]
TOTAL THIS MO.    24
DPTR FM NORMAL    -8    [PRESSURE DATA]
TOTAL FM JAN 1   256    HIGHEST SLP M ON M
DPTR FM NORMAL  -162    LOWEST  SLP 29.36 ON 30

[REMARKS]
#FINAL-09-14#
