000
CXUS53 KBIS 210732
CF6DIK
PRELIMINARY LOCAL CLIMATOLOGICAL DATA (WS FORM: F-6)

                                          STATION:   DICKINSON ND
                                          MONTH:     DECEMBER
                                          YEAR:      2014
                                          LATITUDE:   46 47 N
                                          LONGITUDE: 102 48 W

  TEMPERATURE IN F:       :PCPN:    SNOW:  WIND      :SUNSHINE: SKY     :PK WND
================================================================================
1   2   3   4   5  6A  6B    7    8   9   10  11  12  13   14  15   16   17  18
                                     12Z  AVG MX 2MIN
DY MAX MIN AVG DEP HDD CDD  WTR  SNW DPTH SPD SPD DIR MIN PSBL S-S WX    SPD DR
================================================================================

 1  22  -8   7 -15  58   0 0.00    M    M 13.7 29 190   M    M   0        39 180
 2  30  12  21  -1  44   0 0.00    M    M 14.0 28 290   M    M   1        32 290
 3  34   7  21   0  44   0 0.00    M    M  8.1 16 190   M    M   0        21 270
 4  36   8  22   1  43   0    T    M    M  3.9  9 270   M    M   5        11 110
 5  33  15  24   4  41   0 0.00    M    M  8.5 13 310   M    M   3        15 310
 6  34  19  27   7  38   0 0.00    M    M 13.9 25 170   M    M   2        30 170
 7  47  26  37  17  28   0    T    M    M 17.4 32 300   M    M   5 18     40 300
 8  29  19  24   5  41   0 0.00    M    M 10.0 18 330   M    M   7 1      23 330
 9  41  24  33  14  32   0 0.00    M    M 14.8 21 170   M    M   1 1      25 170
10  54  26  40  21  25   0 0.00    M    M  8.2 15 280   M    M   0        17 280
11  55  34  45  27  20   0 0.00    M    M 11.8 16 180   M    M   0        20 190
12  61  32  47  29  18   0 0.00    M    M  7.9 15 200   M    M   0        17 200
13  60  36  48  30  17   0 0.00    M    M  8.9 21 290   M    M   0        25 290
14  37  28  33  15  32   0    T    M    M 18.8 26 310   M    M   9 18     35 300
15  28  22  25   7  40   0    T    M    M 14.8 25 320   M    M  10 1      31 350
16  23  18  21   4  44   0    T    M    M  7.1 15 180   M    M  10        18 170
17  20  15  18   1  47   0    T    M    M 12.6 18 160   M    M  10 18     22 130
18  32  19  26   9  39   0 0.00    M    M  7.2 13 270   M    M   7 128    15 170
19  44  20  32  15  33   0 0.00    M    M  6.1 14 260   M    M   2        15 260
20  48  22  35  18  30   0 0.00    M    M  7.4 20 270   M    M   3        24 270
================================================================================
SM  768  394       714   0    T     M    215.1          M       75
================================================================================
AV 38.4 19.7                              10.8 FASTST   M    M   4    MAX(MPH)
                                 MISC ---->  # 32 300               # 40  300
================================================================================
NOTES:
# LAST OF SEVERAL OCCURRENCES

COLUMN 17 PEAK WIND IN M.P.H.

PRELIMINARY LOCAL CLIMATOLOGICAL DATA (WS FORM: F-6) , PAGE 2

                                          STATION:  DICKINSON ND
                                          MONTH:    DECEMBER
                                          YEAR:     2014
                                          LATITUDE:   46 47 N
                                          LONGITUDE: 102 48 W

[TEMPERATURE DATA]      [PRECIPITATION DATA]       SYMBOLS USED IN COLUMN 16

AVERAGE MONTHLY: 29.1   TOTAL FOR MONTH:      T    1 = FOG OR MIST
DPTR FM NORMAL:  10.2   DPTR FM NORMAL:   -0.14    2 = FOG REDUCING VISIBILITY
HIGHEST:    61 ON 12    GRTST 24HR    T  ON 17-17      TO 1/4 MILE OR LESS
LOWEST:     -8 ON  1                               3 = THUNDER
                        SNOW, ICE PELLETS, HAIL    4 = ICE PELLETS
                        TOTAL MONTH:    M          5 = HAIL
                        GRTST 24HR    M  ON   M    6 = FREEZING RAIN OR DRIZZLE
                        GRTST DEPTH:  M  ON   M    7 = DUSTSTORM OR SANDSTORM:
                                                       VSBY 1/2 MILE OR LESS
                                                   8 = SMOKE OR HAZE
[NO. OF DAYS WITH]      [WEATHER - DAYS WITH]      9 = BLOWING SNOW
                                                   X = TORNADO
MAX 32 OR BELOW:   7    0.01 INCH OR MORE:   0
MAX 90 OR ABOVE:   0    0.10 INCH OR MORE:   0
MIN 32 OR BELOW:  18    0.50 INCH OR MORE:   0
MIN  0 OR BELOW:   1    1.00 INCH OR MORE:   0

[HDD (BASE 65) ]
TOTAL THIS MO.   714    CLEAR  (SCALE 0-3)  11
DPTR FM NORMAL  -207    PTCLDY (SCALE 4-7)   5
TOTAL FM JUL 1  2920    CLOUDY (SCALE 8-10)  4
DPTR FM NORMAL   -78

[CDD (BASE 65) ]
TOTAL THIS MO.     0
DPTR FM NORMAL     0    [PRESSURE DATA]
TOTAL FM JAN 1   256    HIGHEST SLP M ON M
DPTR FM NORMAL  -163    LOWEST  SLP 29.72 ON M

[REMARKS]
