000
CXUS51 KLWX 270620
CF6DMH
PRELIMINARY LOCAL CLIMATOLOGICAL DATA (WS FORM: F-6)

                                          STATION:   BALTIMORE INNER HARBOR MD
                                          MONTH:     MARCH
                                          YEAR:      2015
                                          LATITUDE:   39 16 N
                                          LONGITUDE:  76 37 W

  TEMPERATURE IN F:       :PCPN:    SNOW:  WIND      :SUNSHINE: SKY     :PK WND
================================================================================
1   2   3   4   5  6A  6B    7    8   9   10  11  12  13   14  15   16   17  18
                                     12Z  AVG MX 2MIN
DY MAX MIN AVG DEP HDD CDD  WTR  SNW DPTH SPD SPD DIR MIN PSBL S-S WX    SPD DR
================================================================================

 1   M   M   M   M   M   M 0.58    M    M   M   M   M   M    M   M         M  M
 2   M   M   M   M   M   M 0.00    M    M   M   M   M   M    M   M         M  M
 3  34   M   M   M   M   M 0.13    M    M   M   M   M   M    M   M         M  M
 4  45  34  40  -2  25   0 0.46    M    M   M   M   M   M    M   M         M  M
 5  43  22  33 -10  32   0 0.55    M    M   M   M   M   M    M   M         M  M
 6  28  14  21 -22  44   0 0.00    M    M   M   M   M   M    M   M         M  M
 7  46  16  31 -12  34   0 0.00    M    M   M   M   M   M    M   M         M  M
 8  53  33  43  -1  22   0 0.00    M    M   M   M   M   M    M   M         M  M
 9  60  36  48   4  17   0 0.00    M    M   M   M   M   M    M   M         M  M
10  49  39  44   0  21   0 0.44    M    M   M   M   M   M    M   M         M  M
11  64  43  54   9  11   0 0.01    M    M   M   M   M   M    M   M         M  M
12  54  43  49   4  16   0 0.00    M    M   M   M   M   M    M   M         M  M
13  48  36  42  -3  23   0 0.03    M    M   M   M   M   M    M   M         M  M
14  54  40  47   1  18   0 0.76    M    M   M   M   M   M    M   M         M  M
15  51  41  46   0  19   0 0.00    M    M   M   M   M   M    M   M         M  M
16  56  36  46   0  19   0 0.00    M    M   M   M   M   M    M   M         M  M
17  69  38  54   7  11   0 0.00    M    M   M   M   M   M    M   M         M  M
18  47  34  41  -6  24   0 0.00    M    M   M   M   M   M    M   M         M  M
19  50  35  43  -4  22   0 0.00    M    M   M   M   M   M    M   M         M  M
20  40  33  37 -11  28   0 0.52    M    M   M   M   M   M    M   M         M  M
21  60  35  48   0  17   0 0.00    M    M   M   M   M   M    M   M         M  M
22  51  41  46  -2  19   0 0.00    M    M   M   M   M   M    M   M         M  M
23  47  30  39 -10  26   0 0.00    M    M   M   M   M   M    M   M         M  M
24  42  35  39 -10  26   0 0.00    M    M   M   M   M   M    M   M         M  M
25  47  33  40  -9  25   0 0.01    M    M   M   M   M   M    M   M         M  M
26  70  43  57   7   8   0 0.37    M    M   M   M   M   M    M   0         M  M
================================================================================
SM 1208  790       507   0  3.86    M        M          M        0
================================================================================
AV 50.3 34.3                                 M FASTST   M    M   0    MAX(MPH)
                                 MISC ---->     M   M                  M    M
================================================================================
NOTES:
# LAST OF SEVERAL OCCURRENCES

COLUMN 17 PEAK WIND IN M.P.H.

PRELIMINARY LOCAL CLIMATOLOGICAL DATA (WS FORM: F-6) , PAGE 2

                                          STATION:  BALTIMORE INNER HARBOR MD
                                          MONTH:    MARCH
                                          YEAR:     2015
                                          LATITUDE:   39 16 N
                                          LONGITUDE:  76 37 W

[TEMPERATURE DATA]      [PRECIPITATION DATA]       SYMBOLS USED IN COLUMN 16

AVERAGE MONTHLY: 42.3   TOTAL FOR MONTH:   3.86    1 = FOG OR MIST
DPTR FM NORMAL:  -3.2   DPTR FM NORMAL:    0.73    2 = FOG REDUCING VISIBILITY
HIGHEST:    70 ON 26    GRTST 24HR  0.76 ON 14-14      TO 1/4 MILE OR LESS
LOWEST:     14 ON  6                               3 = THUNDER
                        SNOW, ICE PELLETS, HAIL    4 = ICE PELLETS
                        TOTAL MONTH:    M          5 = HAIL
                        GRTST 24HR    M  ON   M    6 = FREEZING RAIN OR DRIZZLE
                        GRTST DEPTH:  M  ON   M    7 = DUSTSTORM OR SANDSTORM:
                                                       VSBY 1/2 MILE OR LESS
                                                   8 = SMOKE OR HAZE
[NO. OF DAYS WITH]      [WEATHER - DAYS WITH]      9 = BLOWING SNOW
                                                   X = TORNADO
MAX 32 OR BELOW:   1    0.01 INCH OR MORE:  11
MAX 90 OR ABOVE:   0    0.10 INCH OR MORE:   8
MIN 32 OR BELOW:   4    0.50 INCH OR MORE:   4
MIN  0 OR BELOW:   0    1.00 INCH OR MORE:   0

[HDD (BASE 65) ]
TOTAL THIS MO.   507    CLEAR  (SCALE 0-3)   1
DPTR FM NORMAL     2    PTCLDY (SCALE 4-7)   0
TOTAL FM JUL 1  4021    CLOUDY (SCALE 8-10)  0
DPTR FM NORMAL   428

[CDD (BASE 65) ]
TOTAL THIS MO.     0
DPTR FM NORMAL     0    [PRESSURE DATA]
TOTAL FM JAN 1     0    HIGHEST SLP M ON M
DPTR FM NORMAL     0    LOWEST  SLP 29.59 ON 26

[REMARKS]
