000
CXUS54 KEPZ 241200
CF6DMN
PRELIMINARY LOCAL CLIMATOLOGICAL DATA (WS FORM: F-6)

                                          STATION:   DEMING
                                          MONTH:     MARCH
                                          YEAR:      2017
                                          LATITUDE:   32 15 N
                                          LONGITUDE: 107 42 W

  TEMPERATURE IN F:       :PCPN:    SNOW:  WIND      :SUNSHINE: SKY     :PK WND
================================================================================
1   2   3   4   5  6A  6B    7    8   9   10  11  12  13   14  15   16   17  18
                                     12Z  AVG MX 2MIN
DY MAX MIN AVG DEP HDD CDD  WTR  SNW DPTH SPD SPD DIR MIN PSBL S-S WX    SPD DR
================================================================================

 1  63  32  48  -1  17   0    T    M    0  5.5 17  60   M    M   0        22  70
 2  65  38  52   3  13   0 0.00  0.0    0 13.6 28  40   M    M   0        32  50
 3  58  40  49   0  16   0 0.00  0.0    0 10.0 18  90   M    M   0        24  80
 4  73  38  56   7   9   0 0.00  0.0    0  7.0 21 270   M    M   1 8      29 290
 5  74  39  57   8   8   0 0.00  0.0    0 10.8 28 250   M    M   2        37 260
 6  69  44  57   7   8   0 0.00  0.0    0 17.0 32 280   M    M   0        41 280
 7  70  31  51   1  14   0 0.00  0.0    0  6.1 20  50   M    M   0        23  50
 8  77  34  56   6   9   0 0.00  0.0    0  4.6 14  70   M    M   0        18  70
 9  82  37  60  10   5   0 0.00  0.0    0  6.3 17 240   M    M   0        23 240
10  82  39  61  11   4   0 0.00  0.0    0  5.1 14 150   M    M   0        16 130
11  81  40  61  11   4   0 0.00  0.0    0  7.5 24 260   M    M   0        33 260
12  78  43  61  11   4   0 0.00  0.0    0 11.5 26 270   M    M   0        33 250
13  75  39  57   6   8   0 0.00  0.0    0  6.6 17 110   M    M   0        25 110
14  84  41  63  12   2   0 0.00  0.0    0  6.8 21 250   M    M   0        27 250
15  84  44  64  13   1   0 0.00  0.0    0  7.7 22 260   M    M   0        27 240
16  82  48  65  14   0   0 0.00  0.0    0 11.0 24 280   M    M   0        31 280
17  83  43  63  12   2   0 0.00  0.0    0  5.2 14 250   M    M   0        17 200
18  86  44  65  13   0   0 0.00  0.0    0  4.9 16 210   M    M   0        20 200
19  88  43  66  14   0   1 0.00  0.0    0  5.7 16 280   M    M   0        22 270
20  85  48  67  15   0   2 0.00  0.0    0  5.3 15 250   M    M   0        20 250
21  87  46  67  15   0   2 0.00  0.0    0  7.1 20 260   M    M   0        26 260
22  87  45  66  14   0   1 0.00  0.0    0 10.0 25 240   M    M   0        32 240
23  70  41  56   3   9   0 0.00  0.0    0 16.0 41 280   M    M   1 8      54 270
================================================================================
SM 1783  937       133   6    T      0.0 191.3          M        4
================================================================================
AV 77.5 40.7                               8.3 FASTST   M    M   0    MAX(MPH)
                                 MISC ---->  # 41 280               # 54  270
================================================================================
NOTES:
# LAST OF SEVERAL OCCURRENCES

COLUMN 17 PEAK WIND IN M.P.H.

PRELIMINARY LOCAL CLIMATOLOGICAL DATA (WS FORM: F-6) , PAGE 2

                                          STATION:  DEMING
                                          MONTH:    MARCH
                                          YEAR:     2017
                                          LATITUDE:   32 15 N
                                          LONGITUDE: 107 42 W

[TEMPERATURE DATA]      [PRECIPITATION DATA]       SYMBOLS USED IN COLUMN 16

AVERAGE MONTHLY: 59.1   TOTAL FOR MONTH:      T    1 = FOG OR MIST
DPTR FM NORMAL:   8.6   DPTR FM NORMAL:   -0.33    2 = FOG REDUCING VISIBILITY
HIGHEST:    88 ON 19    GRTST 24HR    T  ON  1- 1      TO 1/4 MILE OR LESS
LOWEST:     31 ON  7                               3 = THUNDER
                        SNOW, ICE PELLETS, HAIL    4 = ICE PELLETS
                        TOTAL MONTH:   0.0 INCH    5 = HAIL
                        GRTST 24HR     0.0         6 = FREEZING RAIN OR DRIZZLE
                        GRTST DEPTH:   0           7 = DUSTSTORM OR SANDSTORM:
                                                       VSBY 1/2 MILE OR LESS
                                                   8 = SMOKE OR HAZE
[NO. OF DAYS WITH]      [WEATHER - DAYS WITH]      9 = BLOWING SNOW
                                                   X = TORNADO
MAX 32 OR BELOW:   0    0.01 INCH OR MORE:   0
MAX 90 OR ABOVE:   0    0.10 INCH OR MORE:   0
MIN 32 OR BELOW:   2    0.50 INCH OR MORE:   0
MIN  0 OR BELOW:   0    1.00 INCH OR MORE:   0

[HDD (BASE 65) ]
TOTAL THIS MO.   133    CLEAR  (SCALE 0-3)  23
DPTR FM NORMAL  -199    PTCLDY (SCALE 4-7)   0
TOTAL FM JUL 1  2162    CLOUDY (SCALE 8-10)  0
DPTR FM NORMAL  -719

[CDD (BASE 65) ]
TOTAL THIS MO.     6
DPTR FM NORMAL     6    [PRESSURE DATA]
TOTAL FM JAN 1     6    HIGHEST SLP M ON M
DPTR FM NORMAL     6    LOWEST  SLP 29.52 ON 23

[REMARKS]
