000
CXUS55 KEAX 260736
CF6DMO
PRELIMINARY LOCAL CLIMATOLOGICAL DATA (WS FORM: F-6)

                                          STATION:   SEDALIA MO
                                          MONTH:     FEBRUARY
                                          YEAR:      2015
                                          LATITUDE:   38 42 N
                                          LONGITUDE:  93  6 W

  TEMPERATURE IN F:       :PCPN:    SNOW:  WIND      :SUNSHINE: SKY     :PK WND
================================================================================
1   2   3   4   5  6A  6B    7    8   9   10  11  12  13   14  15   16   17  18
                                     12Z  AVG MX 2MIN
DY MAX MIN AVG DEP HDD CDD  WTR  SNW DPTH SPD SPD DIR MIN PSBL S-S WX    SPD DR
================================================================================

 1  38  19  29  -4  36   0 0.37    M    M 14.4 29 330   M    M  10 16     36 320
 2  25  11  18 -15  47   0    T    M    M  9.4 25 330   M    M   3        30 330
 3  49  23  36   3  29   0 0.00    M    M 13.0 23 210   M    M   0        29 210
 4  41  13  27  -7  38   0    T    M    M 13.9 24  20   M    M   5 168    28 360
 5  31   7  19 -15  46   0 0.00    M    M  6.8 14 170   M    M   2        17  20
 6  54  26  40   6  25   0 0.00    M    M 13.0 25 220   M    M   0        34 200
 7  67  40  54  20  11   0 0.00    M    M 16.3 25 220   M    M   0        35 220
 8  65  41  53  19  12   0 0.00    M    M   M  22 320   M    M   0 8       M  M
 9  42  33  38   3  27   0 0.00    M    M 10.0 18  10   M    M  10 18     22 350
10  50  24  37   2  28   0 0.00    M    M  6.9 15 120   M    M   1 18     18 120
11  39  27  33  -2  32   0 0.00    M    M 11.7 25 360   M    M   5        31 340
12  30  13  22 -14  43   0 0.00    M    M 11.3 35 340   M    M   4        43 350
13  46  21  34  -2  31   0 0.00    M    M  8.4 15 270   M    M   3        18 270
14  42  16  29  -7  36   0 0.00    M    M 13.2 30  10   M    M   4        35  10
15  21  13  17 -19  48   0 0.17    M    M 12.8 20  70   M    M   7 1      25 110
16  21  13  17 -20  48   0 0.05    M    M  7.7 12 340   M    M   8 1      15  10
17  30  16  23 -14  42   0    T    M    M  8.0 26 320   M    M   8 18     36 320
18  18   7  13 -24  52   0    T    M    M 11.5 24 320   M    M   1        31 310
19  21   3  12 -26  53   0    T    M    M  4.5  9 110   M    M   5        12 100
20  35  17  26 -12  39   0 0.12    M    M 10.4 20 170   M    M   7 168    23 180
21  45  28  37  -1  28   0 0.07    M    M  7.2 21  10   M    M   5 168    27  10
22  28  14  21 -17  44   0 0.00    M    M 14.2 22 360   M    M   3        26  10
23  23   8  16 -23  49   0 0.00    M    M  7.4 17  20   M    M   0        21  20
24  43  14  29 -10  36   0 0.00    M    M 11.2 23 230   M    M   0        32 240
25  51  24  38  -1  27   0    T    M    M 11.1 35 340   M    M   2 16     42 330
================================================================================
SM  955  471       907   0  0.78    M    254.3          M       93
================================================================================
AV 38.2 18.8                              10.6 FASTST   M    M   4    MAX(MPH)
                                 MISC ---->  # 35 340               # 43  350
================================================================================
NOTES:
# LAST OF SEVERAL OCCURRENCES

COLUMN 17 PEAK WIND IN M.P.H.

PRELIMINARY LOCAL CLIMATOLOGICAL DATA (WS FORM: F-6) , PAGE 2

                                          STATION:  SEDALIA MO
                                          MONTH:    FEBRUARY
                                          YEAR:     2015
                                          LATITUDE:   38 42 N
                                          LONGITUDE:  93  6 W

[TEMPERATURE DATA]      [PRECIPITATION DATA]       SYMBOLS USED IN COLUMN 16

AVERAGE MONTHLY: 28.5   TOTAL FOR MONTH:   0.78    1 = FOG OR MIST
DPTR FM NORMAL:  -7.4   DPTR FM NORMAL:   -0.96    2 = FOG REDUCING VISIBILITY
HIGHEST:    67 ON  7    GRTST 24HR  0.73 ON 31- 1      TO 1/4 MILE OR LESS
LOWEST:      3 ON 19                               3 = THUNDER
                        SNOW, ICE PELLETS, HAIL    4 = ICE PELLETS
                        TOTAL MONTH:    M          5 = HAIL
                        GRTST 24HR    M  ON   M    6 = FREEZING RAIN OR DRIZZLE
                        GRTST DEPTH:  M  ON   M    7 = DUSTSTORM OR SANDSTORM:
                                                       VSBY 1/2 MILE OR LESS
                                                   8 = SMOKE OR HAZE
[NO. OF DAYS WITH]      [WEATHER - DAYS WITH]      9 = BLOWING SNOW
                                                   X = TORNADO
MAX 32 OR BELOW:  10    0.01 INCH OR MORE:   5
MAX 90 OR ABOVE:   0    0.10 INCH OR MORE:   3
MIN 32 OR BELOW:  22    0.50 INCH OR MORE:   0
MIN  0 OR BELOW:   0    1.00 INCH OR MORE:   0

[HDD (BASE 65) ]
TOTAL THIS MO.   907    CLEAR  (SCALE 0-3)  11
DPTR FM NORMAL   178    PTCLDY (SCALE 4-7)  12
TOTAL FM JUL 1  3704    CLOUDY (SCALE 8-10)  2
DPTR FM NORMAL   160

[CDD (BASE 65) ]
TOTAL THIS MO.     0
DPTR FM NORMAL     0    [PRESSURE DATA]
TOTAL FM JAN 1     0    HIGHEST SLP  0.00 ON M
DPTR FM NORMAL     0    LOWEST  SLP  0.00 ON M

[REMARKS]
