000
CXUS55 KEAX 190736
CF6DMO
PRELIMINARY LOCAL CLIMATOLOGICAL DATA (WS FORM: F-6)

                                          STATION:   SEDALIA MO
                                          MONTH:     NOVEMBER
                                          YEAR:      2017
                                          LATITUDE:   38 42 N
                                          LONGITUDE:  93  6 W

  TEMPERATURE IN F:       :PCPN:    SNOW:  WIND      :SUNSHINE: SKY     :PK WND
================================================================================
1   2   3   4   5  6A  6B    7    8   9   10  11  12  13   14  15   16   17  18
                                     12Z  AVG MX 2MIN
DY MAX MIN AVG DEP HDD CDD  WTR  SNW DPTH SPD SPD DIR MIN PSBL S-S WX    SPD DR
================================================================================

 1  56  33  45  -8  20   0 0.00    M    M  8.0 16 140   M    M   6 1      20 140
 2  72  46  59   6   6   0 0.00    M    M  8.9 22 350   M    M   5 12     25 340
 3  57  39  48  -4  17   0 0.00    M    M 10.2 18  60   M    M   7 1      24  60
 4  58  50  54   2  11   0 0.00    M    M  5.8 16 220   M    M  10 1      19 220
 5  59  40  50  -1  15   0    T    M    M  9.2 20 350   M    M   9 1      24 340
 6  45  32  39 -12  26   0 0.00    M    M  9.2 15  40   M    M   7        19  30
 7  50  35  43  -8  22   0 0.00    M    M 10.7 17  20   M    M   8 1      21  10
 8  53  30  42  -8  23   0 0.00    M    M  4.2  9  50   M    M   0        12  10
 9  53  30  42  -8  23   0 0.00    M    M 10.2 17 330   M    M   0        23  10
10  42  24  33 -16  32   0 0.00    M    M 10.4 17 100   M    M   2        23 110
11  58  31  45  -4  20   0 0.00    M    M  8.1 16 240   M    M   5 1      22 230
12  50  45  48   0  17   0 0.00    M    M  7.1 14 330   M    M  10 1      22  50
13  53  44  49   1  16   0 0.00    M    M  5.9 13 160   M    M  10        15 160
14  53  48  51   4  14   0 0.02    M    M 11.2 18 170   M    M  10 1      22 170
15  60  39  50   3  15   0 0.29    M    M 10.6 23 340   M    M   4 1      28 340
16  52  30  41  -5  24   0 0.00    M    M  6.7 15 130   M    M   1        19 130
17  66  45  56  10   9   0 0.00    M    M 15.5 26 180   M    M   7        32 180
18  67  37  52   6  13   0 0.28    M    M 15.7 33 340   M    M   4 1      42 330
================================================================================
SM 1004  678       323   0  0.59    M    167.6          M      105
================================================================================
AV 55.8 37.7                               9.3 FASTST   M    M   6    MAX(MPH)
                                 MISC ---->  # 33 340               # 42  330
================================================================================
NOTES:
# LAST OF SEVERAL OCCURRENCES

COLUMN 17 PEAK WIND IN M.P.H.

PRELIMINARY LOCAL CLIMATOLOGICAL DATA (WS FORM: F-6) , PAGE 2

                                          STATION:  SEDALIA MO
                                          MONTH:    NOVEMBER
                                          YEAR:     2017
                                          LATITUDE:   38 42 N
                                          LONGITUDE:  93  6 W

[TEMPERATURE DATA]      [PRECIPITATION DATA]       SYMBOLS USED IN COLUMN 16

AVERAGE MONTHLY: 46.7   TOTAL FOR MONTH:   0.59    1 = FOG OR MIST
DPTR FM NORMAL:  -2.7   DPTR FM NORMAL:   -1.35    2 = FOG REDUCING VISIBILITY
HIGHEST:    72 ON  2    GRTST 24HR  0.29 ON 15-15      TO 1/4 MILE OR LESS
LOWEST:     24 ON 10                               3 = THUNDER
                        SNOW, ICE PELLETS, HAIL    4 = ICE PELLETS
                        TOTAL MONTH:    M          5 = HAIL
                        GRTST 24HR    M  ON   M    6 = FREEZING RAIN OR DRIZZLE
                        GRTST DEPTH:  M  ON   M    7 = DUSTSTORM OR SANDSTORM:
                                                       VSBY 1/2 MILE OR LESS
                                                   8 = SMOKE OR HAZE
[NO. OF DAYS WITH]      [WEATHER - DAYS WITH]      9 = BLOWING SNOW
                                                   X = TORNADO
MAX 32 OR BELOW:   0    0.01 INCH OR MORE:   3
MAX 90 OR ABOVE:   0    0.10 INCH OR MORE:   2
MIN 32 OR BELOW:   6    0.50 INCH OR MORE:   0
MIN  0 OR BELOW:   0    1.00 INCH OR MORE:   0

[HDD (BASE 65) ]
TOTAL THIS MO.   323    CLEAR  (SCALE 0-3)   4
DPTR FM NORMAL    40    PTCLDY (SCALE 4-7)   9
TOTAL FM JUL 1   565    CLOUDY (SCALE 8-10)  5
DPTR FM NORMAL    -9

[CDD (BASE 65) ]
TOTAL THIS MO.     0
DPTR FM NORMAL     0    [PRESSURE DATA]
TOTAL FM JAN 1  1491    HIGHEST SLP  0.00 ON M
DPTR FM NORMAL     4    LOWEST  SLP  0.00 ON M

[REMARKS]
