000
CXUS55 KEAX 250736
CF6DMO
PRELIMINARY LOCAL CLIMATOLOGICAL DATA (WS FORM: F-6)

                                          STATION:   SEDALIA MO
                                          MONTH:     JULY
                                          YEAR:      2016
                                          LATITUDE:   38 42 N
                                          LONGITUDE:  93  6 W

  TEMPERATURE IN F:       :PCPN:    SNOW:  WIND      :SUNSHINE: SKY     :PK WND
================================================================================
1   2   3   4   5  6A  6B    7    8   9   10  11  12  13   14  15   16   17  18
                                     12Z  AVG MX 2MIN
DY MAX MIN AVG DEP HDD CDD  WTR  SNW DPTH SPD SPD DIR MIN PSBL S-S WX    SPD DR
================================================================================

 1  82  65  74  -4   0   9 0.00    M    M  5.6 13  30   M    M   1        19  30
 2  69  64  67 -11   0   2 1.69    M    M  9.5 20 110   M    M  10 13     25  30
 3  73  65  69  -9   0   4 2.95    M    M  6.9 23  60   M    M  10 13     31  60
 4  80  66  73  -5   0   8 0.00    M    M  4.2  8 330   M    M   8 12     10  60
 5  94  68  81   2   0  16 0.00  0.0    0  9.0 20 210   M    M   2 1      23 210
 6  88  76  82   3   0  17    T    M    M  7.9 15 100   M    M   2 3      21 200
 7  88  69  79   0   0  14 0.43    M    M  9.1 33 330   M    M   6 13     45 330
 8  90  72  81   2   0  16 0.18    M    M  4.3 14  20   M    M   2 13     16  10
 9  90  68  79   0   0  14 0.00    M    M  5.0 10  60   M    M   1 3      14  90
10  93  71  82   3   0  17 0.00    M    M  9.3 15 170   M    M   0        20 170
11  91  72  82   3   0  17 0.00    M    M 12.7 24 180   M    M   0        32 180
12  88  68  78  -1   0  13 0.72    M    M  9.6 35 350   M    M   3 13     45 350
13  87  70  79   0   0  14 1.57    M    M 10.0 38 330   M    M   5 13     52 330
14  84  71  78  -1   0  13    T    M    M  6.2 17 260   M    M   1 3      24 250
15  89  67  78  -1   0  13 0.00    M    M  5.9 14  20   M    M   1        18  10
16  88  68  78  -1   0  13 0.00    M    M  7.6 14 170   M    M   2        17 170
17  93  76  85   6   0  20 0.00    M    M 11.4 21 210   M    M   0        27 200
18  92  76  84   5   0  19 0.00    M    M  5.4 13 200   M    M   1        17 330
19  94  77  86   7   0  21 0.00    M    M  5.6 13  50   M    M   0        16  50
20  95  76  86   7   0  21 0.00    M    M  7.0 13 210   M    M   0        16 230
21  95  77  86   7   0  21 0.00    M    M  9.5 17 220   M    M   0 1      22 220
22  93  78  86   7   0  21 0.00    M    M 10.6 24 110   M    M   1        32 110
23  97  76  87   8   0  22 0.00    M    M  7.3 13 180   M    M   0        16 190
24  97  72  85   6   0  20 0.21    M    M  8.0 28 260   M    M   1 13     49 250
================================================================================
SM 2130 1708         0 365  7.75     0.0 187.6          M       57
================================================================================
AV 88.8 71.2                               7.8 FASTST   M    M   2    MAX(MPH)
                                 MISC ---->  # 38 330               # 52  330
================================================================================
NOTES:
# LAST OF SEVERAL OCCURRENCES

COLUMN 17 PEAK WIND IN M.P.H.

PRELIMINARY LOCAL CLIMATOLOGICAL DATA (WS FORM: F-6) , PAGE 2

                                          STATION:  SEDALIA MO
                                          MONTH:    JULY
                                          YEAR:     2016
                                          LATITUDE:   38 42 N
                                          LONGITUDE:  93  6 W

[TEMPERATURE DATA]      [PRECIPITATION DATA]       SYMBOLS USED IN COLUMN 16

AVERAGE MONTHLY: 80.0   TOTAL FOR MONTH:   7.75    1 = FOG OR MIST
DPTR FM NORMAL:   1.1   DPTR FM NORMAL:    4.26    2 = FOG REDUCING VISIBILITY
HIGHEST:    97 ON 24,23 GRTST 24HR  3.93 ON  2- 3      TO 1/4 MILE OR LESS
LOWEST:     64 ON  2                               3 = THUNDER
                        SNOW, ICE PELLETS, HAIL    4 = ICE PELLETS
                        TOTAL MONTH:   0.0 INCH    5 = HAIL
                        GRTST 24HR     0.0         6 = FREEZING RAIN OR DRIZZLE
                        GRTST DEPTH:   0           7 = DUSTSTORM OR SANDSTORM:
                                                       VSBY 1/2 MILE OR LESS
                                                   8 = SMOKE OR HAZE
[NO. OF DAYS WITH]      [WEATHER - DAYS WITH]      9 = BLOWING SNOW
                                                   X = TORNADO
MAX 32 OR BELOW:   0    0.01 INCH OR MORE:   7
MAX 90 OR ABOVE:  13    0.10 INCH OR MORE:   7
MIN 32 OR BELOW:   0    0.50 INCH OR MORE:   4
MIN  0 OR BELOW:   0    1.00 INCH OR MORE:   3

[HDD (BASE 65) ]
TOTAL THIS MO.     0    CLEAR  (SCALE 0-3)  18
DPTR FM NORMAL     0    PTCLDY (SCALE 4-7)   4
TOTAL FM JUL 1     0    CLOUDY (SCALE 8-10)  2
DPTR FM NORMAL     0

[CDD (BASE 65) ]
TOTAL THIS MO.   365
DPTR FM NORMAL    32    [PRESSURE DATA]
TOTAL FM JAN 1   905    HIGHEST SLP  0.00 ON M
DPTR FM NORMAL   129    LOWEST  SLP  0.00 ON M

[REMARKS]
