000
CXUS55 KVEF 170940
CF6DRA
PRELIMINARY LOCAL CLIMATOLOGICAL DATA (WS FORM: F-6)

                                          STATION:   DESERT ROCK-MERCURY NV
                                          MONTH:     JANUARY
                                          YEAR:      2017
                                          LATITUDE:   36 37 N
                                          LONGITUDE: 116  1 W

  TEMPERATURE IN F:       :PCPN:    SNOW:  WIND      :SUNSHINE: SKY     :PK WND
================================================================================
1   2   3   4   5  6A  6B    7    8   9   10  11  12  13   14  15   16   17  18
                                     12Z  AVG MX 2MIN
DY MAX MIN AVG DEP HDD CDD  WTR  SNW DPTH SPD SPD DIR MIN PSBL S-S WX    SPD DR
================================================================================

 1  54  38  46   3  19   0    T    M    0 10.6 25 210   M    M   3 12     32 190
 2  55  38  47   4  18   0 0.00  0.0    0 11.7 26 200   M    M   0        36 210
 3  51  35  43   0  22   0 0.00  0.0    0  5.3 17 220   M    M   0        23 210
 4  55  31  43   0  22   0 0.00  0.0    0  5.8 20 200   M    M   7        27 190
 5  62  34  48   5  17   0 0.00  0.0    0 16.9 36 210   M    M   6        42 210
 6  42  26  34  -9  31   0 0.00  0.0    0 13.2 29  20   M    M   0        34  30
 7  43  33  38  -5  27   0    T    M    0  7.3 18 120   M    M   9        22 120
 8  62  37  50   7  15   0 0.00  0.0    0 11.8 25 200   M    M   3        33 180
 9  61  47  54  11  11   0 0.01    M    0 18.2 36 210   M    M   4        44 200
10  59  35  47   4  18   0 0.00  0.0    0  7.2 26 180   M    M   2        35 190
11  60  49  55  11  10   0 0.00  0.0    0 19.6 38 200   M    M   2        50 210
12  56  43  50   6  15   0 0.33    M    0 10.9 25 200   M    M   7 1      34 190
13  47  40  44   0  21   0 0.13    M    0  8.9 18  30   M    M   7 1      22  30
14  54  40  47   3  18   0 0.00  0.0    0 13.7 21  50   M    M   1        24 120
15  52  38  45   1  20   0 0.00  0.0    0 14.0 17  40   M    M   0         M  M
16   M   M   M   M   M   M    M    M    M   M   M   M   M    M   M         M  M
================================================================================
SM  813  564       284   0  0.47     0.0 175.1          M       51
================================================================================
AV 54.2 37.6                              11.7 FASTST   M    M   3    MAX(MPH)
                                 MISC ---->  # 38 200               # 50  210
================================================================================
NOTES:
# LAST OF SEVERAL OCCURRENCES

COLUMN 17 PEAK WIND IN M.P.H.

PRELIMINARY LOCAL CLIMATOLOGICAL DATA (WS FORM: F-6) , PAGE 2

                                          STATION:  DESERT ROCK-MERCURY NV
                                          MONTH:    JANUARY
                                          YEAR:     2017
                                          LATITUDE:   36 37 N
                                          LONGITUDE: 116  1 W

[TEMPERATURE DATA]      [PRECIPITATION DATA]       SYMBOLS USED IN COLUMN 16

AVERAGE MONTHLY: 45.9   TOTAL FOR MONTH:   0.47    1 = FOG OR MIST
DPTR FM NORMAL:   2.5   DPTR FM NORMAL:    0.05    2 = FOG REDUCING VISIBILITY
HIGHEST:    62 ON  8, 5 GRTST 24HR  0.46 ON 12-13      TO 1/4 MILE OR LESS
LOWEST:     26 ON  6                               3 = THUNDER
                        SNOW, ICE PELLETS, HAIL    4 = ICE PELLETS
                        TOTAL MONTH:   0.0 INCH    5 = HAIL
                        GRTST 24HR     0.0         6 = FREEZING RAIN OR DRIZZLE
                        GRTST DEPTH:   0           7 = DUSTSTORM OR SANDSTORM:
                                                       VSBY 1/2 MILE OR LESS
                                                   8 = SMOKE OR HAZE
[NO. OF DAYS WITH]      [WEATHER - DAYS WITH]      9 = BLOWING SNOW
                                                   X = TORNADO
MAX 32 OR BELOW:   0    0.01 INCH OR MORE:   3
MAX 90 OR ABOVE:   0    0.10 INCH OR MORE:   2
MIN 32 OR BELOW:   2    0.50 INCH OR MORE:   0
MIN  0 OR BELOW:   0    1.00 INCH OR MORE:   0

[HDD (BASE 65) ]
TOTAL THIS MO.   284    CLEAR  (SCALE 0-3)   8
DPTR FM NORMAL   -62    PTCLDY (SCALE 4-7)   6
TOTAL FM JUL 1  1321    CLOUDY (SCALE 8-10)  1
DPTR FM NORMAL  -259

[CDD (BASE 65) ]
TOTAL THIS MO.     0
DPTR FM NORMAL     0    [PRESSURE DATA]
TOTAL FM JAN 1     0    HIGHEST SLP M ON M
DPTR FM NORMAL     0    LOWEST  SLP 29.62 ON  5

[REMARKS]
