000
CXUS55 KGJT 181000
CF6DRO
PRELIMINARY LOCAL CLIMATOLOGICAL DATA (WS FORM: F-6)

                                          STATION:   DURANGO AIRPORT CO
                                          MONTH:     FEBRUARY
                                          YEAR:      2018
                                          LATITUDE:   37  9 N
                                          LONGITUDE: 107 45 W

  TEMPERATURE IN F:       :PCPN:    SNOW:  WIND      :SUNSHINE: SKY     :PK WND
================================================================================
1   2   3   4   5  6A  6B    7    8   9   10  11  12  13   14  15   16   17  18
                                     12Z  AVG MX 2MIN
DY MAX MIN AVG DEP HDD CDD  WTR  SNW DPTH SPD SPD DIR MIN PSBL S-S WX    SPD DR
================================================================================

 1  60  22  41  16  24   0 0.00    M    M  9.1 25 260   M    M   3        31 260
 2  59  31  45  20  20   0 0.00    M    M  9.4 24 260   M    M   3        29 220
 3  57  22  40  14  25   0 0.00    M    M  7.9 23 260   M    M   0        29 260
 4  60  20  40  14  25   0 0.00    M    M  6.5 24 250   M    M   0        29 250
 5  58  22  40  14  25   0 0.00    M    M  8.5 26 250   M    M   2        33 250
 6  49  19  34   8  31   0 0.00    M    M 11.4 28 290   M    M   4        35 290
 7  49  12  31   5  34   0 0.00    M    M  5.1 14 220   M    M   0        17 230
 8  54  14  34   7  31   0 0.00    M    M  4.4 16 210   M    M   0        19 210
 9  57  15  36   9  29   0 0.00    M    M  6.7 24 250   M    M   0        33 250
10  48  21  35   8  30   0 0.00    M    M  8.8 32 260   M    M   4        43 260
11  41   9  25  -2  40   0 0.00    M    M  5.0 14 340   M    M   0        19 330
12  35  17  26  -2  39   0 0.17    M    M  4.5 14  10   M    M  10 1      15  10
13  49  29  39  11  26   0 0.02    M    M  3.0  9  10   M    M   7 12     14  20
14  47  25  36   8  29   0 0.03    M    M  3.8 29 220   M    M   4 1      37 220
15  45  29  37   9  28   0 0.07    M    M 11.0 25 270   M    M   6 1      32 290
16  42  20  31   2  34   0 0.00    M    M  3.1 12 360   M    M   1        13 250
17  50  16  33   4  32   0 0.00    M    M  4.1 16 210   M    M   0        22 220
================================================================================
SM  860  343       502   0  0.29    M    112.3          M       44
================================================================================
AV 50.6 20.2                               6.6 FASTST   M    M   3    MAX(MPH)
                                 MISC ---->  # 32 260               # 43  260
================================================================================
NOTES:
# LAST OF SEVERAL OCCURRENCES

COLUMN 17 PEAK WIND IN M.P.H.

PRELIMINARY LOCAL CLIMATOLOGICAL DATA (WS FORM: F-6) , PAGE 2

                                          STATION:  DURANGO AIRPORT CO
                                          MONTH:    FEBRUARY
                                          YEAR:     2018
                                          LATITUDE:   37  9 N
                                          LONGITUDE: 107 45 W

[TEMPERATURE DATA]      [PRECIPITATION DATA]       SYMBOLS USED IN COLUMN 16

AVERAGE MONTHLY: 35.4   TOTAL FOR MONTH:   0.29    1 = FOG OR MIST
DPTR FM NORMAL:   8.4   DPTR FM NORMAL:   -0.43    2 = FOG REDUCING VISIBILITY
HIGHEST:    60 ON  4, 1 GRTST 24HR  0.17 ON 12-12      TO 1/4 MILE OR LESS
LOWEST:      9 ON 11                               3 = THUNDER
                        SNOW, ICE PELLETS, HAIL    4 = ICE PELLETS
                        TOTAL MONTH:    M          5 = HAIL
                        GRTST 24HR    M  ON   M    6 = FREEZING RAIN OR DRIZZLE
                        GRTST DEPTH:  M  ON   M    7 = DUSTSTORM OR SANDSTORM:
                                                       VSBY 1/2 MILE OR LESS
                                                   8 = SMOKE OR HAZE
[NO. OF DAYS WITH]      [WEATHER - DAYS WITH]      9 = BLOWING SNOW
                                                   X = TORNADO
MAX 32 OR BELOW:   0    0.01 INCH OR MORE:   4
MAX 90 OR ABOVE:   0    0.10 INCH OR MORE:   1
MIN 32 OR BELOW:  17    0.50 INCH OR MORE:   0
MIN  0 OR BELOW:   0    1.00 INCH OR MORE:   0

[HDD (BASE 65) ]
TOTAL THIS MO.   502    CLEAR  (SCALE 0-3)  10
DPTR FM NORMAL  -145    PTCLDY (SCALE 4-7)   6
TOTAL FM JUL 1  4157    CLOUDY (SCALE 8-10)  1
DPTR FM NORMAL  -644

[CDD (BASE 65) ]
TOTAL THIS MO.     0
DPTR FM NORMAL     0    [PRESSURE DATA]
TOTAL FM JAN 1     0    HIGHEST SLP M ON M
DPTR FM NORMAL     0    LOWEST  SLP 29.49 ON 10

[REMARKS]
