000
CXUS54 KFWD 270730
CF6DTO
PRELIMINARY LOCAL CLIMATOLOGICAL DATA (WS FORM: F-6)

                                          STATION:   DENTON
                                          MONTH:     JANUARY
                                          YEAR:      2015
                                          LATITUDE:   33 12 N
                                          LONGITUDE:  97 12 W

  TEMPERATURE IN F:       :PCPN:    SNOW:  WIND      :SUNSHINE: SKY     :PK WND
================================================================================
1   2   3   4   5  6A  6B    7    8   9   10  11  12  13   14  15   16   17  18
                                     12Z  AVG MX 2MIN
DY MAX MIN AVG DEP HDD CDD  WTR  SNW DPTH SPD SPD DIR MIN PSBL S-S WX    SPD DR
================================================================================

 1  35  30  33  -9  32   0 0.71    M    0  4.3 10  40   M    M  10 16     13  40
 2  39  34  37  -5  28   0 0.56    M    0  8.0 18  10   M    M   9 13     23  20
 3  54  37  46   3  19   0 0.24    M    0  7.1 15 280   M    M   5 13     20 200
 4  39  25  32 -11  33   0 0.00  0.0    0 12.6 25 330   M    M   1        31 330
 5  46  18  32 -11  33   0 0.00  0.0    0  8.1 16 180   M    M   0        22 160
 6  55  26  41  -2  24   0 0.00  0.0    0  6.9 15  10   M    M   0        20  40
 7  38  20  29 -14  36   0 0.00  0.0    0 18.2 32  10   M    M   0        39  10
 8  38  15  27 -16  38   0 0.00  0.0    0  8.8 23 180   M    M   0        27 200
 9  41  24  33 -10  32   0 0.00  0.0    0 10.1 25  30   M    M   5        33  30
10  38  27  33 -10  32   0 0.02  0.0    0  8.1 15 160   M    M  10 1      19 170
11  41  33  37  -6  28   0 0.20  0.0    0  7.4 16 140   M    M  10 1      19 140
12  42  34  38  -5  27   0 0.00  0.0    0 12.2 22  10   M    M  10 18     26 360
13  38  30  34  -9  31   0 0.00  0.0    0  8.4 15  10   M    M  10 18     19  20
14  40  33  37  -6  28   0 0.00  0.0    0  5.8 10 340   M    M  10        12 320
15  57  29  43   0  22   0 0.00  0.0    0  4.7 13 310   M    M   3        17 300
16  63  26  45   2  20   0 0.00  0.0    0  6.0 16 210   M    M   0        20 220
17  67  40  54  10  11   0 0.00  0.0    0 11.3 24 330   M    M   0        29 340
18  71  29  50   6  15   0 0.00  0.0    0  7.9 20 210   M    M   0        26 210
19  69  35  52   8  13   0 0.00  0.0    0  5.2 13 140   M    M   0        15 140
20  69  33  51   7  14   0 0.00  0.0    0  8.9 20  30   M    M   0        25  30
21  61  35  48   4  17   0 0.21  0.0    0  9.5 20  40   M    M   4 1      24  40
22  44  38  41  -3  24   0 0.80    M    0 15.8 25  30   M    M  10 1      33  20
23  50  32  41  -3  24   0 0.00  0.0    0  8.7 18 310   M    M   4        21 310
24  61  31  46   2  19   0 0.00  0.0    0  7.1 14 320   M    M   0        19 230
25  62  33  48   4  17   0 0.00  0.0    0 11.5 31 330   M    M   0        40 330
26  73  30  52   8  13   0 0.00  0.0    0  6.3 16 270   M    M   0        22 280
================================================================================
SM 1331  777       630   0  2.74     0.0 228.9          M      101
================================================================================
AV 51.2 29.9                               8.8 FASTST   M    M   4    MAX(MPH)
                                 MISC ---->  # 32  10               # 40  330
================================================================================
NOTES:
# LAST OF SEVERAL OCCURRENCES

COLUMN 17 PEAK WIND IN M.P.H.

PRELIMINARY LOCAL CLIMATOLOGICAL DATA (WS FORM: F-6) , PAGE 2

                                          STATION:  DENTON
                                          MONTH:    JANUARY
                                          YEAR:     2015
                                          LATITUDE:   33 12 N
                                          LONGITUDE:  97 12 W

[TEMPERATURE DATA]      [PRECIPITATION DATA]       SYMBOLS USED IN COLUMN 16

AVERAGE MONTHLY: 40.5   TOTAL FOR MONTH:   2.74    1 = FOG OR MIST
DPTR FM NORMAL:  -2.8   DPTR FM NORMAL:    1.20    2 = FOG REDUCING VISIBILITY
HIGHEST:    73 ON 26    GRTST 24HR  1.01 ON 21-22      TO 1/4 MILE OR LESS
LOWEST:     15 ON  8                               3 = THUNDER
                        SNOW, ICE PELLETS, HAIL    4 = ICE PELLETS
                        TOTAL MONTH:   0.0 INCH    5 = HAIL
                        GRTST 24HR     0.0         6 = FREEZING RAIN OR DRIZZLE
                        GRTST DEPTH:   0           7 = DUSTSTORM OR SANDSTORM:
                                                       VSBY 1/2 MILE OR LESS
                                                   8 = SMOKE OR HAZE
[NO. OF DAYS WITH]      [WEATHER - DAYS WITH]      9 = BLOWING SNOW
                                                   X = TORNADO
MAX 32 OR BELOW:   0    0.01 INCH OR MORE:   7
MAX 90 OR ABOVE:   0    0.10 INCH OR MORE:   6
MIN 32 OR BELOW:  15    0.50 INCH OR MORE:   3
MIN  0 OR BELOW:   0    1.00 INCH OR MORE:   0

[HDD (BASE 65) ]
TOTAL THIS MO.   630    CLEAR  (SCALE 0-3)  14
DPTR FM NORMAL    67    PTCLDY (SCALE 4-7)   4
TOTAL FM JUL 1  1623    CLOUDY (SCALE 8-10)  8
DPTR FM NORMAL   -26

[CDD (BASE 65) ]
TOTAL THIS MO.     0
DPTR FM NORMAL     0    [PRESSURE DATA]
TOTAL FM JAN 1     0    HIGHEST SLP M ON M
DPTR FM NORMAL     0    LOWEST  SLP 29.84 ON  3

[REMARKS]
