000
CXUS51 KPBZ 290804
CF6DUJ
PRELIMINARY LOCAL CLIMATOLOGICAL DATA (WS FORM: F-6)

                                          STATION:   DUBOIS
                                          MONTH:     MAY
                                          YEAR:      2015
                                          LATITUDE:   41 10 N
                                          LONGITUDE:  78 54 W

  TEMPERATURE IN F:       :PCPN:    SNOW:  WIND      :SUNSHINE: SKY     :PK WND
================================================================================
1   2   3   4   5  6A  6B    7    8   9   10  11  12  13   14  15   16   17  18
                                     12Z  AVG MX 2MIN
DY MAX MIN AVG DEP HDD CDD  WTR  SNW DPTH SPD SPD DIR MIN PSBL S-S WX    SPD DR
================================================================================

 1  65  41  53   1  12   0 0.00    M    M  8.5 18 340   M    M   6 12     26  20
 2  73  45  59   7   6   0 0.00    M    M  5.2 17 320   M    M   1        25 320
 3  76  48  62   9   3   0 0.00    M    M  5.3 16 240   M    M   2        21 240
 4  81  52  67  14   0   2    T    M    M  9.7 24 240   M    M   4 8      32 240
 5  71  56  64  11   1   0 0.01    M    M  4.4 12 230   M    M   7 12     14 250
 6  73  56  65  11   0   0 0.42    M    M  6.1 12  60   M    M   7 1238   14  60
 7  83  56  70  16   0   5 0.00    M    M  4.0 12 330   M    M   5 128    14 230
 8  89  57  73  19   0   8 0.00    M    M  4.1 12 220   M    M   1        16 230
 9  86  62  74  20   0   9 0.00    M    M  8.0 15 130   M    M   0        22 130
10  87  62  75  20   0  10 0.00    M    M  6.4 14 220   M    M   1        23 230
11  86  62  74  19   0   9 0.11    M    M  7.3 23 300   M    M   4 13     36 300
12  74  52  63   8   2   0 0.04    M    M 17.4 31 230   M    M   7        41 260
13  54  41  48  -8  17   0 0.00    M    M 10.1 21 310   M    M  10        27 310
14  68  36  52  -4  13   0 0.00    M    M  3.0 10 100   M    M   0 18     14 190
15  73  50  62   6   3   0 0.04    M    M  6.5 14 210   M    M   4        19 220
16  78  62  70  14   0   5 0.08    M    M  6.9 16 220   M    M   5 18     23 220
17  76  61  69  12   0   4 0.17    M    M  2.7 10 240   M    M   8 12     14 240
18  80  64  72  15   0   7 0.28    M    M  6.2 20 250   M    M   8 138    24 240
19  76  48  62   5   3   0 0.00    M    M 11.5 26 260   M    M   6 1      32 250
20  55  43  49  -8  16   0 0.00    M    M  7.8 16 310   M    M   6        23 290
21  52  43  48 -10  17   0 0.15    M    M  4.4 10  20   M    M  10 1      13  20
22  65  36  51  -7  14   0    T    M    M 11.2 25 290   M    M   2 1      34 290
23  70  33  52  -6  13   0 0.00    M    M  3.4 16 230   M    M   0        20 240
24  79  44  62   4   3   0 0.00    M    M  4.7 15 240   M    M   1        22 240
25  84  58  71  12   0   6    T    M    M  8.4 18 240   M    M   3        27 240
26  76  66  71  12   0   6 0.02    M    M  6.2 14 230   M    M   5        19 230
27  80  63  72  13   0   7 0.04    M    M  9.2 21 290   M    M   4 13     27 280
28  80  59  70  10   0   5 0.07    M    M  5.4 14 340   M    M   3 12     19 320
================================================================================
SM 2090 1456       123  83  1.43    M    194.0          M      120
================================================================================
AV 74.6 52.0                               6.9 FASTST   M    M   4    MAX(MPH)
                                 MISC ---->  # 31 230               # 41  260
================================================================================
NOTES:
# LAST OF SEVERAL OCCURRENCES

COLUMN 17 PEAK WIND IN M.P.H.

PRELIMINARY LOCAL CLIMATOLOGICAL DATA (WS FORM: F-6) , PAGE 2

                                          STATION:  DUBOIS
                                          MONTH:    MAY
                                          YEAR:     2015
                                          LATITUDE:   41 10 N
                                          LONGITUDE:  78 54 W

[TEMPERATURE DATA]      [PRECIPITATION DATA]       SYMBOLS USED IN COLUMN 16

AVERAGE MONTHLY: 63.3   TOTAL FOR MONTH:   1.43    1 = FOG OR MIST
DPTR FM NORMAL:   7.4   DPTR FM NORMAL:   -2.45    2 = FOG REDUCING VISIBILITY
HIGHEST:    89 ON  8    GRTST 24HR  0.43 ON  5- 6      TO 1/4 MILE OR LESS
LOWEST:     33 ON 23                               3 = THUNDER
                        SNOW, ICE PELLETS, HAIL    4 = ICE PELLETS
                        TOTAL MONTH:    M          5 = HAIL
                        GRTST 24HR    M  ON   M    6 = FREEZING RAIN OR DRIZZLE
                        GRTST DEPTH:  M  ON   M    7 = DUSTSTORM OR SANDSTORM:
                                                       VSBY 1/2 MILE OR LESS
                                                   8 = SMOKE OR HAZE
[NO. OF DAYS WITH]      [WEATHER - DAYS WITH]      9 = BLOWING SNOW
                                                   X = TORNADO
MAX 32 OR BELOW:   0    0.01 INCH OR MORE:  12
MAX 90 OR ABOVE:   0    0.10 INCH OR MORE:   5
MIN 32 OR BELOW:   0    0.50 INCH OR MORE:   0
MIN  0 OR BELOW:   0    1.00 INCH OR MORE:   0

[HDD (BASE 65) ]
TOTAL THIS MO.   123    CLEAR  (SCALE 0-3)  11
DPTR FM NORMAL  -147    PTCLDY (SCALE 4-7)  15
TOTAL FM JUL 1  6936    CLOUDY (SCALE 8-10)  2
DPTR FM NORMAL   153

[CDD (BASE 65) ]
TOTAL THIS MO.    83
DPTR FM NORMAL    67    [PRESSURE DATA]
TOTAL FM JAN 1    83    HIGHEST SLP M ON M
DPTR FM NORMAL    63    LOWEST  SLP 29.89 ON 11

[REMARKS]
