000
CXUS53 KFGF 220915
CF6DVL
PRELIMINARY LOCAL CLIMATOLOGICAL DATA (WS FORM: F-6)

                                          STATION:   DEVIL`S LAKE
                                          MONTH:     SEPTEMBER
                                          YEAR:      2014
                                          LATITUDE:   48  7 N
                                          LONGITUDE:  98 54 W

  TEMPERATURE IN F:       :PCPN:    SNOW:  WIND      :SUNSHINE: SKY     :PK WND
================================================================================
1   2   3   4   5  6A  6B    7    8   9   10  11  12  13   14  15   16   17  18
                                     12Z  AVG MX 2MIN
DY MAX MIN AVG DEP HDD CDD  WTR  SNW DPTH SPD SPD DIR MIN PSBL S-S WX    SPD DR
================================================================================

 1  72  54  63   M   2   0 0.00  0.0    0  8.4 18 300   M    M   2        22 340
 2  77  54  66   M   0   1 0.03  0.0    0 10.1 18 280   M    M   1        27 260
 3  77  50  64   M   1   0 0.00  0.0    0  9.0 17  90   M    M   0        23  80
 4  68  52  60   M   5   0 0.18  0.0    0 15.4 24 280   M    M   7 3      30 280
 5  73  46  60   M   5   0 0.00  0.0    0 12.1 20 270   M    M   0        27 280
 6  79  46  63   M   2   0 0.00  0.0    0  8.4 22 270   M    M   0        25 270
 7  81  48  65   M   0   0 0.00  0.0    0  7.7 13 180   M    M   0        18 180
 8  81  52  67   M   0   2 0.00  0.0    0 14.0 22  20   M    M   3        29  10
 9  52  45  49   M  16   0 0.01    M    0 17.8 25  50   M    M   8        32  50
10  54  43  49   M  16   0 0.00  0.0    0 16.0 23  50   M    M   9        31  50
11  54  39  47   M  18   0 0.00  0.0    0 10.8 16  10   M    M   9        21 360
12  55  37  46   M  19   0 0.00  0.0    0  7.4 13 230   M    M   5        17 260
13  63  45  54   M  11   0 0.00  0.0    0 15.5 21 290   M    M   2        27 200
14  55  45  50   M  15   0 0.00  0.0    0 10.5 17 280   M    M   8        16 310
15  66  37  52   M  13   0 0.00  0.0    0  9.2 18 270   M    M   0        24 270
16  72  48  60   M   5   0 0.00  0.0    0  7.9 14 220   M    M   0        17 240
17  61  45  53   M  12   0 0.00  0.0    0  7.0 14  40   M    M   0         M  M
18  75  43  59   M   6   0 0.00  0.0    0 13.6 23 170   M    M   0        28 170
19  82  55  69   M   0   4 0.03  0.0    0 13.8 23 200   M    M   4 3      30 200
20  70  52  61   M   4   0 0.19  0.0    0 13.7 28 320   M    M   4        36 310
21  66  46  56   M   9   0 0.00  0.0    0  7.0 10 320   M    M   1         M  M
================================================================================
SM 1433  982       159   7  0.44     0.0 235.3          M       63
================================================================================
AV 68.2 46.8                              11.2 FASTST   M    M   3    MAX(MPH)
                                 MISC ---->    28   M                 36    M
================================================================================
NOTES:
# LAST OF SEVERAL OCCURRENCES

COLUMN 17 PEAK WIND IN M.P.H.

PRELIMINARY LOCAL CLIMATOLOGICAL DATA (WS FORM: F-6) , PAGE 2

                                          STATION:  DEVIL`S LAKE
                                          MONTH:    SEPTEMBER
                                          YEAR:     2014
                                          LATITUDE:   48  7 N
                                          LONGITUDE:  98 54 W

[TEMPERATURE DATA]      [PRECIPITATION DATA]       SYMBOLS USED IN COLUMN 16

AVERAGE MONTHLY: 57.5   TOTAL FOR MONTH:   0.44    1 = FOG OR MIST
DPTR FM NORMAL:     M   DPTR FM NORMAL:       M    2 = FOG REDUCING VISIBILITY
HIGHEST:    82 ON 19    GRTST 24HR  0.19 ON 20-20      TO 1/4 MILE OR LESS
LOWEST:     37 ON 15,12                            3 = THUNDER
                        SNOW, ICE PELLETS, HAIL    4 = ICE PELLETS
                        TOTAL MONTH:   0.0 INCH    5 = HAIL
                        GRTST 24HR     0.0         6 = FREEZING RAIN OR DRIZZLE
                        GRTST DEPTH:   0           7 = DUSTSTORM OR SANDSTORM:
                                                       VSBY 1/2 MILE OR LESS
                                                   8 = SMOKE OR HAZE
[NO. OF DAYS WITH]      [WEATHER - DAYS WITH]      9 = BLOWING SNOW
                                                   X = TORNADO
MAX 32 OR BELOW:   0    0.01 INCH OR MORE:   5
MAX 90 OR ABOVE:   0    0.10 INCH OR MORE:   2
MIN 32 OR BELOW:   0    0.50 INCH OR MORE:   0
MIN  0 OR BELOW:   0    1.00 INCH OR MORE:   0

[HDD (BASE 65) ]
TOTAL THIS MO.   159    CLEAR  (SCALE 0-3)  13
DPTR FM NORMAL     M    PTCLDY (SCALE 4-7)   6
TOTAL FM JUL 1   235    CLOUDY (SCALE 8-10)  2
DPTR FM NORMAL     M

[CDD (BASE 65) ]
TOTAL THIS MO.     7
DPTR FM NORMAL     M    [PRESSURE DATA]
TOTAL FM JAN 1   316    HIGHEST SLP M ON M
DPTR FM NORMAL     M    LOWEST  SLP M ON M

[REMARKS]
