000
CXUS53 KFGF 290915
CF6DVL
PRELIMINARY LOCAL CLIMATOLOGICAL DATA (WS FORM: F-6)

                                          STATION:   DEVIL`S LAKE
                                          MONTH:     MARCH
                                          YEAR:      2017
                                          LATITUDE:   48  7 N
                                          LONGITUDE:  98 54 W

  TEMPERATURE IN F:       :PCPN:    SNOW:  WIND      :SUNSHINE: SKY     :PK WND
================================================================================
1   2   3   4   5  6A  6B    7    8   9   10  11  12  13   14  15   16   17  18
                                     12Z  AVG MX 2MIN
DY MAX MIN AVG DEP HDD CDD  WTR  SNW DPTH SPD SPD DIR MIN PSBL S-S WX    SPD DR
================================================================================

 1  15  -5   5   M  60   0    T    M    0  7.1 14 310   M    M   4 1       M  M
 2   7 -12  -2   M  67   0    T    M    0  4.4  8 360   M    M   5         M  M
 3  29  -1  14   M  51   0    T    M    0 14.2 23 150   M    M   7 1      28 150
 4  38  22  30   M  35   0 0.00  0.0    0 18.0 23 150   M    M   0        31 140
 5  46  25  36   M  29   0 0.00  0.0    0  6.6 16 110   M    M   1 12      M  M
 6   M   M   M   M   M   M 0.08    M    0 16.2 40 290   M    M   9 12     53 290
 7  16  10  13   M  52   0    T    M    0 39.2 47 300   M    M   9 128    64 280
 8  16   6  11   M  54   0    T    M    0 23.6 38 300   M    M   4 128    51 290
 9  11  -3   4   M  61   0 0.00  0.0    0 13.8 18 340   M    M   4        21 350
10   6  -9  -1   M  66   0 0.00  0.0    0  8.7 15  10   M    M   2         M  M
11   9  -2   4   M  61   0    T    M    0  8.6 13 100   M    M   5         M  M
12  11   4   8   M  57   0    T    M    0 15.8 20  60   M    M   9 1      25  70
13  15 -10   3   M  62   0 0.00  0.0    0  4.4 10  10   M    M   0         M  M
14  24   4  14   M  51   0 0.00  0.0    0 11.2 17 200   M    M   1        21 190
15  33  15  24   M  41   0    T    M    0 14.1 22 160   M    M   6        23 150
16  35  26  31   M  34   0 0.05    M    0 13.0 17 150   M    M   5 12      M  M
17  37  24  31   M  34   0    T    M    0 22.8 32 320   M    M   7 1      39 320
18  36  14  25   M  40   0 0.00  0.0    0 10.9 22 150   M    M   2        29 150
19  46  32  39   M  26   0 0.00  0.0    M 14.9 23 150   M    M   1 1      30 160
20  42  22  32   M  33   0 0.00  0.0    0 13.4 24 350   M    M   2        33 350
21  22  13  18   M  47   0    T    M    0 11.0 17  30   M    M   2        17 360
22  31  15  23   M  42   0 0.00  0.0    0 19.3 28 160   M    M   6        36 150
23  36  29  33   M  32   0    T    M    0  7.6 15 180   M    M   4 1       M  M
24  33  25  29   M  36   0 0.00  0.0    0  9.4 15  30   M    M   5         M  M
25  40  26  33   M  32   0 0.00  0.0    0 12.9 22 170   M    M   5 1      28 170
26  52  32  42   M  23   0 0.00  0.0    0  4.7 10 100   M    M   4 1       M  M
27  54  34  44   M  21   0 0.01    M    0  7.4 14  60   M    M   6 12      M  M
28  51  32  42   M  23   0 0.00  0.0    0  8.1 13 100   M    M   3 1       M  M
================================================================================
SM  791  368      1170   0  0.14     0.0 361.3          M      118
================================================================================
AV 29.3 13.6                              12.9 FASTST   M    M   4    MAX(MPH)
                                 MISC ---->    47   M                 64    M
================================================================================
NOTES:
# LAST OF SEVERAL OCCURRENCES

COLUMN 17 PEAK WIND IN M.P.H.

PRELIMINARY LOCAL CLIMATOLOGICAL DATA (WS FORM: F-6) , PAGE 2

                                          STATION:  DEVIL`S LAKE
                                          MONTH:    MARCH
                                          YEAR:     2017
                                          LATITUDE:   48  7 N
                                          LONGITUDE:  98 54 W

[TEMPERATURE DATA]      [PRECIPITATION DATA]       SYMBOLS USED IN COLUMN 16

AVERAGE MONTHLY: 21.5   TOTAL FOR MONTH:   0.14    1 = FOG OR MIST
DPTR FM NORMAL:     M   DPTR FM NORMAL:       M    2 = FOG REDUCING VISIBILITY
HIGHEST:    54 ON 27    GRTST 24HR  0.08 ON  6- 6      TO 1/4 MILE OR LESS
LOWEST:    -12 ON  2                               3 = THUNDER
                        SNOW, ICE PELLETS, HAIL    4 = ICE PELLETS
                        TOTAL MONTH:   0.0 INCH    5 = HAIL
                        GRTST 24HR     0.0         6 = FREEZING RAIN OR DRIZZLE
                        GRTST DEPTH:   0           7 = DUSTSTORM OR SANDSTORM:
                                                       VSBY 1/2 MILE OR LESS
                                                   8 = SMOKE OR HAZE
[NO. OF DAYS WITH]      [WEATHER - DAYS WITH]      9 = BLOWING SNOW
                                                   X = TORNADO
MAX 32 OR BELOW:  13    0.01 INCH OR MORE:   3
MAX 90 OR ABOVE:   0    0.10 INCH OR MORE:   0
MIN 32 OR BELOW:  26    0.50 INCH OR MORE:   0
MIN  0 OR BELOW:   7    1.00 INCH OR MORE:   0

[HDD (BASE 65) ]
TOTAL THIS MO.  1170    CLEAR  (SCALE 0-3)  10
DPTR FM NORMAL     M    PTCLDY (SCALE 4-7)  15
TOTAL FM JUL 1  7265    CLOUDY (SCALE 8-10)  3
DPTR FM NORMAL     M

[CDD (BASE 65) ]
TOTAL THIS MO.     0
DPTR FM NORMAL     M    [PRESSURE DATA]
TOTAL FM JAN 1     0    HIGHEST SLP M ON M
DPTR FM NORMAL     M    LOWEST  SLP M ON M

[REMARKS]
