000
CXUS55 KDVN 231100
CF6DVN
PRELIMINARY LOCAL CLIMATOLOGICAL DATA (WS FORM: F-6)

                                          STATION:   DAVENPORT IA
                                          MONTH:     OCTOBER
                                          YEAR:      2014
                                          LATITUDE:   41 37 N
                                          LONGITUDE:  90 35 W

  TEMPERATURE IN F:       :PCPN:    SNOW:  WIND      :SUNSHINE: SKY     :PK WND
================================================================================
1   2   3   4   5  6A  6B    7    8   9   10  11  12  13   14  15   16   17  18
                                     12Z  AVG MX 2MIN
DY MAX MIN AVG DEP HDD CDD  WTR  SNW DPTH SPD SPD DIR MIN PSBL S-S WX    SPD DR
================================================================================

 1  72  50  61   4   4   0    T  0.0    0  9.3 18 120   M    M   3 18     22 110
 2  70  58  64   7   1   0 0.37  0.0    0  6.3 23 180   M    M   7 12     30 180
 3  59  39  49  -7  16   0 0.57  0.0    0 19.9 32 290   M    M   8 1      40 290
 4  52  36  44 -12  21   0    T    T    0 15.5 28 290   M    M   8        33 290
 5  57  35  46 -10  19   0    T  0.0    0  7.8 21 280   M    M   7        28 270
 6  60  42  51  -4  14   0 0.01  0.0    0 10.8 23 260   M    M   3        31 290
 7  71  44  58   3   7   0 0.00  0.0    0 10.8 29 290   M    M   1        36 280
 8  69  37  53  -1  12   0    T  0.0    0  9.5 23 290   M    M   1        28 260
 9  67  43  55   1  10   0 0.07  0.0    0  5.7 12  30   M    M   5        14  30
10  58  36  47  -7  18   0 0.00  0.0    0  6.9 13  10   M    M   0        16  50
11  60  32  46  -8  19   0 0.00  0.0    0  4.2 12 150   M    M   0        16 120
12  57  35  46  -7  19   0 0.05  0.0    0  8.4 17 130   M    M   6 1      20 130
13  66  53  60   7   5   0 0.99  0.0    0 10.4 25  60   M    M  10 12     34  70
14  62  51  57   5   8   0 0.61  0.0    0 14.6 25  10   M    M  10 1      32 360
15  56  44  50  -2  15   0    T  0.0    0 10.4 20 350   M    M   9 1      23 340
16  68  40  54   2  11   0 0.00  0.0    0  6.2 13 220   M    M   2 12     19 230
17  57  46  52   1  13   0 0.00  0.0    0 15.1 26 300   M    M   6        35 300
18  52  36  44  -7  21   0 0.00  0.0    0  6.9 16 340   M    M   6 1      19 330
19  60  33  47  -4  18   0 0.00  0.0    0 10.1 18 210   M    M   1 1      22 190
20  68  43  56   6   9   0 0.00  0.0    0 10.9 22 330   M    M   0        28 310
21  58  36  47  -3  18   0 0.00  0.0    0  7.6 15  60   M    M   0        21  40
22  61  34  48  -2  17   0 0.00  0.0    0  8.4 14 140   M    M   0        18 140
================================================================================
SM 1360  903       295   0  2.67    T    215.7          M       93
================================================================================
AV 61.8 41.0                               9.8 FASTST   M    M   4    MAX(MPH)
                                 MISC ---->  # 32 290               # 40  290
================================================================================
NOTES:
# LAST OF SEVERAL OCCURRENCES

COLUMN 17 PEAK WIND IN M.P.H.

PRELIMINARY LOCAL CLIMATOLOGICAL DATA (WS FORM: F-6) , PAGE 2

                                          STATION:  DAVENPORT IA
                                          MONTH:    OCTOBER
                                          YEAR:     2014
                                          LATITUDE:   41 37 N
                                          LONGITUDE:  90 35 W

[TEMPERATURE DATA]      [PRECIPITATION DATA]       SYMBOLS USED IN COLUMN 16

AVERAGE MONTHLY: 51.4   TOTAL FOR MONTH:   2.67    1 = FOG OR MIST
DPTR FM NORMAL:  -1.9   DPTR FM NORMAL:    0.54    2 = FOG REDUCING VISIBILITY
HIGHEST:    72 ON  1    GRTST 24HR  1.25 ON 13-14      TO 1/4 MILE OR LESS
LOWEST:     32 ON 11                               3 = THUNDER
                        SNOW, ICE PELLETS, HAIL    4 = ICE PELLETS
                        TOTAL MONTH:    T          5 = HAIL
                        GRTST 24HR    T  ON  4- 4  6 = FREEZING RAIN OR DRIZZLE
                        GRTST DEPTH:   0           7 = DUSTSTORM OR SANDSTORM:
                                                       VSBY 1/2 MILE OR LESS
                                                   8 = SMOKE OR HAZE
[NO. OF DAYS WITH]      [WEATHER - DAYS WITH]      9 = BLOWING SNOW
                                                   X = TORNADO
MAX 32 OR BELOW:   0    0.01 INCH OR MORE:   7
MAX 90 OR ABOVE:   0    0.10 INCH OR MORE:   4
MIN 32 OR BELOW:   1    0.50 INCH OR MORE:   3
MIN  0 OR BELOW:   0    1.00 INCH OR MORE:   0

[HDD (BASE 65) ]
TOTAL THIS MO.   295    CLEAR  (SCALE 0-3)   9
DPTR FM NORMAL    27    PTCLDY (SCALE 4-7)   8
TOTAL FM JUL 1   452    CLOUDY (SCALE 8-10)  5
DPTR FM NORMAL    49

[CDD (BASE 65) ]
TOTAL THIS MO.     0
DPTR FM NORMAL   -11    [PRESSURE DATA]
TOTAL FM JAN 1   725    HIGHEST SLP M ON M
DPTR FM NORMAL   -60    LOWEST  SLP 29.41 ON M

[REMARKS]
