000
CXUS55 KPSR 281005
CF6DVT
PRELIMINARY LOCAL CLIMATOLOGICAL DATA (WS FORM: F-6)

                                          STATION:   DEER VLY/PHOENIX AZ
                                          MONTH:     JULY
                                          YEAR:      2017
                                          LATITUDE:   33 41 N
                                          LONGITUDE: 112  4 W

  TEMPERATURE IN F:       :PCPN:    SNOW:  WIND      :SUNSHINE: SKY     :PK WND
================================================================================
1   2   3   4   5  6A  6B    7    8   9   10  11  12  13   14  15   16   17  18
                                     12Z  AVG MX 2MIN
DY MAX MIN AVG DEP HDD CDD  WTR  SNW DPTH SPD SPD DIR MIN PSBL S-S WX    SPD DR
================================================================================

 1 108  74  91   0   0  26 0.00  0.0    0  6.8 18 240   M    M   0        23 240
 2 106  77  92   1   0  27 0.00  0.0    0  7.2 16 240   M    M   0        23 240
 3 106  82  94   3   0  29 0.00  0.0    0  6.7 17 260   M    M   0        22 260
 4 109  78  94   3   0  29 0.00  0.0    0  6.3 17 220   M    M   0        24 220
 5 111  78  95   4   0  30 0.00  0.0    0  7.0 17 250   M    M   0        22 250
 6 110  87  99   7   0  34 0.00  0.0    0  5.3 12 250   M    M   0        19 210
 7 115  87 101   9   0  36    T  0.0    0  6.8 17  60   M    M   0        23 130
 8 110  94 102  10   0  37 0.00  0.0    0  9.0 23  30   M    M   0 38     31  30
 9 107  85  96   4   0  31 0.00  0.0    0 11.1 26 240   M    M   0        34 240
10 108  86  97   5   0  32 0.00  0.0    0  8.1 20 270   M    M   1        23 260
11 102  84  93   1   0  28 0.00  0.0    0  8.5 22 140   M    M   1        28 110
12 107  83  95   3   0  30 0.00  0.0    0  6.9 20 330   M    M   0 3      26 310
13 108  85  97   5   0  32 0.00  0.0    0  7.1 23 170   M    M   0 8      28 170
14 106  85  96   4   0  31 0.00  0.0    0  6.9 32 330   M    M   1 8      41 330
15 107  83  95   3   0  30    T  0.0    0  7.6 28 330   M    M   1 3      34 330
16 102  73  88  -4   0  23 0.10  0.0    0  9.0 33  60   M    M   1 13     50  60
17  98  76  87  -5   0  22    T  0.0    0  6.0 16 130   M    M   0 3      22 130
18 101  80  91  -1   0  26 0.03  0.0    0  8.1 31 330   M    M   2 3      39 330
19 103  81  92   0   0  27 0.00  0.0    0  6.9 29 240   M    M   0        34 240
20 103  83  93   1   0  28 0.13  0.0    0  6.8 28 240   M    M   2        36 250
21 103  80  92   0   0  27 0.30  0.0    0  7.4 37  70   M    M   0 3      61  80
22 104  82  93   1   0  28    T  0.0    0  6.2 22 320   M    M   0        30 320
23 101  80  91  -1   0  26    T  0.0    0  7.3 35 120   M    M   1        45 130
24  89  74  82 -10   0  17 0.17  0.0    0  5.2 17 110   M    M   2 1      22 130
25 100  81  91  -1   0  26    T  0.0    0  6.0 20 260   M    M   4        27 250
26 105  80  93   1   0  28 0.00  0.0    0  7.0 16 240   M    M   1        21 250
27 108  82  95   3   0  30 0.00  0.0    0  6.2 20 160   M    M   0        28  50
================================================================================
SM 2837 2200         0 770  0.73     0.0 193.4          M       17
================================================================================
AV105.1 81.5                               7.2 FASTST   M    M   1    MAX(MPH)
                                 MISC ---->  # 37  70               # 61   80
================================================================================
NOTES:
# LAST OF SEVERAL OCCURRENCES

COLUMN 17 PEAK WIND IN M.P.H.

PRELIMINARY LOCAL CLIMATOLOGICAL DATA (WS FORM: F-6) , PAGE 2

                                          STATION:  DEER VLY/PHOENIX AZ
                                          MONTH:    JULY
                                          YEAR:     2017
                                          LATITUDE:   33 41 N
                                          LONGITUDE: 112  4 W

[TEMPERATURE DATA]      [PRECIPITATION DATA]       SYMBOLS USED IN COLUMN 16

AVERAGE MONTHLY: 93.3   TOTAL FOR MONTH:   0.73    1 = FOG OR MIST
DPTR FM NORMAL:   1.5   DPTR FM NORMAL:   -0.29    2 = FOG REDUCING VISIBILITY
HIGHEST:   115 ON  7    GRTST 24HR  0.30 ON 21-21      TO 1/4 MILE OR LESS
LOWEST:     73 ON 16                               3 = THUNDER
                        SNOW, ICE PELLETS, HAIL    4 = ICE PELLETS
                        TOTAL MONTH:   0.0 INCH    5 = HAIL
                        GRTST 24HR     0.0         6 = FREEZING RAIN OR DRIZZLE
                        GRTST DEPTH:   0           7 = DUSTSTORM OR SANDSTORM:
                                                       VSBY 1/2 MILE OR LESS
                                                   8 = SMOKE OR HAZE
[NO. OF DAYS WITH]      [WEATHER - DAYS WITH]      9 = BLOWING SNOW
                                                   X = TORNADO
MAX 32 OR BELOW:   0    0.01 INCH OR MORE:   5
MAX 90 OR ABOVE:  26    0.10 INCH OR MORE:   4
MIN 32 OR BELOW:   0    0.50 INCH OR MORE:   0
MIN  0 OR BELOW:   0    1.00 INCH OR MORE:   0

[HDD (BASE 65) ]
TOTAL THIS MO.     0    CLEAR  (SCALE 0-3)  26
DPTR FM NORMAL     0    PTCLDY (SCALE 4-7)   1
TOTAL FM JUL 1     0    CLOUDY (SCALE 8-10)  0
DPTR FM NORMAL     0

[CDD (BASE 65) ]
TOTAL THIS MO.   770
DPTR FM NORMAL    46    [PRESSURE DATA]
TOTAL FM JAN 1  2279    HIGHEST SLP M ON M
DPTR FM NORMAL   264    LOWEST  SLP 28.60 ON  8

[REMARKS]
