000
CXUS55 KPSR 281005
CF6DVT
PRELIMINARY LOCAL CLIMATOLOGICAL DATA (WS FORM: F-6)

                                          STATION:   DEER VLY/PHOENIX AZ
                                          MONTH:     NOVEMBER
                                          YEAR:      2014
                                          LATITUDE:   33 41 N
                                          LONGITUDE: 112  4 W

  TEMPERATURE IN F:       :PCPN:    SNOW:  WIND      :SUNSHINE: SKY     :PK WND
================================================================================
1   2   3   4   5  6A  6B    7    8   9   10  11  12  13   14  15   16   17  18
                                     12Z  AVG MX 2MIN
DY MAX MIN AVG DEP HDD CDD  WTR  SNW DPTH SPD SPD DIR MIN PSBL S-S WX    SPD DR
================================================================================

 1  78  62  70   2   0   5 0.00  0.0    0  5.0 15 230   M    M   3        20 260
 2  70  51  61  -6   4   0 0.00  0.0    0  6.4 16 230   M    M   4        22 240
 3  73  49  61  -6   4   0 0.00  0.0    0  5.8 17 280   M    M   0        22 270
 4  79  55  67   1   0   2 0.00  0.0    0  7.7 20  30   M    M   0        28  30
 5  85  60  73   7   0   8 0.00  0.0    0  7.6 20  40   M    M   0        25  40
 6  83  56  70   5   0   5 0.00  0.0    0  4.1 14 140   M    M   0        20 140
 7  81  56  69   4   0   4 0.00  0.0    0  2.3 13  30   M    M   0        15  30
 8  86  54  70   6   0   5 0.00  0.0    0  2.8 13  30   M    M   0        15  30
 9  83  59  71   7   0   6 0.00  0.0    0  3.3 13  30   M    M   0        15  40
10  80  57  69   5   0   4 0.00  0.0    0  2.8 13 190   M    M   0        16 210
11  79  56  68   5   0   3 0.00  0.0    0  4.0 12  90   M    M   0        15 120
12  75  58  67   4   0   2 0.00  0.0    0  4.6 12 200   M    M   0        17 210
13  75  57  66   4   0   1 0.00  0.0    0  3.3 12 240   M    M   2        16 260
14  71  57  64   2   1   0 0.00  0.0    0  3.4 10 210   M    M   1        13 210
15  73  53  63   2   2   0 0.00  0.0    0  4.0 13 230   M    M   1        16 220
16  68  46  57  -4   8   0 0.00  0.0    0  9.8 28 360   M    M   0 8      33  20
17  69  39  54  -6  11   0 0.00  0.0    0  3.1 13  40   M    M   0        16  30
18  70  39  55  -5  10   0 0.00  0.0    0  4.4 13  40   M    M   0        23  90
19  71  45  58  -2   7   0 0.00  0.0    0  2.6 12  30   M    M   0        14  30
20  70  42  56  -3   9   0 0.00  0.0    0  3.5 12  30   M    M   0        14  30
21  71  47  59   0   6   0 0.00  0.0    0  3.3 16 220   M    M   0        20 220
22  68  41  55  -3  10   0 0.00  0.0    0  2.2 10 170   M    M   0        14 160
23  73  44  59   1   6   0 0.00  0.0    0  7.3 25 350   M    M   0        36 330
24  72  39  56  -1   9   0 0.00  0.0    0  7.4 23 310   M    M   0        28 350
25  65  41  53  -4  12   0 0.00  0.0    0  2.8 12  40   M    M   0        14  30
26  72  41  57   0   8   0 0.00  0.0    0  2.5 10  30   M    M   0 8      13  30
27  83  47  65   9   0   0 0.00  0.0    0  3.6 12  40   M    M   0        16  40
================================================================================
SM 2023 1351       107  45  0.00     0.0 119.6          M       11
================================================================================
AV 74.9 50.0                               4.4 FASTST   M    M   0    MAX(MPH)
                                 MISC ---->  # 28 360               # 36  330
================================================================================
NOTES:
# LAST OF SEVERAL OCCURRENCES

COLUMN 17 PEAK WIND IN M.P.H.

PRELIMINARY LOCAL CLIMATOLOGICAL DATA (WS FORM: F-6) , PAGE 2

                                          STATION:  DEER VLY/PHOENIX AZ
                                          MONTH:    NOVEMBER
                                          YEAR:     2014
                                          LATITUDE:   33 41 N
                                          LONGITUDE: 112  4 W

[TEMPERATURE DATA]      [PRECIPITATION DATA]       SYMBOLS USED IN COLUMN 16

AVERAGE MONTHLY: 62.5   TOTAL FOR MONTH:   0.00    1 = FOG OR MIST
DPTR FM NORMAL:   0.7   DPTR FM NORMAL:   -0.75    2 = FOG REDUCING VISIBILITY
HIGHEST:    86 ON  8    GRTST 24HR  0.00 ON 27-27      TO 1/4 MILE OR LESS
LOWEST:     39 ON 24,18                            3 = THUNDER
                        SNOW, ICE PELLETS, HAIL    4 = ICE PELLETS
                        TOTAL MONTH:   0.0 INCH    5 = HAIL
                        GRTST 24HR     0.0         6 = FREEZING RAIN OR DRIZZLE
                        GRTST DEPTH:   0           7 = DUSTSTORM OR SANDSTORM:
                                                       VSBY 1/2 MILE OR LESS
                                                   8 = SMOKE OR HAZE
[NO. OF DAYS WITH]      [WEATHER - DAYS WITH]      9 = BLOWING SNOW
                                                   X = TORNADO
MAX 32 OR BELOW:   0    0.01 INCH OR MORE:   0
MAX 90 OR ABOVE:   0    0.10 INCH OR MORE:   0
MIN 32 OR BELOW:   0    0.50 INCH OR MORE:   0
MIN  0 OR BELOW:   0    1.00 INCH OR MORE:   0

[HDD (BASE 65) ]
TOTAL THIS MO.   107    CLEAR  (SCALE 0-3)  26
DPTR FM NORMAL   -25    PTCLDY (SCALE 4-7)   1
TOTAL FM JUL 1   107    CLOUDY (SCALE 8-10)  0
DPTR FM NORMAL   -37

[CDD (BASE 65) ]
TOTAL THIS MO.    45
DPTR FM NORMAL     1    [PRESSURE DATA]
TOTAL FM JAN 1  4010    HIGHEST SLP M ON M
DPTR FM NORMAL   125    LOWEST  SLP 29.69 ON 10

[REMARKS]
