000
CXUS55 KPSR 181005
CF6DVT
PRELIMINARY LOCAL CLIMATOLOGICAL DATA (WS FORM: F-6)

                                          STATION:   DEER VLY/PHOENIX AZ
                                          MONTH:     NOVEMBER
                                          YEAR:      2017
                                          LATITUDE:   33 41 N
                                          LONGITUDE: 112  4 W

  TEMPERATURE IN F:       :PCPN:    SNOW:  WIND      :SUNSHINE: SKY     :PK WND
================================================================================
1   2   3   4   5  6A  6B    7    8   9   10  11  12  13   14  15   16   17  18
                                     12Z  AVG MX 2MIN
DY MAX MIN AVG DEP HDD CDD  WTR  SNW DPTH SPD SPD DIR MIN PSBL S-S WX    SPD DR
================================================================================

 1  80  60  70   2   0   5 0.00  0.0    0  5.2 13  30   M    M   1        16  30
 2  78  58  68   1   0   3 0.00  0.0    0  3.4 13 220   M    M   2 8      19 250
 3  78  59  69   2   0   4 0.00  0.0    0  4.6 12 200   M    M   0        15 210
 4  79  65  72   6   0   7 0.00  0.0    0  4.3 10 200   M    M   3        13 220
 5  76  56  66   0   0   1 0.00  0.0    0  3.9 13 210   M    M   0        17 220
 6  78  55  67   2   0   2 0.00  0.0    0  3.3 12 210   M    M   0        15 210
 7  77  61  69   4   0   4 0.00  0.0    0  3.5 12  30   M    M   1        13  40
 8  81  58  70   6   0   5 0.00  0.0    0  2.5  9  40   M    M   0        13 240
 9  83  59  71   7   0   6 0.00  0.0    0  3.0 12  30   M    M   0        14  30
10  82  56  69   5   0   4 0.00  0.0    0  2.4 10  40   M    M   0        12  40
11  83  54  69   6   0   4 0.00  0.0    0  4.2 13  20   M    M   0        16  20
12  84  54  69   6   0   4 0.00  0.0    0  4.1 13  20   M    M   0        16  20
13  85  61  73  11   0   8 0.00  0.0    0  2.0 13  30   M    M   0        14  30
14  83  56  70   8   0   5 0.00  0.0    0  2.5 13  30   M    M   0        15  30
15  81  55  68   7   0   3 0.00  0.0    0  3.4 10  30   M    M   0        14  40
16  83  56  70   9   0   5 0.00  0.0    0  2.1  9  40   M    M   0        13  30
17  74  58  66   6   0   1    T  0.0    0  3.4 13  30   M    M   2        16  30
================================================================================
SM 1365  981         0  71    T      0.0  57.8          M        9
================================================================================
AV 80.3 57.7                               3.4 FASTST   M    M   1    MAX(MPH)
                                 MISC ---->  # 13  30               # 19  250
================================================================================
NOTES:
# LAST OF SEVERAL OCCURRENCES

COLUMN 17 PEAK WIND IN M.P.H.

PRELIMINARY LOCAL CLIMATOLOGICAL DATA (WS FORM: F-6) , PAGE 2

                                          STATION:  DEER VLY/PHOENIX AZ
                                          MONTH:    NOVEMBER
                                          YEAR:     2017
                                          LATITUDE:   33 41 N
                                          LONGITUDE: 112  4 W

[TEMPERATURE DATA]      [PRECIPITATION DATA]       SYMBOLS USED IN COLUMN 16

AVERAGE MONTHLY: 69.0   TOTAL FOR MONTH:      T    1 = FOG OR MIST
DPTR FM NORMAL:   5.0   DPTR FM NORMAL:   -0.37    2 = FOG REDUCING VISIBILITY
HIGHEST:    85 ON 13    GRTST 24HR    T  ON 17-17      TO 1/4 MILE OR LESS
LOWEST:     54 ON 12,11                            3 = THUNDER
                        SNOW, ICE PELLETS, HAIL    4 = ICE PELLETS
                        TOTAL MONTH:   0.0 INCH    5 = HAIL
                        GRTST 24HR     0.0         6 = FREEZING RAIN OR DRIZZLE
                        GRTST DEPTH:   0           7 = DUSTSTORM OR SANDSTORM:
                                                       VSBY 1/2 MILE OR LESS
                                                   8 = SMOKE OR HAZE
[NO. OF DAYS WITH]      [WEATHER - DAYS WITH]      9 = BLOWING SNOW
                                                   X = TORNADO
MAX 32 OR BELOW:   0    0.01 INCH OR MORE:   0
MAX 90 OR ABOVE:   0    0.10 INCH OR MORE:   0
MIN 32 OR BELOW:   0    0.50 INCH OR MORE:   0
MIN  0 OR BELOW:   0    1.00 INCH OR MORE:   0

[HDD (BASE 65) ]
TOTAL THIS MO.     0    CLEAR  (SCALE 0-3)  17
DPTR FM NORMAL   -59    PTCLDY (SCALE 4-7)   0
TOTAL FM JUL 1     0    CLOUDY (SCALE 8-10)  0
DPTR FM NORMAL   -71

[CDD (BASE 65) ]
TOTAL THIS MO.    71
DPTR FM NORMAL    29    [PRESSURE DATA]
TOTAL FM JAN 1  4290    HIGHEST SLP M ON M
DPTR FM NORMAL   407    LOWEST  SLP 29.77 ON  1

[REMARKS]
