000
CXUS54 KEWX 250910
CF6DZB
PRELIMINARY LOCAL CLIMATOLOGICAL DATA (WS FORM: F-6)

                                          STATION:   Horseshoe Bay
                                          MONTH:     JULY
                                          YEAR:      2016
                                          LATITUDE:   30 31 N
                                          LONGITUDE:  98 22 W

  TEMPERATURE IN F:       :PCPN:    SNOW:  WIND      :SUNSHINE: SKY     :PK WND
================================================================================
1   2   3   4   5  6A  6B    7    8   9   10  11  12  13   14  15   16   17  18
                                     12Z  AVG MX 2MIN
DY MAX MIN AVG DEP HDD CDD  WTR  SNW DPTH SPD SPD DIR MIN PSBL S-S WX    SPD DR
================================================================================

 1  96  70  83   M   0  18 0.00  0.0    0  3.9  9 130   M    M   1         M  M
 2  97  75  86   M   0  21 0.00  0.0    0  7.6 15 160   M    M   1        27 150
 3  98  77  88   M   0  23 0.00  0.0    0  9.6 15 180   M    M   3        22 190
 4  98  79  89   M   0  24 0.00  0.0    0  7.9 12 160   M    M   3        23 170
 5  99  76  88   M   0  23 0.00  0.0    0  8.0 16 160   M    M   2        22 150
 6  98  78  88   M   0  23 0.00  0.0    0 10.3 14 160   M    M   3        25 170
 7  98  76  87   M   0  22 0.00  0.0    0 10.0 15 170   M    M   3        27 170
 8  98  76  87   M   0  22 0.00  0.0    0  8.4 13 170   M    M   3        23 170
 9  99  76  88   M   0  23 0.00    M    0  6.2 14 180   M    M   4        20 180
10  97  74  86   M   0  21 0.00  0.0    0  7.1 12 160   M    M   4        21 160
11  98  78  88   M   0  23 0.00  0.0    0 10.6 17 190   M    M   2        29 190
12  98  76  87   M   0  22 0.00    M    0  9.2 14 160   M    M   4        25 180
13  99  78  89   M   0  24 0.00    M    0  9.8 13 150   M    M   3        23 190
14 100  74  87   M   0  22 0.00  0.0    0  8.8 14 160   M    M   1        22 200
15 100  75  88   M   0  23 0.00  0.0    0  6.6 12 160   M    M   3        20 210
16  97  72  85   M   0  20 0.00  0.0    0  5.5 12 160   M    M   1        20 160
17  98  73  86   M   0  21 0.00  0.0    0  6.9 13 140   M    M   1        21 130
18  98  73  86   M   0  21 0.00  0.0    0  6.4 12 180   M    M   2         M  M
19  98  73  86   M   0  21 0.00  0.0    0  4.7 10 160   M    M   1        18 120
20  98  73  86   M   0  21 0.00  0.0    0  4.8  8 100   M    M   2         M  M
21  99  73  86   M   0  21 0.00  0.0    0  4.2  9 170   M    M   1        16 170
22 100  74  87   M   0  22 0.00  0.0    0  4.5  9 180   M    M   0         M  M
23 100  74  87   M   0  22 0.00  0.0    0  5.3 10 140   M    M   0        20 150
24 100  76  88   M   0  23 0.00  0.0    0  4.4  9 150   M    M   1         M  M
================================================================================
SM 2361 1799         0 526  0.00     0.0 170.7          M       49
================================================================================
AV 98.4 75.0                               7.1 FASTST   M    M   2    MAX(MPH)
                                 MISC ---->    17   M                 29    M
================================================================================
NOTES:
# LAST OF SEVERAL OCCURRENCES

COLUMN 17 PEAK WIND IN M.P.H.

PRELIMINARY LOCAL CLIMATOLOGICAL DATA (WS FORM: F-6) , PAGE 2

                                          STATION:  Horseshoe Bay
                                          MONTH:    JULY
                                          YEAR:     2016
                                          LATITUDE:   30 31 N
                                          LONGITUDE:  98 22 W

[TEMPERATURE DATA]      [PRECIPITATION DATA]       SYMBOLS USED IN COLUMN 16

AVERAGE MONTHLY: 86.7   TOTAL FOR MONTH:   0.00    1 = FOG OR MIST
DPTR FM NORMAL:     M   DPTR FM NORMAL:       M    2 = FOG REDUCING VISIBILITY
HIGHEST:   100 ON 24,23 GRTST 24HR  0.00 ON 24-24      TO 1/4 MILE OR LESS
LOWEST:     70 ON  1                               3 = THUNDER
                        SNOW, ICE PELLETS, HAIL    4 = ICE PELLETS
                        TOTAL MONTH:   0.0 INCH    5 = HAIL
                        GRTST 24HR     0.0         6 = FREEZING RAIN OR DRIZZLE
                        GRTST DEPTH:   0           7 = DUSTSTORM OR SANDSTORM:
                                                       VSBY 1/2 MILE OR LESS
                                                   8 = SMOKE OR HAZE
[NO. OF DAYS WITH]      [WEATHER - DAYS WITH]      9 = BLOWING SNOW
                                                   X = TORNADO
MAX 32 OR BELOW:   0    0.01 INCH OR MORE:   0
MAX 90 OR ABOVE:  24    0.10 INCH OR MORE:   0
MIN 32 OR BELOW:   0    0.50 INCH OR MORE:   0
MIN  0 OR BELOW:   0    1.00 INCH OR MORE:   0

[HDD (BASE 65) ]
TOTAL THIS MO.     0    CLEAR  (SCALE 0-3)  20
DPTR FM NORMAL     M    PTCLDY (SCALE 4-7)   4
TOTAL FM JUL 1     0    CLOUDY (SCALE 8-10)  0
DPTR FM NORMAL     M

[CDD (BASE 65) ]
TOTAL THIS MO.   526
DPTR FM NORMAL     M    [PRESSURE DATA]
TOTAL FM JAN 1  1497    HIGHEST SLP M ON M
DPTR FM NORMAL     M    LOWEST  SLP M ON M

[REMARKS]
