000
CXUS53 KGID 160730
CF6EAR
PRELIMINARY LOCAL CLIMATOLOGICAL DATA (WS FORM: F-6)

                                          STATION:   KEARNEY
                                          MONTH:     JANUARY
                                          YEAR:      2018
                                          LATITUDE:   40 43 N
                                          LONGITUDE:  99  0 W

  TEMPERATURE IN F:       :PCPN:    SNOW:  WIND      :SUNSHINE: SKY     :PK WND
================================================================================
1   2   3   4   5  6A  6B    7    8   9   10  11  12  13   14  15   16   17  18
                                     12Z  AVG MX 2MIN
DY MAX MIN AVG DEP HDD CDD  WTR  SNW DPTH SPD SPD DIR MIN PSBL S-S WX    SPD DR
================================================================================

 1   9 -13  -2 -26  67   0    T    M    M  5.1  9 150   M    M   6         M  M
 2  23  -8   8 -16  57   0 0.00    M    M 10.5 17 250   M    M   1         M  M
 3  27  12  20  -4  45   0 0.00    M    M  8.4 21 340   M    M   4        30 330
 4  37   8  23  -1  42   0 0.00    M    M  7.0 14 240   M    M   1         M  M
 5  18   6  12 -12  53   0    T    M    M  7.5 10  80   M    M   3 18      M  M
 6  27   2  15  -9  50   0 0.00    M    M 11.4 20 180   M    M   1         M  M
 7  46  21  34  10  31   0    T    M    M  8.0 15 340   M    M   3         M  M
 8  50  24  37  13  28   0 0.00    M    M  9.3 14 210   M    M   0         M  M
 9  52  32  42  18  23   0 0.00    M    M 10.5 15 190   M    M   0         M  M
10  44  22  33   9  32   0    T    M    M  8.8 28 350   M    M   4 12     47 360
11  22   3  13 -11  52   0    M    M    M 21.3 31 340   M    M   3 1      44 360
12   9   0   5 -19  60   0    T    M    M  8.9 15  10   M    M   8         M  M
13  14   4   9 -15  56   0    M    M    M  8.7 14 180   M    M   8 1       M  M
14  39  14  27   3  38   0    M    M    M  8.0 12 350   M    M   7 1       M  M
15  28  -1  14 -10  51   0 0.00    M    M 19.9 27 340   M    M   4        37 350
================================================================================
SM  445  126       685   0    T     M    153.3          M       53
================================================================================
AV 29.7  8.4                              10.2 FASTST   M    M   4    MAX(MPH)
                                 MISC ---->  # 31 340               # 47  360
================================================================================
NOTES:
# LAST OF SEVERAL OCCURRENCES

COLUMN 17 PEAK WIND IN M.P.H.

PRELIMINARY LOCAL CLIMATOLOGICAL DATA (WS FORM: F-6) , PAGE 2

                                          STATION:  KEARNEY
                                          MONTH:    JANUARY
                                          YEAR:     2018
                                          LATITUDE:   40 43 N
                                          LONGITUDE:  99  0 W

[TEMPERATURE DATA]      [PRECIPITATION DATA]       SYMBOLS USED IN COLUMN 16

AVERAGE MONTHLY: 19.0   TOTAL FOR MONTH:      T    1 = FOG OR MIST
DPTR FM NORMAL:  -5.0   DPTR FM NORMAL:   -0.22    2 = FOG REDUCING VISIBILITY
HIGHEST:    52 ON  9    GRTST 24HR    T  ON 12-12      TO 1/4 MILE OR LESS
LOWEST:    -13 ON  1                               3 = THUNDER
                        SNOW, ICE PELLETS, HAIL    4 = ICE PELLETS
                        TOTAL MONTH:    M          5 = HAIL
                        GRTST 24HR    M  ON   M    6 = FREEZING RAIN OR DRIZZLE
                        GRTST DEPTH:  M  ON   M    7 = DUSTSTORM OR SANDSTORM:
                                                       VSBY 1/2 MILE OR LESS
                                                   8 = SMOKE OR HAZE
[NO. OF DAYS WITH]      [WEATHER - DAYS WITH]      9 = BLOWING SNOW
                                                   X = TORNADO
MAX 32 OR BELOW:   9    0.01 INCH OR MORE:   0
MAX 90 OR ABOVE:   0    0.10 INCH OR MORE:   0
MIN 32 OR BELOW:  15    0.50 INCH OR MORE:   0
MIN  0 OR BELOW:   4    1.00 INCH OR MORE:   0

[HDD (BASE 65) ]
TOTAL THIS MO.   685    CLEAR  (SCALE 0-3)   6
DPTR FM NORMAL    72    PTCLDY (SCALE 4-7)   8
TOTAL FM JUL 1  3011    CLOUDY (SCALE 8-10)  1
DPTR FM NORMAL  -245

[CDD (BASE 65) ]
TOTAL THIS MO.     0
DPTR FM NORMAL     0    [PRESSURE DATA]
TOTAL FM JAN 1     0    HIGHEST SLP M ON M
DPTR FM NORMAL     0    LOWEST  SLP M ON M

[REMARKS]
