000
CXUS53 KGID 240730
CF6EAR
PRELIMINARY LOCAL CLIMATOLOGICAL DATA (WS FORM: F-6)

                                          STATION:   KEARNEY
                                          MONTH:     OCTOBER
                                          YEAR:      2017
                                          LATITUDE:   40 43 N
                                          LONGITUDE:  99  0 W

  TEMPERATURE IN F:       :PCPN:    SNOW:  WIND      :SUNSHINE: SKY     :PK WND
================================================================================
1   2   3   4   5  6A  6B    7    8   9   10  11  12  13   14  15   16   17  18
                                     12Z  AVG MX 2MIN
DY MAX MIN AVG DEP HDD CDD  WTR  SNW DPTH SPD SPD DIR MIN PSBL S-S WX    SPD DR
================================================================================

 1  79  55  67  10   0   2 0.75    M    M 20.3 27 220   M    M   8 13     40 220
 2  66  54  60   4   5   0 0.53    M    M  8.7 13  10   M    M   9 13     35 290
 3  66  51  59   3   6   0 0.71    M    M 11.1 16 340   M    M   6 13     22 340
 4  68  49  59   3   6   0 0.00    M    M  9.6 17  60   M    M   8        18 100
 5  63  55  59   4   6   0 0.11    M    M  6.7 14  60   M    M  10 1       M  M
 6  60  52  56   1   9   0 0.26    M    M 11.5 24 350   M    M   9 123    30 350
 7  75  50  63   9   2   0 0.19    M    M 10.0 17 320   M    M   3 1      24 320
 8  71  50  61   7   4   0 0.00    M    M 14.2 22  20   M    M   0        31  30
 9  54  39  47  -7  18   0    T    M    M 23.3 32  10   M    M  10        41  10
10  56  36  46  -7  19   0 0.08    M    M  6.2 13 350   M    M   5        16  50
11  67  28  48  -5  17   0 0.00    M    M 10.6 21 160   M    M   0        24 160
12  72  43  58   6   7   0 0.00    M    M 10.0 22  10   M    M   0        31 360
13  67  49  58   6   7   0 0.00    M    M 13.5 23  30   M    M   7        29  30
14  62  43  53   1  12   0 0.08    M    M 13.7 27 340   M    M   9 123    39 340
15  64  32  48  -3  17   0 0.00    M    M  8.6 14 290   M    M   0        21 330
16  76  35  56   5   9   0 0.00    M    M 12.0 25 200   M    M   0        35 200
17  80  39  60  10   5   0 0.00    M    M  6.4 12 180   M    M   0         M  M
18  76  44  60  10   5   0 0.00    M    M 10.0 20  10   M    M   0        24  20
19  82  37  60  10   5   0 0.00    M    M  9.0 18 170   M    M   0        24 190
20  77  55  66  17   0   1 0.00    M    M 22.0 36 180   M    M   0        45 160
21  67  38  53   4  12   0 0.00    M    M 16.7 31 320   M    M   3        41 330
22  70  32  51   2  14   0 0.00    M    M  8.9 17 260   M    M   0        24 260
23  63  45  54   6  11   0 0.00    M    M 19.2 32 340   M    M   1        50 360
================================================================================
SM 1581 1011       196   3  2.71    M    282.2          M       88
================================================================================
AV 68.7 44.0                              12.3 FASTST   M    M   4    MAX(MPH)
                                 MISC ---->  # 36 180               # 50  360
================================================================================
NOTES:
# LAST OF SEVERAL OCCURRENCES

COLUMN 17 PEAK WIND IN M.P.H.

PRELIMINARY LOCAL CLIMATOLOGICAL DATA (WS FORM: F-6) , PAGE 2

                                          STATION:  KEARNEY
                                          MONTH:    OCTOBER
                                          YEAR:     2017
                                          LATITUDE:   40 43 N
                                          LONGITUDE:  99  0 W

[TEMPERATURE DATA]      [PRECIPITATION DATA]       SYMBOLS USED IN COLUMN 16

AVERAGE MONTHLY: 56.4   TOTAL FOR MONTH:   2.71    1 = FOG OR MIST
DPTR FM NORMAL:   3.9   DPTR FM NORMAL:    1.09    2 = FOG REDUCING VISIBILITY
HIGHEST:    82 ON 19    GRTST 24HR  0.75 ON  1- 1      TO 1/4 MILE OR LESS
LOWEST:     28 ON 11                               3 = THUNDER
                        SNOW, ICE PELLETS, HAIL    4 = ICE PELLETS
                        TOTAL MONTH:    M          5 = HAIL
                        GRTST 24HR    M  ON   M    6 = FREEZING RAIN OR DRIZZLE
                        GRTST DEPTH:  M  ON   M    7 = DUSTSTORM OR SANDSTORM:
                                                       VSBY 1/2 MILE OR LESS
                                                   8 = SMOKE OR HAZE
[NO. OF DAYS WITH]      [WEATHER - DAYS WITH]      9 = BLOWING SNOW
                                                   X = TORNADO
MAX 32 OR BELOW:   0    0.01 INCH OR MORE:   8
MAX 90 OR ABOVE:   0    0.10 INCH OR MORE:   6
MIN 32 OR BELOW:   3    0.50 INCH OR MORE:   3
MIN  0 OR BELOW:   0    1.00 INCH OR MORE:   0

[HDD (BASE 65) ]
TOTAL THIS MO.   196    CLEAR  (SCALE 0-3)  13
DPTR FM NORMAL   -99    PTCLDY (SCALE 4-7)   5
TOTAL FM JUL 1   261    CLOUDY (SCALE 8-10)  5
DPTR FM NORMAL  -183

[CDD (BASE 65) ]
TOTAL THIS MO.     3
DPTR FM NORMAL    -1    [PRESSURE DATA]
TOTAL FM JAN 1  1048    HIGHEST SLP M ON M
DPTR FM NORMAL   179    LOWEST  SLP M ON M

[REMARKS]
