000
CXUS54 KEWX 200910
CF6ECU
PRELIMINARY LOCAL CLIMATOLOGICAL DATA (WS FORM: F-6)

                                          STATION:   Edwards County Airport
                                          MONTH:     OCTOBER
                                          YEAR:      2014
                                          LATITUDE:   29 57 N
                                          LONGITUDE: 100 10 W

  TEMPERATURE IN F:       :PCPN:    SNOW:  WIND      :SUNSHINE: SKY     :PK WND
================================================================================
1   2   3   4   5  6A  6B    7    8   9   10  11  12  13   14  15   16   17  18
                                     12Z  AVG MX 2MIN
DY MAX MIN AVG DEP HDD CDD  WTR  SNW DPTH SPD SPD DIR MIN PSBL S-S WX    SPD DR
================================================================================

 1  90  68  79   M   0  14    M    M    M 10.7 15 160   M    M   3        21 160
 2  90  72  81   M   0  16    M    M    M  8.8 15 160   M    M   4        22 160
 3  84  61  73   M   0   8    M    M    M  4.0  8  20   M    M   0         M  M
 4  79  55  67   M   0   2    M    M    M  7.9 15 160   M    M   0        21 160
 5  84  63  74   M   0   9    M    M    M 12.4 16 150   M    M   1        23 150
 6  90  70  80   M   0  15    M    M    M  6.0 13 140   M    M   4        18 140
 7  90  66  78   M   0  13    M    M    M  8.2 14 150   M    M   2 1      17 150
 8  86  72  79   M   0  14    M    M    M 11.5 21 140   M    M   4        24 140
 9  84  70  77   M   0  12    M    M    M 14.5 20 160   M    M   5        27 150
10  86  72  79   M   0  14    M    M    M 11.0 18 150   M    M   5 1      27 150
11  75  55  65   M   0   0    M    M    M  8.3 13 360   M    M   7 3      24 360
12  79  57  68   M   0   3    M    M    M  8.0 17 160   M    M   5 12     23 160
13  73  59  66   M   0   1    M    M    M 15.6 28 320   M    M   2        37 320
14  75  48  62   M   3   0    M    M    M  3.9  9 330   M    M   0         M  M
15  81  55  68   M   0   3    M    M    M  4.2 12 220   M    M   0        16 160
16  84  55  70   M   0   5    M    M    M  8.4 15 160   M    M   0        18 160
17  88  55  72   M   0   7    M    M    M  6.4  8 150   M    M   0         M  M
18  82  63  73   M   0   8    M    M    M  6.5  9  70   M    M   5        16  80
19  79  64  72   M   0   7    M    M    M  6.9 14 120   M    M   3         M  M
================================================================================
SM 1579 1180         3 151    M     M    163.2          M       50
================================================================================
AV 83.1 62.1                               8.6 FASTST   M    M   3    MAX(MPH)
                                 MISC ---->    28   M                 37    M
================================================================================
NOTES:
# LAST OF SEVERAL OCCURRENCES

COLUMN 17 PEAK WIND IN M.P.H.

PRELIMINARY LOCAL CLIMATOLOGICAL DATA (WS FORM: F-6) , PAGE 2

                                          STATION:  Edwards County Airport
                                          MONTH:    OCTOBER
                                          YEAR:     2014
                                          LATITUDE:   29 57 N
                                          LONGITUDE: 100 10 W

[TEMPERATURE DATA]      [PRECIPITATION DATA]       SYMBOLS USED IN COLUMN 16

AVERAGE MONTHLY: 72.6   TOTAL FOR MONTH:      M    1 = FOG OR MIST
DPTR FM NORMAL:     M   DPTR FM NORMAL:       M    2 = FOG REDUCING VISIBILITY
HIGHEST:    90 ON  7, 6 GRTST 24HR    M  ON   M        TO 1/4 MILE OR LESS
LOWEST:     48 ON 14                               3 = THUNDER
                        SNOW, ICE PELLETS, HAIL    4 = ICE PELLETS
                        TOTAL MONTH:    M          5 = HAIL
                        GRTST 24HR    M  ON   M    6 = FREEZING RAIN OR DRIZZLE
                        GRTST DEPTH:  M  ON   M    7 = DUSTSTORM OR SANDSTORM:
                                                       VSBY 1/2 MILE OR LESS
                                                   8 = SMOKE OR HAZE
[NO. OF DAYS WITH]      [WEATHER - DAYS WITH]      9 = BLOWING SNOW
                                                   X = TORNADO
MAX 32 OR BELOW:   0    0.01 INCH OR MORE:   0
MAX 90 OR ABOVE:   4    0.10 INCH OR MORE:   0
MIN 32 OR BELOW:   0    0.50 INCH OR MORE:   0
MIN  0 OR BELOW:   0    1.00 INCH OR MORE:   0

[HDD (BASE 65) ]
TOTAL THIS MO.     3    CLEAR  (SCALE 0-3)  10
DPTR FM NORMAL     M    PTCLDY (SCALE 4-7)   9
TOTAL FM JUL 1     7    CLOUDY (SCALE 8-10)  0
DPTR FM NORMAL     M

[CDD (BASE 65) ]
TOTAL THIS MO.   151
DPTR FM NORMAL     M    [PRESSURE DATA]
TOTAL FM JAN 1  2447    HIGHEST SLP M ON M
DPTR FM NORMAL     M    LOWEST  SLP M ON M

[REMARKS]
