000
CXUS55 KGJT 251000
CF6EEO
PRELIMINARY LOCAL CLIMATOLOGICAL DATA (WS FORM: F-6)

                                          STATION:   MEEKER CO
                                          MONTH:     JULY
                                          YEAR:      2017
                                          LATITUDE:   40  2 N
                                          LONGITUDE: 107 53 W

  TEMPERATURE IN F:       :PCPN:    SNOW:  WIND      :SUNSHINE: SKY     :PK WND
================================================================================
1   2   3   4   5  6A  6B    7    8   9   10  11  12  13   14  15   16   17  18
                                     12Z  AVG MX 2MIN
DY MAX MIN AVG DEP HDD CDD  WTR  SNW DPTH SPD SPD DIR MIN PSBL S-S WX    SPD DR
================================================================================

 1  89  40  65   0   0   0 0.00    M    M  6.4 23 270   M    M   0        31 270
 2  90  44  67   2   0   2    T    M    M  5.9 25  90   M    M   1 3      35 290
 3  91  49  70   5   0   5 0.00    M    M  8.8 31  20   M    M   0        38  10
 4  92  46  69   4   0   4 0.00    M    M  4.6 18  40   M    M   0        24  50
 5  95  50  73   7   0   8 0.00    M    M  6.5 25 240   M    M   0 3      34 260
 6  94  48  71   5   0   6 0.00    M    M  5.4 21  50   M    M   0 3      26  60
 7  93  48  71   5   0   6    T    M    M  6.2 30 280   M    M   0 3      39 280
 8  91  49  70   4   0   5 0.00    M    M  5.6 16  40   M    M   0 8      26  40
 9  93  48  71   5   0   6 0.00    M    M  5.1 20 210   M    M   0        26 190
10  90  58  74   8   0   9 0.01    M    M  5.5 18 330   M    M   1 3      26 330
11  85  54  70   3   0   5 0.02    M    M  6.1 23 220   M    M   4 13     30 220
12  86  55  71   4   0   6    T    M    M  3.7 15 150   M    M   0 3      20 150
13  89  52  71   4   0   6    T    M    M  5.5 20 110   M    M   2        25 110
14  93  52  73   6   0   8 0.00    M    M  6.5 20  50   M    M   0        24  40
15  91  51  71   4   0   6 0.00    M    M  4.7 14 310   M    M   1        18 310
16  91  53  72   4   0   7    T    M    M  5.5 21 220   M    M   1 3      28 210
17  89  56  73   5   0   8 0.01    M    M  6.6 28 230   M    M   1 3      35 230
18  90  60  75   7   0  10 0.02    M    M  6.3 28 110   M    M   2        34 110
19  93  56  75   7   0  10 1.50    M    M  6.3 23 150   M    M   3 13     31 160
20  85  57  71   3   0   6 0.06    M    M  5.3 23 160   M    M   2 3      30 150
21  83  58  71   3   0   6    T    M    M  6.5 25 100   M    M   1 3      34 100
22  89  54  72   4   0   7 0.00    M    M  5.2 17  30   M    M   0        23  20
23  92  49  71   3   0   6 0.00    M    M  4.1 12  20   M    M   0        17  50
24  89  51  70   2   0   5 0.00    M    M  4.5 22 250   M    M   1 3      26 250
================================================================================
SM 2163 1238         0 147  1.62    M    136.8          M       20
================================================================================
AV 90.1 51.6                               5.7 FASTST   M    M   1    MAX(MPH)
                                 MISC ---->  # 31  20               # 39  280
================================================================================
NOTES:
# LAST OF SEVERAL OCCURRENCES

COLUMN 17 PEAK WIND IN M.P.H.

PRELIMINARY LOCAL CLIMATOLOGICAL DATA (WS FORM: F-6) , PAGE 2

                                          STATION:  MEEKER CO
                                          MONTH:    JULY
                                          YEAR:     2017
                                          LATITUDE:   40  2 N
                                          LONGITUDE: 107 53 W

[TEMPERATURE DATA]      [PRECIPITATION DATA]       SYMBOLS USED IN COLUMN 16

AVERAGE MONTHLY: 70.9   TOTAL FOR MONTH:   1.62    1 = FOG OR MIST
DPTR FM NORMAL:   4.1   DPTR FM NORMAL:    0.78    2 = FOG REDUCING VISIBILITY
HIGHEST:    95 ON  5    GRTST 24HR  1.50 ON 19-19      TO 1/4 MILE OR LESS
LOWEST:     40 ON  1                               3 = THUNDER
                        SNOW, ICE PELLETS, HAIL    4 = ICE PELLETS
                        TOTAL MONTH:    M          5 = HAIL
                        GRTST 24HR    M  ON   M    6 = FREEZING RAIN OR DRIZZLE
                        GRTST DEPTH:  M  ON   M    7 = DUSTSTORM OR SANDSTORM:
                                                       VSBY 1/2 MILE OR LESS
                                                   8 = SMOKE OR HAZE
[NO. OF DAYS WITH]      [WEATHER - DAYS WITH]      9 = BLOWING SNOW
                                                   X = TORNADO
MAX 32 OR BELOW:   0    0.01 INCH OR MORE:   6
MAX 90 OR ABOVE:  15    0.10 INCH OR MORE:   1
MIN 32 OR BELOW:   0    0.50 INCH OR MORE:   1
MIN  0 OR BELOW:   0    1.00 INCH OR MORE:   1

[HDD (BASE 65) ]
TOTAL THIS MO.     0    CLEAR  (SCALE 0-3)  23
DPTR FM NORMAL   -16    PTCLDY (SCALE 4-7)   1
TOTAL FM JUL 1     0    CLOUDY (SCALE 8-10)  0
DPTR FM NORMAL   -16

[CDD (BASE 65) ]
TOTAL THIS MO.   147
DPTR FM NORMAL    88    [PRESSURE DATA]
TOTAL FM JAN 1   192    HIGHEST SLP M ON M
DPTR FM NORMAL   115    LOWEST  SLP 29.75 ON 10

[REMARKS]
