000
CXUS56 KEKA 281230
CF6EKA
PRELIMINARY LOCAL CLIMATOLOGICAL DATA (WS FORM: F-6)

                                          STATION:   EUREKA CA
                                          MONTH:     MARCH
                                          YEAR:      2015
                                          LATITUDE:   40 47 N
                                          LONGITUDE: 124 10 W

  TEMPERATURE IN F:       :PCPN:    SNOW:  WIND      :SUNSHINE: SKY     :PK WND
================================================================================
1   2   3   4   5  6A  6B    7    8   9   10  11  12  13   14  15   16   17  18
                                     12Z  AVG MX 2MIN
DY MAX MIN AVG DEP HDD CDD  WTR  SNW DPTH SPD SPD DIR MIN PSBL S-S WX    SPD DR
================================================================================

 1  59  37  48  -1  17   0 0.00  0.0    0  5.1 16 360   M    M   3        24 360
 2  55  43  49   0  16   0 0.00  0.0    0  8.5 15 350   M    M   3        31  M
 3  55  38  47  -2  18   0 0.00  0.0    0  3.2 12 350   M    M   5         M  M
 4  57  37  47  -2  18   0 0.00  0.0    0  1.5  7 300   M    M   0         9  M
 5  62  38  50   1  15   0 0.00  0.0    0  1.4  8 270   M    M   3         9  M
 6  57  38  48  -1  17   0 0.00  0.0    0  3.6 12 320   M    M   4        17 320
 7  51  43  47  -3  18   0    T  0.0    0  2.1  6  10   M    M  10 1       9  M
 8  51  45  48  -2  17   0 0.00  0.0    0  2.7  6  50   M    M  10 2       8  M
 9  51  47  49  -1  16   0    T  0.0    0  2.1  6 270   M    M  10 1      12  M
10  53  46  50   0  15   0 0.00  0.0    0  5.0 12 250   M    M  10 1      20 250
11  64  51  58   8   7   0 0.12  0.0    0  5.6 15 190   M    M   9        25 180
12  59  48  54   4  11   0 0.00  0.0    0  3.4  9 360   M    M  10 1      16  M
13  64  50  57   7   8   0    T  0.0    0  2.7 12 260   M    M  10 1      15  M
14  66  53  60  10   5   0    T  0.0    0  1.9  9 300   M    M  10        24  M
15  64  52  58   8   7   0 0.54  0.0    0  5.6 16 180   M    M  10 1      29 200
16  57  51  54   4  11   0    T  0.0    0  2.4 12 310   M    M  10 1      14  M
17  59  47  53   3  12   0    T  0.0    0  3.8 10 330   M    M   5        15  M
18  59  40  50   0  15   0 0.00  0.0    0  3.3 13 330   M    M   0        18 280
19  55  46  51   1  14   0 0.00  0.0    0  2.3  7 310   M    M   8 1      12  M
20  63  43  53   3  12   0 0.21    M    0  5.7 15 210   M    M  10 2      23 210
21  61  49  55   5  10   0 0.01    M    0  2.9 12 280   M    M   8 1      13  M
22  57  48  53   3  12   0 0.95    M    0  4.4 12 260   M    M  10 1      22 220
23  59  47  53   3  12   0 0.49    M    0  9.0 15 180   M    M   9        24 230
24  59  49  54   4  11   0 0.60  0.0    0  2.1  9 240   M    M  10 1      17  M
25  60  45  53   3  12   0 0.00  0.0    0  4.2 12  30   M    M   4 2      18  30
26  56  51  54   4  11   0    T  0.0    0  3.6  9  20   M    M  10 2      12  M
27  61  50  56   6   9   0 0.10  0.0    0  2.9  9 330   M    M   9 1      15  M
================================================================================
SM 1574 1232       346   0  3.02     0.0 101.0          M      200
================================================================================
AV 58.3 45.6                               3.7 FASTST   M    M   7    MAX(MPH)
                                 MISC ---->    16   M                 31    M
================================================================================
NOTES:
# LAST OF SEVERAL OCCURRENCES

COLUMN 17 PEAK WIND IN M.P.H.

PRELIMINARY LOCAL CLIMATOLOGICAL DATA (WS FORM: F-6) , PAGE 2

                                          STATION:  EUREKA CA
                                          MONTH:    MARCH
                                          YEAR:     2015
                                          LATITUDE:   40 47 N
                                          LONGITUDE: 124 10 W

[TEMPERATURE DATA]      [PRECIPITATION DATA]       SYMBOLS USED IN COLUMN 16

AVERAGE MONTHLY: 52.0   TOTAL FOR MONTH:   3.02    1 = FOG OR MIST
DPTR FM NORMAL:   2.2   DPTR FM NORMAL:   -1.69    2 = FOG REDUCING VISIBILITY
HIGHEST:    66 ON 14    GRTST 24HR  0.95 ON 22-22      TO 1/4 MILE OR LESS
LOWEST:     37 ON  4, 1                            3 = THUNDER
                        SNOW, ICE PELLETS, HAIL    4 = ICE PELLETS
                        TOTAL MONTH:   0.0 INCH    5 = HAIL
                        GRTST 24HR     0.0         6 = FREEZING RAIN OR DRIZZLE
                        GRTST DEPTH:   0           7 = DUSTSTORM OR SANDSTORM:
                                                       VSBY 1/2 MILE OR LESS
                                                   8 = SMOKE OR HAZE
[NO. OF DAYS WITH]      [WEATHER - DAYS WITH]      9 = BLOWING SNOW
                                                   X = TORNADO
MAX 32 OR BELOW:   0    0.01 INCH OR MORE:   8
MAX 90 OR ABOVE:   0    0.10 INCH OR MORE:   7
MIN 32 OR BELOW:   0    0.50 INCH OR MORE:   3
MIN  0 OR BELOW:   0    1.00 INCH OR MORE:   0

[HDD (BASE 65) ]
TOTAL THIS MO.   346    CLEAR  (SCALE 0-3)   5
DPTR FM NORMAL   -67    PTCLDY (SCALE 4-7)   6
TOTAL FM JUL 1  2501    CLOUDY (SCALE 8-10) 16
DPTR FM NORMAL  -834

[CDD (BASE 65) ]
TOTAL THIS MO.     0
DPTR FM NORMAL     0    [PRESSURE DATA]
TOTAL FM JAN 1     0    HIGHEST SLP M ON M
DPTR FM NORMAL     0    LOWEST  SLP M ON M

[REMARKS]
