000
CXUS56 KEKA 011230
CF6EKA
PRELIMINARY LOCAL CLIMATOLOGICAL DATA (WS FORM: F-6)

                                          STATION:   EUREKA CA
                                          MONTH:     JUNE
                                          YEAR:      2015
                                          LATITUDE:   40 47 N
                                          LONGITUDE: 124 10 W

  TEMPERATURE IN F:       :PCPN:    SNOW:  WIND      :SUNSHINE: SKY     :PK WND
================================================================================
1   2   3   4   5  6A  6B    7    8   9   10  11  12  13   14  15   16   17  18
                                     12Z  AVG MX 2MIN
DY MAX MIN AVG DEP HDD CDD  WTR  SNW DPTH SPD SPD DIR MIN PSBL S-S WX    SPD DR
================================================================================

 1  63  50  57   2   8   0 0.01  0.0    0  3.5 12 260   M    M  10 2       M  M
 2  62  52  57   2   8   0 0.00  0.0    0  5.6 12 350   M    M   8 2       M  M
 3  62  53  58   3   7   0 0.00  0.0    0  8.5 13 360   M    M  10         M  M
 4  63  52  58   3   7   0 0.00  0.0    0  5.8 16 330   M    M   3         M  M
 5  61  48  55  -1  10   0 0.00  0.0    0  3.6 12 320   M    M   4 1       M  M
 6  64  50  57   1   8   0 0.00  0.0    0  6.0 12 270   M    M   3 1       M  M
 7  60  52  56   0   9   0 0.00  0.0    0  4.1  8 340   M    M   8 1       M  M
 8  62  52  57   1   8   0 0.00  0.0    0  3.1  6 280   M    M   6 1       M  M
 9  67  51  59   3   6   0 0.00  0.0    0  5.5 14 260   M    M   8 1       M  M
10  60  52  56   0   9   0    T  0.0    0  5.3  9 170   M    M  10 1       M  M
11  63  51  57   1   8   0 0.00  0.0    0  4.6 14 330   M    M   4 1       M  M
12  64  50  57   1   8   0 0.00  0.0    0  4.4 12 340   M    M   1 8       M  M
13  63  48  56   0   9   0 0.00  0.0    0  5.0 15 360   M    M   4 1       M  M
14  59  49  54  -2  11   0 0.00  0.0    0  5.8 12 290   M    M   8 1       M  M
15  58  50  54  -2  11   0 0.00  0.0    0  5.9 12 340   M    M  10 1       M  M
16  58  50  54  -2  11   0 0.00  0.0    0  4.6 14 360   M    M   8         M  M
17  57  50  54  -2  11   0 0.00  0.0    0  4.8 10 360   M    M   9 1       M  M
18  59  50  55  -1  10   0 0.00  0.0    0  5.1  9 350   M    M  10        12  M
19  61  52  57   1   8   0 0.00  0.0    0  3.8 10 310   M    M   6        12  M
20  60  51  56   0   9   0 0.00  0.0    0  3.8  7 330   M    M  10 2       9  M
21  63  52  58   1   7   0 0.00  0.0    0  5.8 10 260   M    M  10        12  M
22  61  51  56  -1   9   0 0.00  0.0    0  4.8 10 350   M    M   6        10  M
23  60  50  55  -2  10   0 0.00  0.0    0  3.9 12 310   M    M   9        13  M
24  63  53  58   1   7   0 0.00  0.0    0  4.7 10 320   M    M   6        13  M
25  64  55  60   3   5   0 0.00  0.0    0  4.0 10 350   M    M   4        13  M
26  70  52  61   4   4   0 0.00  0.0    0  5.9 10 260   M    M   4 1      13  M
27  64  51  58   1   7   0    T  0.0    0  4.3 12 310   M    M   8 1      12  M
28  67  56  62   5   3   0 0.00  0.0    0  4.5 12 300   M    M   8 1       1  M
29  64  54  59   2   6   0 0.01  0.0    0  5.3 10  20   M    M   9 1      10  M
30  62  54  58   1   7   0 0.02  0.0    0  3.0 12 320   M    M   9 1       9  M
================================================================================
SM 1864 1541       241   0  0.04     0.0 145.0          M      213
================================================================================
AV 62.1 51.4                               4.8 FASTST   M    M   7    MAX(MPH)
                                 MISC ---->    16   M                 13    M
================================================================================
NOTES:
# LAST OF SEVERAL OCCURRENCES

COLUMN 17 PEAK WIND IN M.P.H.

PRELIMINARY LOCAL CLIMATOLOGICAL DATA (WS FORM: F-6) , PAGE 2

                                          STATION:  EUREKA CA
                                          MONTH:    JUNE
                                          YEAR:     2015
                                          LATITUDE:   40 47 N
                                          LONGITUDE: 124 10 W

[TEMPERATURE DATA]      [PRECIPITATION DATA]       SYMBOLS USED IN COLUMN 16

AVERAGE MONTHLY: 56.8   TOTAL FOR MONTH:   0.04    1 = FOG OR MIST
DPTR FM NORMAL:   0.7   DPTR FM NORMAL:   -0.71    2 = FOG REDUCING VISIBILITY
HIGHEST:    70 ON 26    GRTST 24HR  0.02 ON 30-30      TO 1/4 MILE OR LESS
LOWEST:     48 ON 13, 5                            3 = THUNDER
                        SNOW, ICE PELLETS, HAIL    4 = ICE PELLETS
                        TOTAL MONTH:   0.0 INCH    5 = HAIL
                        GRTST 24HR     0.0         6 = FREEZING RAIN OR DRIZZLE
                        GRTST DEPTH:   0           7 = DUSTSTORM OR SANDSTORM:
                                                       VSBY 1/2 MILE OR LESS
                                                   8 = SMOKE OR HAZE
[NO. OF DAYS WITH]      [WEATHER - DAYS WITH]      9 = BLOWING SNOW
                                                   X = TORNADO
MAX 32 OR BELOW:   0    0.01 INCH OR MORE:   3
MAX 90 OR ABOVE:   0    0.10 INCH OR MORE:   0
MIN 32 OR BELOW:   0    0.50 INCH OR MORE:   0
MIN  0 OR BELOW:   0    1.00 INCH OR MORE:   0

[HDD (BASE 65) ]
TOTAL THIS MO.   241    CLEAR  (SCALE 0-3)   3
DPTR FM NORMAL   -25    PTCLDY (SCALE 4-7)  16
TOTAL FM JUL 1  3569    CLOUDY (SCALE 8-10) 11
DPTR FM NORMAL  -865

[CDD (BASE 65) ]
TOTAL THIS MO.     0
DPTR FM NORMAL     0    [PRESSURE DATA]
TOTAL FM JAN 1     0    HIGHEST SLP M ON M
DPTR FM NORMAL     0    LOWEST  SLP M ON M

[REMARKS]
#FINAL-06-15#
