000
CXUS56 KLKN 271009
CF6EKO
PRELIMINARY LOCAL CLIMATOLOGICAL DATA (WS FORM: F-6)

                                          STATION:   ELKO AIRPORT NV
                                          MONTH:     FEBRUARY
                                          YEAR:      2015
                                          LATITUDE:   40 49 N
                                          LONGITUDE: 115 47 W

  TEMPERATURE IN F:       :PCPN:    SNOW:  WIND      :SUNSHINE: SKY     :PK WND
================================================================================
1   2   3   4   5  6A  6B    7    8   9   10  11  12  13   14  15   16   17  18
                                     12Z  AVG MX 2MIN
DY MAX MIN AVG DEP HDD CDD  WTR  SNW DPTH SPD SPD DIR MIN PSBL S-S WX    SPD DR
================================================================================

 1  50  21  36  10  29   0    T  0.0    0  2.8 12 260   M    M   4        14 220
 2  54  32  43  17  22   0    T    T    0  4.4 20 260   M    M   7        23 270
 3  57  29  43  16  22   0 0.00  0.0    0  6.9 29 250   M    M   5        34 250
 4  60  31  46  19  19   0 0.00  0.0    0  4.2 16 250   M    M   0        21 250
 5  58  33  46  19  19   0 0.00  0.0    0  4.5 14 270   M    M   0        19 250
 6  65  42  54  27  11   0 0.00  0.0    0 12.9 30 180   M    M   1        41 180
 7  64  36  50  22  15   0 0.01  0.0    0 11.8 25 240   M    M   5        33 240
 8  64  31  48  20  17   0 0.00  0.0    0  9.8 28 170   M    M   3 1      36 160
 9  56  30  43  15  22   0 0.08    T    0 11.1 31 280   M    M   4 15     37 270
10  50  24  37   9  28   0 0.00  0.0    0  2.7 12 320   M    M   2        14 310
11  55  22  39  10  26   0 0.00  0.0    0  2.8  8  90   M    M   0        12  40
12  64  25  45  16  20   0 0.00  0.0    0  2.6  8 100   M    M   0        10 100
13  66  28  47  18  18   0 0.00  0.0    0  3.4  9  80   M    M   0 8      11  80
14  62  27  45  15  20   0 0.00  0.0    0  4.0 15 240   M    M   0        18 250
15  55  23  39   9  26   0 0.00  0.0    0  4.4 16 270   M    M   0        23 250
16  53  19  36   6  29   0 0.00  0.0    0  4.0 14  40   M    M   0        17  40
17  55  17  36   6  29   0 0.00  0.0    0  3.8 15 270   M    M   0        17 260
18  63  20  42  11  23   0 0.00  0.0    0  4.2 13 250   M    M   0        19 250
19  63  24  44  13  21   0 0.00  0.0    0  4.7 18 270   M    M   0        22 260
20  51  26  39   7  26   0 0.00  0.0    0  5.7 18 320   M    M   3        28 320
21  46  25  36   4  29   0 0.00  0.0    0  6.3 20  40   M    M   7        25  40
22  40  22  31  -1  34   0 0.00  0.0    0 15.4 26  30   M    M   0        37  30
23  46  17  32   0  33   0 0.00  0.0    0 13.5 24  50   M    M   0        32  30
24  51  10  31  -2  34   0 0.00  0.0    0  7.7 22 250   M    M   1        26 250
25  55  25  40   7  25   0 0.00  0.0    0  5.2 18 220   M    M   2        24 270
26  46  29  38   4  27   0 0.01    T    0  7.1 21 280   M    M  10 1      27 270
================================================================================
SM 1449  668       624   0  0.10    T    165.9          M       54
================================================================================
AV 55.7 25.7                               6.4 FASTST   M    M   2    MAX(MPH)
                                 MISC ---->  # 31 280               # 41  180
================================================================================
NOTES:
# LAST OF SEVERAL OCCURRENCES

COLUMN 17 PEAK WIND IN M.P.H.

PRELIMINARY LOCAL CLIMATOLOGICAL DATA (WS FORM: F-6) , PAGE 2

                                          STATION:  ELKO AIRPORT NV
                                          MONTH:    FEBRUARY
                                          YEAR:     2015
                                          LATITUDE:   40 49 N
                                          LONGITUDE: 115 47 W

[TEMPERATURE DATA]      [PRECIPITATION DATA]       SYMBOLS USED IN COLUMN 16

AVERAGE MONTHLY: 40.7   TOTAL FOR MONTH:   0.10    1 = FOG OR MIST
DPTR FM NORMAL:  11.1   DPTR FM NORMAL:   -0.68    2 = FOG REDUCING VISIBILITY
HIGHEST:    66 ON 13    GRTST 24HR  0.08 ON  9- 9      TO 1/4 MILE OR LESS
LOWEST:     10 ON 24                               3 = THUNDER
                        SNOW, ICE PELLETS, HAIL    4 = ICE PELLETS
                        TOTAL MONTH:    T          5 = HAIL
                        GRTST 24HR    T  ON 26-26  6 = FREEZING RAIN OR DRIZZLE
                        GRTST DEPTH:   0           7 = DUSTSTORM OR SANDSTORM:
                                                       VSBY 1/2 MILE OR LESS
                                                   8 = SMOKE OR HAZE
[NO. OF DAYS WITH]      [WEATHER - DAYS WITH]      9 = BLOWING SNOW
                                                   X = TORNADO
MAX 32 OR BELOW:   0    0.01 INCH OR MORE:   3
MAX 90 OR ABOVE:   0    0.10 INCH OR MORE:   0
MIN 32 OR BELOW:  23    0.50 INCH OR MORE:   0
MIN  0 OR BELOW:   0    1.00 INCH OR MORE:   0

[HDD (BASE 65) ]
TOTAL THIS MO.   624    CLEAR  (SCALE 0-3)  17
DPTR FM NORMAL  -297    PTCLDY (SCALE 4-7)   8
TOTAL FM JUL 1  3944    CLOUDY (SCALE 8-10)  1
DPTR FM NORMAL -1162

[CDD (BASE 65) ]
TOTAL THIS MO.     0
DPTR FM NORMAL     0    [PRESSURE DATA]
TOTAL FM JAN 1     0    HIGHEST SLP M ON M
DPTR FM NORMAL     0    LOWEST  SLP 29.76 ON  6

[REMARKS]
