000
CXUS56 KLKN 211009
CF6ELY
PRELIMINARY LOCAL CLIMATOLOGICAL DATA (WS FORM: F-6)

                                          STATION:   ELY AIRPORT NV
                                          MONTH:     MAY
                                          YEAR:      2015
                                          LATITUDE:   39 16 N
                                          LONGITUDE: 114 51 W

  TEMPERATURE IN F:       :PCPN:    SNOW:  WIND      :SUNSHINE: SKY     :PK WND
================================================================================
1   2   3   4   5  6A  6B    7    8   9   10  11  12  13   14  15   16   17  18
                                     12Z  AVG MX 2MIN
DY MAX MIN AVG DEP HDD CDD  WTR  SNW DPTH SPD SPD DIR MIN PSBL S-S WX    SPD DR
================================================================================

 1  76  38  57  10   8   0    T  0.0    0  9.5 24 220   M    M   4 3      31 220
 2  76  40  58  11   7   0 0.00  0.0    0 12.2 28 190   M    M   2 8      35 200
 3  75  37  56   9   9   0    T  0.0    0 12.3 23 210   M    M   5 3      31 220
 4  64  42  53   6  12   0    T  0.0    0  9.4 29 290   M    M   4 3      35 300
 5  65  37  51   3  14   0    T  0.0    0  8.7 23  20   M    M   6 3      28 310
 6  61  37  49   1  16   0 0.10  0.0    0 12.0 35 140   M    M   6 13     42 140
 7  62  33  48   0  17   0    T  0.0    0 13.4 35 130   M    M   3        45 130
 8  44  32  38 -11  27   0 0.65    T    0  6.2 23 140   M    M   8 1      26 140
 9  53  33  43  -6  22   0 0.14  0.0    0  9.0 28 310   M    M   9 1      36 310
10  65  31  48  -1  17   0 0.00  0.0    0  7.6 16 320   M    M   0        20 330
11  67  33  50   1  15   0 0.00  0.0    0 16.2 29 200   M    M   1        40 160
12  69  42  56   6   9   0 0.00  0.0    0 19.8 37 200   M    M   3 8      51 210
13  65  39  52   2  13   0 0.00  0.0    0 16.0 29 190   M    M   2 8      39 170
14  61  32  47  -3  18   0 0.01  0.0    0 13.1 39 150   M    M   2        47 160
15  49  31  40 -10  25   0 0.12    T    0  8.7 23 200   M    M   9 1      29 220
16  56  32  44  -7  21   0 0.02  0.0    0  6.8 16 300   M    M   9        23 270
17  64  30  47  -4  18   0 0.00  0.0    0 10.2 28 130   M    M   3        35 130
18  55  38  47  -4  18   0 0.01  0.0    0  7.1 24 160   M    M   8        30 150
19  56  35  46  -6  19   0    T  0.0    0  6.0 28 270   M    M   7        35 280
20  61  33  47  -5  18   0 0.11  0.0    0  8.1 35 180   M    M   6        42 190
================================================================================
SM 1244  705       323   0  1.16    T    212.3          M       97
================================================================================
AV 62.2 35.2                              10.6 FASTST   M    M   5    MAX(MPH)
                                 MISC ---->  # 39 150                 51    M
================================================================================
NOTES:
# LAST OF SEVERAL OCCURRENCES

COLUMN 17 PEAK WIND IN M.P.H.

PRELIMINARY LOCAL CLIMATOLOGICAL DATA (WS FORM: F-6) , PAGE 2

                                          STATION:  ELY AIRPORT NV
                                          MONTH:    MAY
                                          YEAR:     2015
                                          LATITUDE:   39 16 N
                                          LONGITUDE: 114 51 W

[TEMPERATURE DATA]      [PRECIPITATION DATA]       SYMBOLS USED IN COLUMN 16

AVERAGE MONTHLY: 48.7   TOTAL FOR MONTH:   1.16    1 = FOG OR MIST
DPTR FM NORMAL:  -0.5   DPTR FM NORMAL:    0.46    2 = FOG REDUCING VISIBILITY
HIGHEST:    76 ON  2, 1 GRTST 24HR  0.65 ON  8- 8      TO 1/4 MILE OR LESS
LOWEST:     30 ON 17                               3 = THUNDER
                        SNOW, ICE PELLETS, HAIL    4 = ICE PELLETS
                        TOTAL MONTH:    T          5 = HAIL
                        GRTST 24HR    T  ON 15-15  6 = FREEZING RAIN OR DRIZZLE
                        GRTST DEPTH:   0           7 = DUSTSTORM OR SANDSTORM:
                                                       VSBY 1/2 MILE OR LESS
                                                   8 = SMOKE OR HAZE
[NO. OF DAYS WITH]      [WEATHER - DAYS WITH]      9 = BLOWING SNOW
                                                   X = TORNADO
MAX 32 OR BELOW:   0    0.01 INCH OR MORE:   8
MAX 90 OR ABOVE:   0    0.10 INCH OR MORE:   5
MIN 32 OR BELOW:   6    0.50 INCH OR MORE:   1
MIN  0 OR BELOW:   0    1.00 INCH OR MORE:   0

[HDD (BASE 65) ]
TOTAL THIS MO.   323    CLEAR  (SCALE 0-3)   8
DPTR FM NORMAL     8    PTCLDY (SCALE 4-7)   9
TOTAL FM JUL 1  5922    CLOUDY (SCALE 8-10)  3
DPTR FM NORMAL -1296

[CDD (BASE 65) ]
TOTAL THIS MO.     0
DPTR FM NORMAL     0    [PRESSURE DATA]
TOTAL FM JAN 1     0    HIGHEST SLP M ON M
DPTR FM NORMAL     0    LOWEST  SLP 29.47 ON 12

[REMARKS]
