000
CXUS56 KLKN 011009
CF6ELY
PRELIMINARY LOCAL CLIMATOLOGICAL DATA (WS FORM: F-6)

                                          STATION:   ELY AIRPORT NV
                                          MONTH:     JULY
                                          YEAR:      2015
                                          LATITUDE:   39 16 N
                                          LONGITUDE: 114 51 W

  TEMPERATURE IN F:       :PCPN:    SNOW:  WIND      :SUNSHINE: SKY     :PK WND
================================================================================
1   2   3   4   5  6A  6B    7    8   9   10  11  12  13   14  15   16   17  18
                                     12Z  AVG MX 2MIN
DY MAX MIN AVG DEP HDD CDD  WTR  SNW DPTH SPD SPD DIR MIN PSBL S-S WX    SPD DR
================================================================================

 1  96  54  75  10   0  10 0.01  0.0    0  9.1 30 180   M    M   2 3      40 180
 2  90  60  75   9   0  10 0.00  0.0    0  5.8 36  20   M    M   2 3      43  20
 3  90  59  75   9   0  10 0.08  0.0    0  7.6 25 150   M    M   2 3      32 150
 4  84  57  71   5   0   6    T  0.0    0 10.7 24 220   M    M   4        32 230
 5  89  51  70   4   0   5 0.00  0.0    0 10.1 22 310   M    M   2        30 280
 6  81  59  70   3   0   5    T  0.0    0  5.6 25 210   M    M   4        32 210
 7  81  49  65  -2   0   0 0.08  0.0    0  7.7 24 280   M    M   2 3      33 280
 8  79  53  66  -1   0   1 0.02  0.0    0 10.9 40 200   M    M   4 38     51 200
 9  79  41  60  -7   5   0 0.02  0.0    0 11.3 47 140   M    M   2 3      63 140
10  76  40  58 -10   7   0 0.00  0.0    0 11.9 29 160   M    M   4        39 150
11  80  47  64  -4   1   0 0.00  0.0    0 13.9 29 190   M    M   1        39 190
12  84  48  66  -2   0   1 0.00  0.0    0 11.5 26 190   M    M   1        31 190
13  85  46  66  -2   0   1 0.00  0.0    0 11.6 23 210   M    M   0        29 220
14  88  42  65  -3   0   0 0.00  0.0    0 11.3 29 200   M    M   0        39 170
15  87  44  66  -2   0   1 0.00  0.0    0  8.4 20 210   M    M   0        25 220
16  88  48  68   0   0   3 0.00  0.0    0  9.5 22 210   M    M   0        27 210
17  88  56  72   4   0   7 0.00  0.0    0  9.6 28 300   M    M   0        40 200
18  80  53  67  -2   0   2 0.09  0.0    0 10.4 21 360   M    M   3        25  10
19  77  51  64  -5   1   0 0.28  0.0    0  8.1 25 140   M    M   5 3      31 110
20  76  48  62  -7   3   0 0.00  0.0    0  7.0 17 160   M    M   1        22 170
21  80  53  67  -2   0   2    T  0.0    0  7.0 26 250   M    M   3 3      36 140
22  81  45  63  -6   2   0 0.08  0.0    0  9.4 29 230   M    M   2        44 220
23  83  48  66  -3   0   1 0.00  0.0    0 10.9 21 200   M    M   2        29 140
24  85  46  66  -3   0   1 0.00  0.0    0  9.0 22 230   M    M   0        32 210
25  88  44  66  -3   0   1 0.00  0.0    0 10.1 20 210   M    M   0        24 220
26  89  48  69   0   0   4 0.00  0.0    0 12.9 28 210   M    M   0        35 200
27  80  52  66  -3   0   1 0.00  0.0    0  9.7 21 320   M    M   1        28 180
28  83  46  65  -4   0   0 0.00  0.0    0 10.2 18 350   M    M   0        23  10
29  90  39  65  -4   0   0 0.00  0.0    0  7.0 14 360   M    M   0        21 140
30  93  42  68  -1   0   3 0.00  0.0    0  7.6 17  50   M    M   0        21  50
31  89  49  69   0   0   4 0.00  0.0    0  6.5 29 220   M    M   0        35 230
================================================================================
SM 2619 1518        19  79  0.66     0.0 292.3          M       47
================================================================================
AV 84.5 49.0                               9.4 FASTST   M    M   2    MAX(MPH)
                                 MISC ---->  # 47 140               # 63  140
================================================================================
NOTES:
# LAST OF SEVERAL OCCURRENCES

COLUMN 17 PEAK WIND IN M.P.H.

PRELIMINARY LOCAL CLIMATOLOGICAL DATA (WS FORM: F-6) , PAGE 2

                                          STATION:  ELY AIRPORT NV
                                          MONTH:    JULY
                                          YEAR:     2015
                                          LATITUDE:   39 16 N
                                          LONGITUDE: 114 51 W

[TEMPERATURE DATA]      [PRECIPITATION DATA]       SYMBOLS USED IN COLUMN 16

AVERAGE MONTHLY: 66.7   TOTAL FOR MONTH:   0.66    1 = FOG OR MIST
DPTR FM NORMAL:  -1.1   DPTR FM NORMAL:    0.02    2 = FOG REDUCING VISIBILITY
HIGHEST:    96 ON  1    GRTST 24HR  0.33 ON 18-19      TO 1/4 MILE OR LESS
LOWEST:     39 ON 29                               3 = THUNDER
                        SNOW, ICE PELLETS, HAIL    4 = ICE PELLETS
                        TOTAL MONTH:   0.0 INCH    5 = HAIL
                        GRTST 24HR     0.0         6 = FREEZING RAIN OR DRIZZLE
                        GRTST DEPTH:   0           7 = DUSTSTORM OR SANDSTORM:
                                                       VSBY 1/2 MILE OR LESS
                                                   8 = SMOKE OR HAZE
[NO. OF DAYS WITH]      [WEATHER - DAYS WITH]      9 = BLOWING SNOW
                                                   X = TORNADO
MAX 32 OR BELOW:   0    0.01 INCH OR MORE:   8
MAX 90 OR ABOVE:   5    0.10 INCH OR MORE:   1
MIN 32 OR BELOW:   0    0.50 INCH OR MORE:   0
MIN  0 OR BELOW:   0    1.00 INCH OR MORE:   0

[HDD (BASE 65) ]
TOTAL THIS MO.    19    CLEAR  (SCALE 0-3)  26
DPTR FM NORMAL    -4    PTCLDY (SCALE 4-7)   5
TOTAL FM JUL 1    19    CLOUDY (SCALE 8-10)  0
DPTR FM NORMAL    -4

[CDD (BASE 65) ]
TOTAL THIS MO.    79
DPTR FM NORMAL   -32    [PRESSURE DATA]
TOTAL FM JAN 1   189    HIGHEST SLP M ON M
DPTR FM NORMAL    54    LOWEST  SLP 29.66 ON 14

[REMARKS]
#FINAL-07-15#
