000
CXUS53 KTOP 240800
CF6EMP
PRELIMINARY LOCAL CLIMATOLOGICAL DATA (WS FORM: F-6)

                                          STATION:   Emporia KS
                                          MONTH:     MAY
                                          YEAR:      2017
                                          LATITUDE:   38 19 N
                                          LONGITUDE:  96 12 W

  TEMPERATURE IN F:       :PCPN:    SNOW:  WIND      :SUNSHINE: SKY     :PK WND
================================================================================
1   2   3   4   5  6A  6B    7    8   9   10  11  12  13   14  15   16   17  18
                                     12Z  AVG MX 2MIN
DY MAX MIN AVG DEP HDD CDD  WTR  SNW DPTH SPD SPD DIR MIN PSBL S-S WX    SPD DR
================================================================================

 1  65  38  52  -9  13   0    T    M    M 16.6 29 290   M    M   6 1      38 290
 2  70  50  60  -1   5   0    T    M    M  6.2 15  30   M    M   5        19  40
 3  56  41  49 -13  16   0 0.92    M    M 10.3 23  40   M    M   6 1      29  40
 4  68  41  55  -7  10   0 0.00    M    M 10.9 25 340   M    M   2 1      36  10
 5  73  45  59  -3   6   0 0.00    M    M  5.8 16 320   M    M   0        21 290
 6  84  53  69   6   0   4 0.00    M    M  7.2 17 270   M    M   0        23 260
 7  84  51  68   5   0   3 0.00    M    M 10.4 20 160   M    M   0        25 190
 8  84  57  71   8   0   6 0.00    M    M 12.2 23 180   M    M   0        29 180
 9  83  62  73   9   0   8 0.00    M    M  8.8 17 190   M    M   2        23 180
10  75  62  69   5   0   4 0.22    M    M  8.7 28 230   M    M   5 13     33 230
11  66  57  62  -2   3   0 0.09    M    M  9.7 22  30   M    M   9 13     28  40
12  73  53  63  -1   2   0 0.00    M    M  9.4 21  10   M    M   1        27  10
13  76  47  62  -3   3   0 0.00    M    M  9.0 22 170   M    M   0        27 160
14  83  56  70   5   0   5 0.00    M    M 17.1 30 180   M    M   0        38 190
15  87  64  76  11   0  11 0.00    M    M 16.5 25 190   M    M   0        32 180
16  84  65  75   9   0  10 0.00    M    0 21.8 31 170   M    M   2        42 170
17  78  61  70   4   0   5 0.34    M    M 18.1 41 200   M    M   3 13     53 190
18  84  54  69   3   0   4 0.97    M    M 11.6 37 220   M    M   3 13     50 210
19  70  58  64  -2   1   0 0.20    M    M  9.7 21 100   M    M   8 13     27 130
20  65  46  56 -11   9   0    T    M    M 12.1 22 180   M    M   7 1      30 280
21  72  42  57 -10   8   0 0.00    M    M  6.1 14 290   M    M   0        19 290
22  72  52  62  -5   3   0    T  0.0    M  6.0 16 230   M    M   5 1      22 220
23  68  51  60  -8   5   0 0.03    M    M  9.3 28 300   M    M   8 12     35 300
================================================================================
SM 1720 1206        84  60  2.77     0.0 253.5          M       72
================================================================================
AV 74.8 52.4                              11.0 FASTST   M    M   3    MAX(MPH)
                                 MISC ---->  # 41 200               # 53  190
================================================================================
NOTES:
# LAST OF SEVERAL OCCURRENCES

COLUMN 17 PEAK WIND IN M.P.H.

PRELIMINARY LOCAL CLIMATOLOGICAL DATA (WS FORM: F-6) , PAGE 2

                                          STATION:  Emporia KS
                                          MONTH:    MAY
                                          YEAR:     2017
                                          LATITUDE:   38 19 N
                                          LONGITUDE:  96 12 W

[TEMPERATURE DATA]      [PRECIPITATION DATA]       SYMBOLS USED IN COLUMN 16

AVERAGE MONTHLY: 63.6   TOTAL FOR MONTH:   2.77    1 = FOG OR MIST
DPTR FM NORMAL:  -0.8   DPTR FM NORMAL:   -0.73    2 = FOG REDUCING VISIBILITY
HIGHEST:    87 ON 15    GRTST 24HR  0.97 ON 18-18      TO 1/4 MILE OR LESS
LOWEST:     38 ON  1                               3 = THUNDER
                        SNOW, ICE PELLETS, HAIL    4 = ICE PELLETS
                        TOTAL MONTH:   0.0 INCH    5 = HAIL
                        GRTST 24HR     0.0         6 = FREEZING RAIN OR DRIZZLE
                        GRTST DEPTH:   0           7 = DUSTSTORM OR SANDSTORM:
                                                       VSBY 1/2 MILE OR LESS
                                                   8 = SMOKE OR HAZE
[NO. OF DAYS WITH]      [WEATHER - DAYS WITH]      9 = BLOWING SNOW
                                                   X = TORNADO
MAX 32 OR BELOW:   0    0.01 INCH OR MORE:   7
MAX 90 OR ABOVE:   0    0.10 INCH OR MORE:   5
MIN 32 OR BELOW:   0    0.50 INCH OR MORE:   2
MIN  0 OR BELOW:   0    1.00 INCH OR MORE:   0

[HDD (BASE 65) ]
TOTAL THIS MO.    84    CLEAR  (SCALE 0-3)  14
DPTR FM NORMAL    11    PTCLDY (SCALE 4-7)   7
TOTAL FM JUL 1  3906    CLOUDY (SCALE 8-10)  2
DPTR FM NORMAL  -896

[CDD (BASE 65) ]
TOTAL THIS MO.    60
DPTR FM NORMAL     3    [PRESSURE DATA]
TOTAL FM JAN 1   102    HIGHEST SLP M ON M
DPTR FM NORMAL    22    LOWEST  SLP 29.36 ON 17

[REMARKS]
