000
CXUS51 KCLE 290800
CF6ERI
PRELIMINARY LOCAL CLIMATOLOGICAL DATA (WS FORM: F-6)

                                          STATION:   ERIE PA
                                          MONTH:     JULY
                                          YEAR:      2017
                                          LATITUDE:   42  4 N
                                          LONGITUDE:  80 11 W

  TEMPERATURE IN F:       :PCPN:    SNOW:  WIND      :SUNSHINE: SKY     :PK WND
================================================================================
1   2   3   4   5  6A  6B    7    8   9   10  11  12  13   14  15   16   17  18
                                     12Z  AVG MX 2MIN
DY MAX MIN AVG DEP HDD CDD  WTR  SNW DPTH SPD SPD DIR MIN PSBL S-S WX    SPD DR
================================================================================

 1  79  68  74   3   0   9 0.20  0.0    0  8.8 18 250   M    M   5 1      25 250
 2  79  65  72   1   0   7 0.00  0.0    0  9.8 20 270   M    M   2 8      30 260
 3  75  61  68  -3   0   3    T  0.0    0  4.5  9 360   M    M   4 8      13 300
 4  76  57  67  -4   0   2 0.00  0.0    0  7.3 16  50   M    M   0 8      21  50
 5  81  60  71   0   0   6 0.00  0.0    0  4.7 13 360   M    M   2        14 360
 6  80  66  73   2   0   8 0.00  0.0    0  6.1 10 310   M    M   0 8      14 160
 7  79  67  73   1   0   8 0.05  0.0    0  8.6 16 260   M    M   2 13     22 240
 8  74  60  67  -5   0   2    T  0.0    0 10.4 17 310   M    M   6        24 300
 9  77  57  67  -5   0   2 0.00  0.0    0  8.2 16 280   M    M   0        23 270
10  77  63  70  -2   0   5 0.07  0.0    0  9.5 18 190   M    M   3 1      22 150
11  80  65  73   1   0   8 0.00  0.0    0  5.4 12 200   M    M   6        15 210
12  82  70  76   4   0  11 0.39  0.0    0  8.7 18 190   M    M   6 13     24 180
13  82  71  77   5   0  12 0.01  0.0    0  7.9 17 230   M    M   7 13     23 210
14  78  71  75   3   0  10 0.00  0.0    0  7.7 17 260   M    M   6 18     22 280
15  75  63  69  -3   0   4 0.00  0.0    0  8.1 15 250   M    M   6        18 250
16  79  61  70  -2   0   5 0.01  0.0    0  6.7 14 270   M    M   2        17 280
17  74  61  68  -4   0   3 0.00  0.0    0  6.6 15 270   M    M   4        18 280
18  80  59  70  -2   0   5 0.00  0.0    0  4.9 12 340   M    M   0        14 340
19  87  67  77   5   0  12 0.00  0.0    0  5.5 15 270   M    M   1        20 260
20  87  68  78   6   0  13    T  0.0    0  8.9 22 250   M    M   0        33 230
21  85  69  77   5   0  12 0.00  0.0    0  5.2 13 320   M    M   2        16 290
22  82  67  75   3   0  10    T  0.0    0  5.8 14  50   M    M   6        18  20
23  81  71  76   4   0  11 0.01  0.0    0  4.8 13 290   M    M   6 1      17 310
24  73  65  69  -3   0   4    T  0.0    0 11.0 20 280   M    M   9        29 290
25  73  56  65  -7   0   0    T  0.0    0  8.6 18  60   M    M   6        21  50
26  76  56  66  -6   0   1 0.00  0.0    0  6.4 13 170   M    M   0        16 170
27  81  65  73   1   0   8 0.00  0.0    0  5.8 12 360   M    M   2        16 300
28  75  62  69  -3   0   4    T  0.0    0 14.3 30  30   M    M   5        40  20
================================================================================
SM 2207 1791         0 185  0.74     0.0 210.2          M       98
================================================================================
AV 78.8 64.0                               7.5 FASTST   M    M   4    MAX(MPH)
                                 MISC ---->  # 30  30               # 40   20
================================================================================
NOTES:
# LAST OF SEVERAL OCCURRENCES

COLUMN 17 PEAK WIND IN M.P.H.

PRELIMINARY LOCAL CLIMATOLOGICAL DATA (WS FORM: F-6) , PAGE 2

                                          STATION:  ERIE PA
                                          MONTH:    JULY
                                          YEAR:     2017
                                          LATITUDE:   42  4 N
                                          LONGITUDE:  80 11 W

[TEMPERATURE DATA]      [PRECIPITATION DATA]       SYMBOLS USED IN COLUMN 16

AVERAGE MONTHLY: 71.4   TOTAL FOR MONTH:   0.74    1 = FOG OR MIST
DPTR FM NORMAL:  -0.4   DPTR FM NORMAL:   -2.44    2 = FOG REDUCING VISIBILITY
HIGHEST:    87 ON 20,19 GRTST 24HR  0.93 ON 30- 1      TO 1/4 MILE OR LESS
LOWEST:     56 ON 26,25                            3 = THUNDER
                        SNOW, ICE PELLETS, HAIL    4 = ICE PELLETS
                        TOTAL MONTH:   0.0 INCH    5 = HAIL
                        GRTST 24HR     0.0         6 = FREEZING RAIN OR DRIZZLE
                        GRTST DEPTH:   0           7 = DUSTSTORM OR SANDSTORM:
                                                       VSBY 1/2 MILE OR LESS
                                                   8 = SMOKE OR HAZE
[NO. OF DAYS WITH]      [WEATHER - DAYS WITH]      9 = BLOWING SNOW
                                                   X = TORNADO
MAX 32 OR BELOW:   0    0.01 INCH OR MORE:   7
MAX 90 OR ABOVE:   0    0.10 INCH OR MORE:   2
MIN 32 OR BELOW:   0    0.50 INCH OR MORE:   0
MIN  0 OR BELOW:   0    1.00 INCH OR MORE:   0

[HDD (BASE 65) ]
TOTAL THIS MO.     0    CLEAR  (SCALE 0-3)  14
DPTR FM NORMAL    -2    PTCLDY (SCALE 4-7)  13
TOTAL FM JUL 1     0    CLOUDY (SCALE 8-10)  1
DPTR FM NORMAL    -2

[CDD (BASE 65) ]
TOTAL THIS MO.   185
DPTR FM NORMAL    -9    [PRESSURE DATA]
TOTAL FM JAN 1   376    HIGHEST SLP M ON M
DPTR FM NORMAL    20    LOWEST  SLP 29.72 ON 23

[REMARKS]
