000
CXUS53 KDMX 190920
CF6EST
PRELIMINARY LOCAL CLIMATOLOGICAL DATA (WS FORM: F-6)

                                          STATION:   ESTHERVILLE IA
                                          MONTH:     SEPTEMBER
                                          YEAR:      2017
                                          LATITUDE:   43 24 N
                                          LONGITUDE:  94 45 W

  TEMPERATURE IN F:       :PCPN:    SNOW:  WIND      :SUNSHINE: SKY     :PK WND
================================================================================
1   2   3   4   5  6A  6B    7    8   9   10  11  12  13   14  15   16   17  18
                                     12Z  AVG MX 2MIN
DY MAX MIN AVG DEP HDD CDD  WTR  SNW DPTH SPD SPD DIR MIN PSBL S-S WX    SPD DR
================================================================================

 1  70  55  63  -3   2   0 0.06  0.0    0 11.2 18 160   M    M   7 18     24 160
 2  79  56  68   2   0   3 0.00  0.0    0  7.1 14 330   M    M   4 1      19 320
 3  82  55  69   3   0   4 0.00  0.0    0  9.3 22 200   M    M   0 1      27 200
 4  71  50  61  -4   4   0 0.01  0.0    0 10.6 24 350   M    M   1        31 350
 5  65  46  56  -9   9   0 0.00  0.0    0 11.2 24 330   M    M   3        33 330
 6  65  41  53 -11  12   0 0.00  0.0    0  7.5 17 350   M    M   1        22 350
 7  74  43  59  -5   6   0 0.00  0.0    0  6.8 15 250   M    M   1        21 240
 8  74  47  61  -3   4   0 0.00  0.0    0  7.2 14  50   M    M   0        20  30
 9  76  51  64   1   1   0 0.00  0.0    0  9.9 16 140   M    M   2        20 140
10  80  59  70   7   0   5 0.01  0.0    0 11.3 21 180   M    M   4        28 160
11  82  56  69   6   0   4 0.00  0.0    0  7.7 15 210   M    M   0        20 150
12  83  55  69   7   0   4 0.00  0.0    0  5.4 12 200   M    M   0 1      14 180
13  85  54  70   8   0   5 0.00  0.0    0  8.1 16 200   M    M   0 1      21 210
14  87  56  72  10   0   7 0.00  0.0    0  9.8 22 170   M    M   0 1      30 180
15  86  58  72  11   0   7 0.03  0.0    0 10.7 36 180   M    M   0 3      52 200
16  73  52  63   2   2   0    T  0.0    0  6.8 16 170   M    M   8 1      21 180
17  69  43  56  -4   9   0 0.00  0.0    0  5.5 15 340   M    M   1        20 330
18  63  52  58  -2   7   0 2.27  0.0    0  7.9 16 150   M    M  10 13     20 160
================================================================================
SM 1364  929        56  39  2.38     0.0 154.0          M       42
================================================================================
AV 75.8 51.6                               8.6 FASTST   M    M   2    MAX(MPH)
                                 MISC ---->  # 36 180               # 52  200
================================================================================
NOTES:
# LAST OF SEVERAL OCCURRENCES

COLUMN 17 PEAK WIND IN M.P.H.

PRELIMINARY LOCAL CLIMATOLOGICAL DATA (WS FORM: F-6) , PAGE 2

                                          STATION:  ESTHERVILLE IA
                                          MONTH:    SEPTEMBER
                                          YEAR:     2017
                                          LATITUDE:   43 24 N
                                          LONGITUDE:  94 45 W

[TEMPERATURE DATA]      [PRECIPITATION DATA]       SYMBOLS USED IN COLUMN 16

AVERAGE MONTHLY: 63.7   TOTAL FOR MONTH:   2.38    1 = FOG OR MIST
DPTR FM NORMAL:   0.5   DPTR FM NORMAL:    0.45    2 = FOG REDUCING VISIBILITY
HIGHEST:    87 ON 14    GRTST 24HR  2.27 ON 18-18      TO 1/4 MILE OR LESS
LOWEST:     41 ON  6                               3 = THUNDER
                        SNOW, ICE PELLETS, HAIL    4 = ICE PELLETS
                        TOTAL MONTH:   0.0 INCH    5 = HAIL
                        GRTST 24HR     0.0         6 = FREEZING RAIN OR DRIZZLE
                        GRTST DEPTH:   0           7 = DUSTSTORM OR SANDSTORM:
                                                       VSBY 1/2 MILE OR LESS
                                                   8 = SMOKE OR HAZE
[NO. OF DAYS WITH]      [WEATHER - DAYS WITH]      9 = BLOWING SNOW
                                                   X = TORNADO
MAX 32 OR BELOW:   0    0.01 INCH OR MORE:   5
MAX 90 OR ABOVE:   0    0.10 INCH OR MORE:   1
MIN 32 OR BELOW:   0    0.50 INCH OR MORE:   1
MIN  0 OR BELOW:   0    1.00 INCH OR MORE:   1

[HDD (BASE 65) ]
TOTAL THIS MO.    56    CLEAR  (SCALE 0-3)  13
DPTR FM NORMAL   -14    PTCLDY (SCALE 4-7)   4
TOTAL FM JUL 1    92    CLOUDY (SCALE 8-10)  1
DPTR FM NORMAL   -10

[CDD (BASE 65) ]
TOTAL THIS MO.    39
DPTR FM NORMAL     1    [PRESSURE DATA]
TOTAL FM JAN 1   466    HIGHEST SLP M ON M
DPTR FM NORMAL  -112    LOWEST  SLP 29.68 ON 13

[REMARKS]
