000
CXUS56 KPQR 171200
CF6EUG
PRELIMINARY LOCAL CLIMATOLOGICAL DATA (WS FORM: F-6)

                                          STATION:   EUGENE OR
                                          MONTH:     AUGUST
                                          YEAR:      2017
                                          LATITUDE:   44  7 N
                                          LONGITUDE: 123 13 W

  TEMPERATURE IN F:       :PCPN:    SNOW:  WIND      :SUNSHINE: SKY     :PK WND
================================================================================
1   2   3   4   5  6A  6B    7    8   9   10  11  12  13   14  15   16   17  18
                                     12Z  AVG MX 2MIN
DY MAX MIN AVG DEP HDD CDD  WTR  SNW DPTH SPD SPD DIR MIN PSBL S-S WX    SPD DR
================================================================================

 1  98  52  75   7   0  10 0.00  0.0    0  7.6 21  20   M    M   0        31 360
 2 102  56  79  11   0  14 0.00  0.0    0  6.4 16  10   M    M   0 8      26 350
 3 102  59  81  13   0  16 0.00  0.0    0  5.6 12  40   M    M   0 8      16  40
 4  95  60  78  10   0  13 0.00  0.0    0 10.1 17 240   M    M   0 8      22 220
 5  89  51  70   2   0   5 0.00  0.0    0  7.7 16 280   M    M   4        19 280
 6  86  53  70   2   0   5 0.00  0.0    0  5.8 14  30   M    M   6        18  40
 7  91  60  76   8   0  11 0.00  0.0    0  4.5 13  10   M    M   5        17  20
 8  94  55  75   7   0  10 0.00  0.0    0  5.7 16  10   M    M   0 18     23 340
 9  95  58  77   9   0  12 0.00  0.0    0  7.0 15 210   M    M   1 8      20  10
10  91  60  76   8   0  11 0.00  0.0    0  7.7 16 220   M    M   3 8      19 230
11  80  58  69   1   0   4 0.00  0.0    0 11.4 21 240   M    M   4        23 240
12  76  59  68   0   0   3 0.00  0.0    0  8.0 16 250   M    M   8        19 230
13  69  54  62  -5   3   0 0.14  0.0    0  6.2 15  10   M    M   8 1      17 350
14  75  46  61  -6   4   0 0.00  0.0    0  8.4 16 360   M    M   4        21 360
15  81  43  62  -5   3   0 0.00  0.0    0  6.3 17  20   M    M   3 18     22  30
16  87  48  68   1   0   3 0.00  0.0    0  5.9 16  40   M    M   1 8      23  40
================================================================================
SM 1411  872        10 117  0.14     0.0 114.3          M       47
================================================================================
AV 88.2 54.5                               7.1 FASTST   M    M   3    MAX(MPH)
                                 MISC ---->  # 21  20               # 31  360
================================================================================
NOTES:
# LAST OF SEVERAL OCCURRENCES

COLUMN 17 PEAK WIND IN M.P.H.

PRELIMINARY LOCAL CLIMATOLOGICAL DATA (WS FORM: F-6) , PAGE 2

                                          STATION:  EUGENE OR
                                          MONTH:    AUGUST
                                          YEAR:     2017
                                          LATITUDE:   44  7 N
                                          LONGITUDE: 123 13 W

[TEMPERATURE DATA]      [PRECIPITATION DATA]       SYMBOLS USED IN COLUMN 16

AVERAGE MONTHLY: 71.3   TOTAL FOR MONTH:   0.14    1 = FOG OR MIST
DPTR FM NORMAL:   3.6   DPTR FM NORMAL:   -0.08    2 = FOG REDUCING VISIBILITY
HIGHEST:   102 ON  3, 2 GRTST 24HR  0.14 ON 13-13      TO 1/4 MILE OR LESS
LOWEST:     43 ON 15                               3 = THUNDER
                        SNOW, ICE PELLETS, HAIL    4 = ICE PELLETS
                        TOTAL MONTH:   0.0 INCH    5 = HAIL
                        GRTST 24HR     0.0         6 = FREEZING RAIN OR DRIZZLE
                        GRTST DEPTH:   0           7 = DUSTSTORM OR SANDSTORM:
                                                       VSBY 1/2 MILE OR LESS
                                                   8 = SMOKE OR HAZE
[NO. OF DAYS WITH]      [WEATHER - DAYS WITH]      9 = BLOWING SNOW
                                                   X = TORNADO
MAX 32 OR BELOW:   0    0.01 INCH OR MORE:   1
MAX 90 OR ABOVE:   8    0.10 INCH OR MORE:   1
MIN 32 OR BELOW:   0    0.50 INCH OR MORE:   0
MIN  0 OR BELOW:   0    1.00 INCH OR MORE:   0

[HDD (BASE 65) ]
TOTAL THIS MO.    10    CLEAR  (SCALE 0-3)   8
DPTR FM NORMAL    -6    PTCLDY (SCALE 4-7)   8
TOTAL FM JUL 1    15    CLOUDY (SCALE 8-10)  0
DPTR FM NORMAL   -37

[CDD (BASE 65) ]
TOTAL THIS MO.   117
DPTR FM NORMAL    60    [PRESSURE DATA]
TOTAL FM JAN 1   246    HIGHEST SLP M ON M
DPTR FM NORMAL    72    LOWEST  SLP 29.78 ON  4

[REMARKS]
