000
CXUS53 KPAH 290635
CF6EVV
PRELIMINARY LOCAL CLIMATOLOGICAL DATA (WS FORM: F-6)

                                          STATION:   EVANSVILLE IN
                                          MONTH:     NOVEMBER
                                          YEAR:      2014
                                          LATITUDE:   38  2 N
                                          LONGITUDE:  87 32 W

  TEMPERATURE IN F:       :PCPN:    SNOW:  WIND      :SUNSHINE: SKY     :PK WND
================================================================================
1   2   3   4   5  6A  6B    7    8   9   10  11  12  13   14  15   16   17  18
                                     12Z  AVG MX 2MIN
DY MAX MIN AVG DEP HDD CDD  WTR  SNW DPTH SPD SPD DIR MIN PSBL S-S WX    SPD DR
================================================================================

 1  49  28  39 -13  26   0 0.00  0.0    0  8.6 20 350   M    M   2 8      28 360
 2  53  26  40 -12  25   0 0.00  0.0    0  2.9 10 140   M    M   1        14 170
 3  68  38  53   1  12   0 0.00  0.0    0  8.4 21 210   M    M   1        27 220
 4  59  50  55   4  10   0 0.50  0.0    0  8.2 22 220   M    M   7 18     27 230
 5  56  47  52   1  13   0    T  0.0    0  3.2 14 230   M    M   5 18     17 210
 6  52  42  47  -4  18   0 0.01  0.0    0 11.1 22 280   M    M   6 18     34 280
 7  50  32  41  -9  24   0 0.00  0.0    0  3.4 12 360   M    M   2        14 360
 8  55  34  45  -5  20   0 0.00  0.0    0  6.7 17 310   M    M   3        26 330
 9  56  31  44  -5  21   0 0.00  0.0    0  6.4 16 220   M    M   0        18 230
10  66  37  52   3  13   0 0.00  0.0    0  6.9 20 170   M    M   0        27 190
11  62  35  49   1  16   0 0.02  0.0    0 11.4 23 280   M    M   7 18     30 340
12  35  30  33 -15  32   0    T    T    0  7.9 13 340   M    M  10 8      17 350
13  32  25  29 -19  36   0    T    T    0  9.1 17 330   M    M   8        26 310
14  34  21  28 -19  37   0 0.00  0.0    0  4.4 12 280   M    M   2        15 280
15  39  21  30 -17  35   0 0.03    T    0  3.4 12 140   M    M   5 18     15 150
16  39  31  35 -11  30   0 0.24  0.5    1  2.8  8 310   M    M  10 18     12 340
17  31  18  25 -21  40   0 0.12  1.7    2 10.1 20 290   M    M   8 1      28 300
18  24   9  17 -28  48   0 0.00  0.0    1 10.1 18 240   M    M   1        23 250
19  46  18  32 -13  33   0 0.00  0.0    T 12.1 25 210   M    M   4        33 220
20  35  22  29 -15  36   0 0.00  0.0    0  3.9 14 250   M    M   2        18 260
21  43  20  32 -12  33   0    T  0.0    0  5.6 14 100   M    M   3        19 140
22  64  40  52   8  13   0 0.01  0.0    0  9.4 25 200   M    M   6        35 210
23  59  50  55  12  10   0 1.33  0.0    0  9.3 25 230   M    M   7 1      33 230
24  62  39  51   8  14   0 0.37  0.0    0 13.1 31 260   M    M   9 13     41 270
25  42  28  35  -7  30   0 0.00  0.0    0  5.6 13 260   M    M   2        19 270
26  40  23  32 -10  33   0 0.14  0.2    0  3.7  9 130   M    M   4 18     11  80
27  34  22  28 -13  37   0 0.02    M    0  6.5 15 300   M    M   8 18     22 340
28  44  22  33  -8  32   0 0.00  0.0    0  6.4 17 170   M    M   0        24 170
================================================================================
SM 1329  839       727   0  2.79     2.4 200.6          M      123
================================================================================
AV 47.5 30.0                               7.2 FASTST   M    M   4    MAX(MPH)
                                 MISC ---->  # 31 260               # 41  270
================================================================================
NOTES:
# LAST OF SEVERAL OCCURRENCES

COLUMN 17 PEAK WIND IN M.P.H.

PRELIMINARY LOCAL CLIMATOLOGICAL DATA (WS FORM: F-6) , PAGE 2

                                          STATION:  EVANSVILLE IN
                                          MONTH:    NOVEMBER
                                          YEAR:     2014
                                          LATITUDE:   38  2 N
                                          LONGITUDE:  87 32 W

[TEMPERATURE DATA]      [PRECIPITATION DATA]       SYMBOLS USED IN COLUMN 16

AVERAGE MONTHLY: 38.7   TOTAL FOR MONTH:   2.79    1 = FOG OR MIST
DPTR FM NORMAL:  -8.1   DPTR FM NORMAL:   -1.24    2 = FOG REDUCING VISIBILITY
HIGHEST:    68 ON  3    GRTST 24HR  1.70 ON 23-24      TO 1/4 MILE OR LESS
LOWEST:      9 ON 18                               3 = THUNDER
                        SNOW, ICE PELLETS, HAIL    4 = ICE PELLETS
                        TOTAL MONTH:   2.4 INCHES  5 = HAIL
                        GRTST 24HR   1.7 ON   M    6 = FREEZING RAIN OR DRIZZLE
                        GRTST DEPTH:   2 ON 17     7 = DUSTSTORM OR SANDSTORM:
                                                       VSBY 1/2 MILE OR LESS
                                                   8 = SMOKE OR HAZE
[NO. OF DAYS WITH]      [WEATHER - DAYS WITH]      9 = BLOWING SNOW
                                                   X = TORNADO
MAX 32 OR BELOW:   3    0.01 INCH OR MORE:  11
MAX 90 OR ABOVE:   0    0.10 INCH OR MORE:   6
MIN 32 OR BELOW:  18    0.50 INCH OR MORE:   2
MIN  0 OR BELOW:   0    1.00 INCH OR MORE:   1

[HDD (BASE 65) ]
TOTAL THIS MO.   727    CLEAR  (SCALE 0-3)  12
DPTR FM NORMAL   217    PTCLDY (SCALE 4-7)  13
TOTAL FM JUL 1   981    CLOUDY (SCALE 8-10)  3
DPTR FM NORMAL   168

[CDD (BASE 65) ]
TOTAL THIS MO.     0
DPTR FM NORMAL     0    [PRESSURE DATA]
TOTAL FM JAN 1  1477    HIGHEST SLP M ON M
DPTR FM NORMAL    82    LOWEST  SLP 29.24 ON 24

[REMARKS]
