000
CXUS52 KMHX 290700
CF6EWN
PRELIMINARY LOCAL CLIMATOLOGICAL DATA (WS FORM: F-6)

                                          STATION:   NEW BERN NC
                                          MONTH:     JUNE
                                          YEAR:      2015
                                          LATITUDE:   35  4 N
                                          LONGITUDE:  77  3 W

  TEMPERATURE IN F:       :PCPN:    SNOW:  WIND      :SUNSHINE: SKY     :PK WND
================================================================================
1   2   3   4   5  6A  6B    7    8   9   10  11  12  13   14  15   16   17  18
                                     12Z  AVG MX 2MIN
DY MAX MIN AVG DEP HDD CDD  WTR  SNW DPTH SPD SPD DIR MIN PSBL S-S WX    SPD DR
================================================================================

 1  90  64  77   3   0  12    T  0.0    0  5.2 16 170   M    M   2 1      22 170
 2  88  68  78   4   0  13 0.69  0.0    0  3.5 25 290   M    M   3 13     33 300
 3  80  68  74   0   0   9 2.75  0.0    0  4.8 14 350   M    M   6 138    18  50
 4  83  68  76   1   0  11 0.35  0.0    0  4.4 15 150   M    M   6 13     20 150
 5  76  67  72  -3   0   7    T  0.0    0  6.4 12 320   M    M   9 1      14 320
 6  85  62  74  -1   0   9 0.00  0.0    0  3.4 26  30   M    M   3 13     35  20
 7  82  62  72  -3   0   7 0.00  0.0    0  6.7 14  90   M    M   3        21  80
 8  86  58  72  -4   0   7 0.00  0.0    0  7.2 18 170   M    M   1        26 150
 9  87  70  79   3   0  14 0.37  0.0    0  8.8 18 260   M    M   4 13     27 240
10  85  67  76   0   0  11 0.16  0.0    0  4.3 15 210   M    M   2 13     20 210
11  91  70  81   5   0  16 0.00  0.0    0  6.0 16 170   M    M   2 1      22 180
12  91  72  82   5   0  17 0.71  0.0    0  7.0 16 330   M    M   1 13     22 300
13  95  75  85   8   0  20 0.00  0.0    0  5.7 13  70   M    M   1        18 260
14  96  76  86   9   0  21 0.00  0.0    0  4.1 17 100   M    M   1 3      24 110
15  98  75  87  10   0  22 0.00  0.0    0  3.3 10 210   M    M   1 1      15 220
16 100  77  89  11   0  24 0.00  0.0    0  5.9 12 240   M    M   0         M  M
17  93  76  85   7   0  20 0.36  0.0    0  5.2 18 150   M    M   3 138    25 160
18  95  75  85   7   0  20 0.23  0.0    0  5.1 22 240   M    M   2 3      28 210
19  94  72  83   5   0  18 0.31  0.0    0  6.6 16 240   M    M   2        22 240
20  92  72  82   4   0  17 0.57  0.0    0  7.7 25 220   M    M   1 138    37 230
21  94  79  87   9   0  22 0.00  0.0    0  8.2 16 250   M    M   1        20 240
22  95  78  87   8   0  22    T  0.0    0  5.2 13 170   M    M   2 13     16 180
23  94  79  87   8   0  22    T  0.0    0  8.8 15 200   M    M   1 1      22 210
24  93  76  85   6   0  20 0.37  0.0    0  6.4 18 140   M    M   3 13     24 130
25  90  73  82   3   0  17 0.00  0.0    0  4.3 13  80   M    M   1        17 180
26  95  74  85   6   0  20 0.50  0.0    0  5.5 15 300   M    M   2 13     25 290
27  90  73  82   3   0  17 0.39  0.0    0  7.8 23 230   M    M   4 13     34 220
28  86  69  78  -2   0  13 0.01  0.0    0  7.6 18 250   M    M   3        25 280
================================================================================
SM 2524 1995         0 448  7.77     0.0 165.1          M       70
================================================================================
AV 90.1 71.2                               5.9 FASTST   M    M   3    MAX(MPH)
                                 MISC ---->  # 26  30               # 37  230
================================================================================
NOTES:
# LAST OF SEVERAL OCCURRENCES

COLUMN 17 PEAK WIND IN M.P.H.

PRELIMINARY LOCAL CLIMATOLOGICAL DATA (WS FORM: F-6) , PAGE 2

                                          STATION:  NEW BERN NC
                                          MONTH:    JUNE
                                          YEAR:     2015
                                          LATITUDE:   35  4 N
                                          LONGITUDE:  77  3 W

[TEMPERATURE DATA]      [PRECIPITATION DATA]       SYMBOLS USED IN COLUMN 16

AVERAGE MONTHLY: 80.7   TOTAL FOR MONTH:   7.77    1 = FOG OR MIST
DPTR FM NORMAL:   3.7   DPTR FM NORMAL:    3.52    2 = FOG REDUCING VISIBILITY
HIGHEST:   100 ON 16    GRTST 24HR  3.08 ON  3- 4      TO 1/4 MILE OR LESS
LOWEST:     58 ON  8                               3 = THUNDER
                        SNOW, ICE PELLETS, HAIL    4 = ICE PELLETS
                        TOTAL MONTH:   0.0 INCH    5 = HAIL
                        GRTST 24HR     0.0         6 = FREEZING RAIN OR DRIZZLE
                        GRTST DEPTH:   0           7 = DUSTSTORM OR SANDSTORM:
                                                       VSBY 1/2 MILE OR LESS
                                                   8 = SMOKE OR HAZE
[NO. OF DAYS WITH]      [WEATHER - DAYS WITH]      9 = BLOWING SNOW
                                                   X = TORNADO
MAX 32 OR BELOW:   0    0.01 INCH OR MORE:  14
MAX 90 OR ABOVE:  18    0.10 INCH OR MORE:  13
MIN 32 OR BELOW:   0    0.50 INCH OR MORE:   5
MIN  0 OR BELOW:   0    1.00 INCH OR MORE:   1

[HDD (BASE 65) ]
TOTAL THIS MO.     0    CLEAR  (SCALE 0-3)  22
DPTR FM NORMAL     0    PTCLDY (SCALE 4-7)   5
TOTAL FM JUL 1  2719    CLOUDY (SCALE 8-10)  1
DPTR FM NORMAL    18

[CDD (BASE 65) ]
TOTAL THIS MO.   448
DPTR FM NORMAL   113    [PRESSURE DATA]
TOTAL FM JAN 1   746    HIGHEST SLP M ON M
DPTR FM NORMAL   168    LOWEST  SLP 29.74 ON 28

[REMARKS]
