317
CXUS51 KOKX 310703
CF6EWR
PRELIMINARY LOCAL CLIMATOLOGICAL DATA (WS FORM: F-6)

                                          STATION:   NEWARK NJ
                                          MONTH:     AUGUST
                                          YEAR:      2016
                                          LATITUDE:   40 42 N
                                          LONGITUDE:  74 10 W

  TEMPERATURE IN F:       :PCPN:    SNOW:  WIND      :SUNSHINE: SKY     :PK WND
================================================================================
1   2   3   4   5  6A  6B    7    8   9   10  11  12  13   14  15   16   17  18
                                     12Z  AVG MX 2MIN
DY MAX MIN AVG DEP HDD CDD  WTR  SNW DPTH SPD SPD DIR MIN PSBL S-S WX    SPD DR
================================================================================

 1  79  71  75  -2   0  10 0.00  0.0    0  6.7 13  60   M    M  10        17  70
 2  80  67  74  -3   0   9 0.00  0.0    0  6.9 14  40   M    M   7        17  40
 3  80  65  73  -4   0   8 0.00  0.0    0  6.8 15 160   M    M   2        20 150
 4  81  64  73  -4   0   8 0.00  0.0    0  6.5 13 160   M    M   3        18 150
 5  84  67  76  -1   0  11    T  0.0    0  8.6 16 200   M    M   5        22 210
 6  91  72  82   5   0  17 0.09  0.0    0  9.3 25 300   M    M   6 3      32 300
 7  89  71  80   3   0  15 0.00  0.0    0  8.5 18 270   M    M   4        23 320
 8  87  69  78   1   0  13 0.00  0.0    0  6.2 13 330   M    M   6        16 320
 9  87  68  78   1   0  13 0.00  0.0    0  7.4 16 150   M    M   5        22 140
10  90  75  83   6   0  18 0.11  0.0    0 10.1 21 220   M    M   9 8      25 230
11  96  75  86   9   0  21 0.11  0.0    0 10.0 21 300   M    M   8 13     27 290
12  97  74  86  10   0  21 0.17  0.0    0 10.8 32 250   M    M   7 13     46 250
13  98  79  89  13   0  24 0.00  0.0    0  8.6 18 230   M    M   4        25 230
14  97  80  89  13   0  24    T  0.0    0 10.7 31 270   M    M   6 3      38 280
15  94  77  86  10   0  21 0.00  0.0    0  7.2 14 290   M    M   7        19 300
16  93  77  85   9   0  20 0.01  0.0    0 10.4 28 260   M    M   8 13     37 250
17  88  76  82   6   0  17 0.20  0.0    0 10.8 36 250   M    M   8 13     45 250
18  87  73  80   4   0  15 0.10  0.0    0  5.6 15 260   M    M   8        20 260
19  90  74  82   6   0  17 0.00  0.0    0  6.9 17  20   M    M   7        21 360
20  87  72  80   4   0  15 0.00  0.0    0  7.6 17 140   M    M   5        23 130
21  87  74  81   6   0  16 0.13  0.0    0  9.2 18 130   M    M   7 1      25 140
22  81  67  74  -1   0   9 0.00  0.0    0 13.8 24 320   M    M   2        36 320
23  84  59  72  -3   0   7 0.00  0.0    0  6.3 15 260   M    M   1        20 270
24  90  63  77   2   0  12 0.00  0.0    0  7.4 15 210   M    M   3        20 260
25  88  67  78   3   0  13 0.01  0.0    0 10.0 18 260   M    M   6        24 180
26  95  75  85  11   0  20 0.00  0.0    0 11.4 22 350   M    M   5 8      29 310
27  88  71  80   6   0  15 0.00  0.0    0  7.1 15 140   M    M   5        20 140
28  87  72  80   6   0  15 0.00  0.0    0  6.7 15 200   M    M   4        20 160
29  93  72  83   9   0  18 0.00  0.0    0 11.0 20 330   M    M   5        28 310
30  85  68  77   3   0  12 0.00  0.0    0  7.8 14  10   M    M   6        19 150
================================================================================
SM 2653 2134         0 454  0.93     0.0 256.3          M      169
================================================================================
AV 88.4 71.1                               8.5 FASTST   M    M   6    MAX(MPH)
                                 MISC ---->  # 36 250               # 46  250
================================================================================
NOTES:
# LAST OF SEVERAL OCCURRENCES

COLUMN 17 PEAK WIND IN M.P.H.

PRELIMINARY LOCAL CLIMATOLOGICAL DATA (WS FORM: F-6) , PAGE 2

                                          STATION:  NEWARK NJ
                                          MONTH:    AUGUST
                                          YEAR:     2016
                                          LATITUDE:   40 42 N
                                          LONGITUDE:  74 10 W

[TEMPERATURE DATA]      [PRECIPITATION DATA]       SYMBOLS USED IN COLUMN 16

AVERAGE MONTHLY: 79.8   TOTAL FOR MONTH:   0.93    1 = FOG OR MIST
DPTR FM NORMAL:   3.9   DPTR FM NORMAL:   -2.67    2 = FOG REDUCING VISIBILITY
HIGHEST:    98 ON 13    GRTST 24HR  0.71 ON 31- 1      TO 1/4 MILE OR LESS
LOWEST:     59 ON 23                               3 = THUNDER
                        SNOW, ICE PELLETS, HAIL    4 = ICE PELLETS
                        TOTAL MONTH:   0.0 INCH    5 = HAIL
                        GRTST 24HR     0.0         6 = FREEZING RAIN OR DRIZZLE
                        GRTST DEPTH:   0           7 = DUSTSTORM OR SANDSTORM:
                                                       VSBY 1/2 MILE OR LESS
                                                   8 = SMOKE OR HAZE
[NO. OF DAYS WITH]      [WEATHER - DAYS WITH]      9 = BLOWING SNOW
                                                   X = TORNADO
MAX 32 OR BELOW:   0    0.01 INCH OR MORE:   9
MAX 90 OR ABOVE:  12    0.10 INCH OR MORE:   6
MIN 32 OR BELOW:   0    0.50 INCH OR MORE:   0
MIN  0 OR BELOW:   0    1.00 INCH OR MORE:   0

[HDD (BASE 65) ]
TOTAL THIS MO.     0    CLEAR  (SCALE 0-3)   5
DPTR FM NORMAL     0    PTCLDY (SCALE 4-7)  23
TOTAL FM JUL 1     0    CLOUDY (SCALE 8-10)  2
DPTR FM NORMAL     0

[CDD (BASE 65) ]
TOTAL THIS MO.   454
DPTR FM NORMAL   127    [PRESSURE DATA]
TOTAL FM JAN 1  1292    HIGHEST SLP M ON M
DPTR FM NORMAL   267    LOWEST  SLP 29.67 ON  6

[REMARKS]
