000
CXUS53 KIND 310730
CF6EYE
PRELIMINARY LOCAL CLIMATOLOGICAL DATA (WS FORM: F-6)

                                          STATION:   INDIANAPOLIS EAGLE CREEK IN
                                          MONTH:     AUGUST
                                          YEAR:      2014
                                          LATITUDE:   39 49 N
                                          LONGITUDE:  86 18 W

  TEMPERATURE IN F:       :PCPN:    SNOW:  WIND      :SUNSHINE: SKY     :PK WND
================================================================================
1   2   3   4   5  6A  6B    7    8   9   10  11  12  13   14  15   16   17  18
                                     12Z  AVG MX 2MIN
DY MAX MIN AVG DEP HDD CDD  WTR  SNW DPTH SPD SPD DIR MIN PSBL S-S WX    SPD DR
================================================================================

 1  81  60  71  -4   0   6 0.02    M    M  2.8 15 300   M    M   3 138    18 310
 2  81  63  72  -3   0   7    T    M    M  5.5 13 350   M    M   3        16 350
 3  83  63  73  -2   0   8 0.00    M    M  3.9 12 340   M    M   0 18     15 330
 4  83  62  73  -1   0   8 0.00    M    M  2.6 12 120   M    M   2 138    16 120
 5  81  65  73  -1   0   8    T    M    M  2.0  8 270   M    M   3 18     44 360
 6  78  65  72  -2   0   7 0.00    M    M  4.3 10 330   M    M   1 18     14 330
 7  78  63  71  -3   0   6 0.00    M    M  6.3 14 140   M    M   0        17 150
 8  76  66  71  -3   0   6    T    M    M  7.6 17 130   M    M   8        23 130
 9  82  67  75   1   0  10    T    M    M  6.9 15 100   M    M   8        20 130
10  82  70  76   2   0  11 0.01    M    M  4.5 10 210   M    M   9 138    15 200
11  82  69  76   2   0  11 0.03    M    M  6.4 23 340   M    M   8 18     29 340
12  70  60  65  -9   0   0 0.01    M    M 10.7 22 290   M    M   8 1      27 300
13  79  57  68  -6   0   3 0.00    M    M  5.7 14 280   M    M   1        21 300
14  80  57  69  -5   0   4    T    M    M  7.3 15 330   M    M   4        19 340
15  77  47  62 -12   3   0 0.00    M    M  2.4  9 300   M    M   0        11 290
16  75  57  66  -8   0   1 0.10    M    M  4.2 10 230   M    M   6 1      15 230
17  79  66  73  -1   0   8 0.02    M    M  4.8 13 120   M    M   8 18     26 210
18  85  65  75   1   0  10 0.00    M    M  3.8  9 320   M    M   3 18     13  20
19  85  64  75   1   0  10 0.47    M    M  4.4 32 280   M    M   2 138    45 290
20  82  64  73  -1   0   8    T    M    M  3.9 29 270   M    M   0 13     36 280
21  86  69  78   4   0  13 1.54    M    M  4.1 20 220   M    M   5 138    34 250
22  86  72  79   5   0  14 0.04    M    M  3.8 14 340   M    M   3 1      18 340
23  89  69  79   5   0  14 0.89    M    M  2.9 31 310   M    M   5 13     41 300
24  88  72  80   6   0  15 0.00    M    M  3.1 12 280   M    M   5 18     29 210
25  91  71  81   7   0  16 0.05    M    M  3.6 17 290   M    M   1 138    21  10
26  91  69  80   6   0  15 0.00    M    M  2.0 29 360   M    M   1 138    37 350
27  87  71  79   6   0  14 0.00    M    M  4.2 12  10   M    M   1        16 360
28  83  66  75   2   0  10 0.00    M    M  5.0 10 110   M    M   2        14 110
29  87  68  78   5   0  13    T    M    M  6.7 13 150   M    M   2        21 180
30  79  71  75   2   0  10    T    M    M  7.7 16 210   M    M   5        22 200
================================================================================
SM 2466 1948         3 266  3.18    M    143.1          M      107
================================================================================
AV 82.2 64.9                               4.8 FASTST   M    M   4    MAX(MPH)
                                 MISC ---->  # 32 280               # 45  290
================================================================================
NOTES:
# LAST OF SEVERAL OCCURRENCES

COLUMN 17 PEAK WIND IN M.P.H.

PRELIMINARY LOCAL CLIMATOLOGICAL DATA (WS FORM: F-6) , PAGE 2

                                          STATION:  INDIANAPOLIS EAGLE CREEK IN
                                          MONTH:    AUGUST
                                          YEAR:     2014
                                          LATITUDE:   39 49 N
                                          LONGITUDE:  86 18 W

[TEMPERATURE DATA]      [PRECIPITATION DATA]       SYMBOLS USED IN COLUMN 16

AVERAGE MONTHLY: 73.6   TOTAL FOR MONTH:   3.18    1 = FOG OR MIST
DPTR FM NORMAL:  -0.4   DPTR FM NORMAL:    0.11    2 = FOG REDUCING VISIBILITY
HIGHEST:    91 ON 26,25 GRTST 24HR  1.54 ON 21-21      TO 1/4 MILE OR LESS
LOWEST:     47 ON 15                               3 = THUNDER
                        SNOW, ICE PELLETS, HAIL    4 = ICE PELLETS
                        TOTAL MONTH:    M          5 = HAIL
                        GRTST 24HR    M  ON   M    6 = FREEZING RAIN OR DRIZZLE
                        GRTST DEPTH:  M  ON   M    7 = DUSTSTORM OR SANDSTORM:
                                                       VSBY 1/2 MILE OR LESS
                                                   8 = SMOKE OR HAZE
[NO. OF DAYS WITH]      [WEATHER - DAYS WITH]      9 = BLOWING SNOW
                                                   X = TORNADO
MAX 32 OR BELOW:   0    0.01 INCH OR MORE:  11
MAX 90 OR ABOVE:   2    0.10 INCH OR MORE:   4
MIN 32 OR BELOW:   0    0.50 INCH OR MORE:   2
MIN  0 OR BELOW:   0    1.00 INCH OR MORE:   1

[HDD (BASE 65) ]
TOTAL THIS MO.     3    CLEAR  (SCALE 0-3)  18
DPTR FM NORMAL     3    PTCLDY (SCALE 4-7)  10
TOTAL FM JUL 1     8    CLOUDY (SCALE 8-10)  2
DPTR FM NORMAL     7

[CDD (BASE 65) ]
TOTAL THIS MO.   266
DPTR FM NORMAL   -12    [PRESSURE DATA]
TOTAL FM JAN 1   782    HIGHEST SLP M ON M
DPTR FM NORMAL  -132    LOWEST  SLP 29.75 ON 19

[REMARKS]
