000
CXUS53 KIND 260730
CF6EYE
PRELIMINARY LOCAL CLIMATOLOGICAL DATA (WS FORM: F-6)

                                          STATION:   INDIANAPOLIS EAGLE CREEK IN
                                          MONTH:     AUGUST
                                          YEAR:      2016
                                          LATITUDE:   39 49 N
                                          LONGITUDE:  86 18 W

  TEMPERATURE IN F:       :PCPN:    SNOW:  WIND      :SUNSHINE: SKY     :PK WND
================================================================================
1   2   3   4   5  6A  6B    7    8   9   10  11  12  13   14  15   16   17  18
                                     12Z  AVG MX 2MIN
DY MAX MIN AVG DEP HDD CDD  WTR  SNW DPTH SPD SPD DIR MIN PSBL S-S WX    SPD DR
================================================================================

 1  88  69  79   4   0  14 0.00    M    M  2.4  9  10   M    M   2 1      15 240
 2  91  68  80   5   0  15 0.00    M    M  2.7 10  20   M    M   1 1      16  20
 3  91  72  82   7   0  17 0.00    M    M  3.0 13 360   M    M   3 8      23 340
 4  89  72  81   7   0  16 0.08    M    M  3.1 12 100   M    M   3 13     16 200
 5  90  71  81   7   0  16 0.00    M    M  5.9 14 280   M    M   4 18     21 300
 6  84  70  77   3   0  12 0.00    M    M  5.6 10 360   M    M   2        21 360
 7  86  65  76   2   0  11 0.00    M    M  5.3 12 310   M    M   2        26  20
 8  87  69  78   4   0  13 0.00    M    M  6.8 13  70   M    M   1        17  90
 9  90  69  80   6   0  15 0.00    M    M  2.0  8 330   M    M   3        26  30
10  88  74  81   7   0  16    T    M    M  3.5 15 130   M    M   4 3      20 130
11  92  77  85  11   0  20    T    M    M  5.5 15 210   M    M   5        19 210
12  91  77  84  10   0  19 0.00    M    M  7.2 15 210   M    M   7        22 220
13  80  73  77   3   0  12 1.09    M    M  6.7 13 200   M    M   9 13     18 150
14  74  69  72  -2   0   7 0.72    M    M  3.3 10 320   M    M   7 1      24  90
15  78  71  75   1   0  10 0.81    M    M  6.3 15 190   M    M   9 1      20 210
16  80  72  76   2   0  11 0.09    M    M  6.2 15 210   M    M   8 1      24 210
17  83  71  77   3   0  12 0.00    M    M  2.6  9 280   M    M   7 1      16 240
18  85  69  77   3   0  12 0.00    M    M  3.8 13 190   M    M   3 12     24  90
19  86  71  79   5   0  14 0.52    M    M  6.0 16 100   M    M   5 13     20 130
20  83  70  77   3   0  12 1.03    M    M  5.6 24 290   M    M   6 138    31 300
21  78  63  71  -3   0   6 0.00    M    M  8.4 17 290   M    M   1        27 330
22  80  60  70  -4   0   5 0.00    M    M  1.9  8 280   M    M   1        12 210
23  81  60  71  -3   0   6 0.00    M    M  4.3 12 200   M    M   1        16 190
24  86  70  78   4   0  13 0.83    M    M  6.1 25 360   M    M   3 1238   35 360
25  88  75  82   8   0  17    T    M    M  4.3 14 270   M    M   3 3      19 250
================================================================================
SM 2129 1747         0 321  5.17    M    118.5          M      100
================================================================================
AV 85.2 69.9                               4.7 FASTST   M    M   4    MAX(MPH)
                                 MISC ---->  # 25 360               # 35  360
================================================================================
NOTES:
# LAST OF SEVERAL OCCURRENCES

COLUMN 17 PEAK WIND IN M.P.H.

PRELIMINARY LOCAL CLIMATOLOGICAL DATA (WS FORM: F-6) , PAGE 2

                                          STATION:  INDIANAPOLIS EAGLE CREEK IN
                                          MONTH:    AUGUST
                                          YEAR:     2016
                                          LATITUDE:   39 49 N
                                          LONGITUDE:  86 18 W

[TEMPERATURE DATA]      [PRECIPITATION DATA]       SYMBOLS USED IN COLUMN 16

AVERAGE MONTHLY: 77.5   TOTAL FOR MONTH:   5.17    1 = FOG OR MIST
DPTR FM NORMAL:   3.4   DPTR FM NORMAL:    2.69    2 = FOG REDUCING VISIBILITY
HIGHEST:    92 ON 11    GRTST 24HR  1.57 ON 13-14      TO 1/4 MILE OR LESS
LOWEST:     60 ON 23,22                            3 = THUNDER
                        SNOW, ICE PELLETS, HAIL    4 = ICE PELLETS
                        TOTAL MONTH:    M          5 = HAIL
                        GRTST 24HR    M  ON   M    6 = FREEZING RAIN OR DRIZZLE
                        GRTST DEPTH:  M  ON   M    7 = DUSTSTORM OR SANDSTORM:
                                                       VSBY 1/2 MILE OR LESS
                                                   8 = SMOKE OR HAZE
[NO. OF DAYS WITH]      [WEATHER - DAYS WITH]      9 = BLOWING SNOW
                                                   X = TORNADO
MAX 32 OR BELOW:   0    0.01 INCH OR MORE:   8
MAX 90 OR ABOVE:   6    0.10 INCH OR MORE:   6
MIN 32 OR BELOW:   0    0.50 INCH OR MORE:   6
MIN  0 OR BELOW:   0    1.00 INCH OR MORE:   2

[HDD (BASE 65) ]
TOTAL THIS MO.     0    CLEAR  (SCALE 0-3)  12
DPTR FM NORMAL     0    PTCLDY (SCALE 4-7)  11
TOTAL FM JUL 1     3    CLOUDY (SCALE 8-10)  2
DPTR FM NORMAL     2

[CDD (BASE 65) ]
TOTAL THIS MO.   321
DPTR FM NORMAL    84    [PRESSURE DATA]
TOTAL FM JAN 1  1101    HIGHEST SLP M ON M
DPTR FM NORMAL   228    LOWEST  SLP 29.64 ON 20

[REMARKS]
