000
CXUS53 KIND 270730
CF6EYE
PRELIMINARY LOCAL CLIMATOLOGICAL DATA (WS FORM: F-6)

                                          STATION:   INDIANAPOLIS EAGLE CREEK IN
                                          MONTH:     MARCH
                                          YEAR:      2015
                                          LATITUDE:   39 49 N
                                          LONGITUDE:  86 18 W

  TEMPERATURE IN F:       :PCPN:    SNOW:  WIND      :SUNSHINE: SKY     :PK WND
================================================================================
1   2   3   4   5  6A  6B    7    8   9   10  11  12  13   14  15   16   17  18
                                     12Z  AVG MX 2MIN
DY MAX MIN AVG DEP HDD CDD  WTR  SNW DPTH SPD SPD DIR MIN PSBL S-S WX    SPD DR
================================================================================

 1  29  21  25 -12  40   0 0.38    M    M  3.2 15 310   M    M   9 1      19 320
 2  33  12  23 -14  42   0 0.00    M    M  5.6 18 300   M    M   2        23 300
 3  41  25  33  -4  32   0 0.40    M    M  8.6 17 280   M    M   9 168    24 270
 4  35  18  27 -11  38   0 0.02    M    M 10.5 20 310   M    M   8 18     25 310
 5  22   8  15 -23  50   0 0.00    M    M  8.9 15 300   M    M   1        22 290
 6  31   1  16 -22  49   0 0.00    M    M  6.6 17 200   M    M   1        22 210
 7  43  23  33  -6  32   0 0.00    M    M  9.6 18 210   M    M   2        26 240
 8  49  26  38  -1  27   0 0.00    M    M  2.4  9 130   M    M   1        12 130
 9  47  27  37  -3  28   0 0.00    M    M  2.3 12 190   M    M   5 1      15 170
10  48  38  43   3  22   0    M    M    M  2.3  9 340   M    M  10 12     12 340
11  64  32  48   8  17   0 0.00    M    M  3.5 17  10   M    M   5 128    22  20
12  58  30  44   3  21   0 0.00    M    M  7.7 18 110   M    M   0 18     23 100
13  52  41  47   6  18   0 0.42    M    M  3.2  7 150   M    M   8 1      10 150
14  56  43  50   8  15   0 0.42    M    M  6.9 17 340   M    M   4 12     22 300
15  64  32  48   6  17   0 0.00    M    M  4.6 12 220   M    M   0 1      17 210
16  73  50  62  20   3   0 0.00    M    M  9.3 16 230   M    M   0        22 240
17  61  32  47   4  18   0 0.00    M    M 12.3 23 360   M    M   1        31 360
18  46  27  37  -6  28   0 0.00    M    M  3.5 12 110   M    M   2        16  90
19  51  39  45   1  20   0 0.04    M    M  7.9 16 100   M    M   6        21 120
20  47  39  43  -1  22   0 0.06    M    M  3.4 12 300   M    M  10 1      14 310
21  60  35  48   4  17   0 0.00    M    M  7.3 16 360   M    M   1 1      21 300
22  50  34  42  -3  23   0 0.00    M    M  7.8 15  50   M    M   0        21  80
23  40  29  35 -10  30   0 0.01    M    M  9.5 21 100   M    M   8        26  90
24  44  25  35 -11  30   0 0.04    M    M  9.2 15 100   M    M   7        19 130
25  52  42  47   1  18   0 0.71    M    M  6.8 16 270   M    M   7 13     24 220
26  45  33  39  -7  26   0 0.49    M    M  9.6 18 310   M    M   7 1      23 320
================================================================================
SM 1241  762       683   0  2.99    M    172.5          M      114
================================================================================
AV 47.7 29.3                               6.6 FASTST   M    M   4    MAX(MPH)
                                 MISC ---->  # 23 360               # 31  360
================================================================================
NOTES:
# LAST OF SEVERAL OCCURRENCES

COLUMN 17 PEAK WIND IN M.P.H.

PRELIMINARY LOCAL CLIMATOLOGICAL DATA (WS FORM: F-6) , PAGE 2

                                          STATION:  INDIANAPOLIS EAGLE CREEK IN
                                          MONTH:    MARCH
                                          YEAR:     2015
                                          LATITUDE:   39 49 N
                                          LONGITUDE:  86 18 W

[TEMPERATURE DATA]      [PRECIPITATION DATA]       SYMBOLS USED IN COLUMN 16

AVERAGE MONTHLY: 38.5   TOTAL FOR MONTH:   2.99    1 = FOG OR MIST
DPTR FM NORMAL:  -2.9   DPTR FM NORMAL:    0.38    2 = FOG REDUCING VISIBILITY
HIGHEST:    73 ON 16    GRTST 24HR  0.71 ON 25-25      TO 1/4 MILE OR LESS
LOWEST:      1 ON  6                               3 = THUNDER
                        SNOW, ICE PELLETS, HAIL    4 = ICE PELLETS
                        TOTAL MONTH:    M          5 = HAIL
                        GRTST 24HR    M  ON   M    6 = FREEZING RAIN OR DRIZZLE
                        GRTST DEPTH:  M  ON   M    7 = DUSTSTORM OR SANDSTORM:
                                                       VSBY 1/2 MILE OR LESS
                                                   8 = SMOKE OR HAZE
[NO. OF DAYS WITH]      [WEATHER - DAYS WITH]      9 = BLOWING SNOW
                                                   X = TORNADO
MAX 32 OR BELOW:   3    0.01 INCH OR MORE:  11
MAX 90 OR ABOVE:   0    0.10 INCH OR MORE:   6
MIN 32 OR BELOW:  16    0.50 INCH OR MORE:   1
MIN  0 OR BELOW:   0    1.00 INCH OR MORE:   0

[HDD (BASE 65) ]
TOTAL THIS MO.   683    CLEAR  (SCALE 0-3)  12
DPTR FM NORMAL    73    PTCLDY (SCALE 4-7)  10
TOTAL FM JUL 1  5369    CLOUDY (SCALE 8-10)  4
DPTR FM NORMAL   634

[CDD (BASE 65) ]
TOTAL THIS MO.     0
DPTR FM NORMAL     0    [PRESSURE DATA]
TOTAL FM JAN 1     0    HIGHEST SLP M ON M
DPTR FM NORMAL     0    LOWEST  SLP 29.74 ON  3

[REMARKS]
