000
CXUS52 KKEY 300533
CF6EYW
PRELIMINARY LOCAL CLIMATOLOGICAL DATA (WS FORM: F-6)

                                          STATION:   KEY WEST
                                          MONTH:     JULY
                                          YEAR:      2015
                                          LATITUDE:   24 32 N
                                          LONGITUDE:  81 45 W

  TEMPERATURE IN F:       :PCPN:    SNOW:  WIND      :SUNSHINE: SKY     :PK WND
================================================================================
1   2   3   4   5  6A  6B    7    8   9   10  11  12  13   14  15   16   17  18
                                     12Z  AVG MX 2MIN
DY MAX MIN AVG DEP HDD CDD  WTR  SNW DPTH SPD SPD DIR MIN PSBL S-S WX    SPD DR
================================================================================

 1  91  83  87   3   0  22 0.00  0.0    0 12.0 20 110   M    M   1        24 120
 2  91  84  88   4   0  23    T  0.0    0 11.9 17 110   M    M   1        22 110
 3  91  83  87   3   0  22 0.00  0.0    0 11.8 17 100   M    M   1        22 110
 4  91  84  88   4   0  23 0.00  0.0    0 11.9 17 100   M    M   2        23 130
 5  91  84  88   4   0  23 0.00  0.0    0 12.0 17 110   M    M   2        22 100
 6  91  81  86   2   0  21 0.00  0.0    0 10.8 21 120   M    M   1 3      27 100
 7  92  81  87   3   0  22 0.00  0.0    0 11.9 17 130   M    M   2        21 130
 8  91  82  87   3   0  22    T  0.0    0 11.2 17 110   M    M   2 3      23 110
 9  91  80  86   2   0  21    T  0.0    0 12.3 21 110   M    M   1 3      23 110
10  91  83  87   3   0  22 0.00  0.0    0 10.5 16 100   M    M   1        20 120
11  90  80  85   1   0  20 0.15  0.0    0  8.0 14 100   M    M   2 13     20 140
12  90  79  85   1   0  20    T  0.0    0  5.4 14 340   M    M   1 3      16 350
13  90  80  85   1   0  20 0.00  0.0    0  6.2 12 150   M    M   1        13 160
14  89  83  86   2   0  21 0.00  0.0    0 10.0 15 180   M    M   1 3      19 170
15  88  80  84  -1   0  19    T  0.0    0  4.8 14 180   M    M   5 3      17 190
16  89  82  86   1   0  21 0.00  0.0    0  3.9  8 300   M    M   1        15 170
17  91  80  86   1   0  21    T  0.0    0  4.0 16 320   M    M   0 3      21 320
18  89  80  85   0   0  20    T  0.0    0  6.4 18 130   M    M   1 3      22 120
19  89  82  86   1   0  21 0.00  0.0    0  6.6 20 130   M    M   1 3      23 140
20  89  81  85   0   0  20 0.00  0.0    0  4.9 12 250   M    M   1        16 170
21  89  83  86   1   0  21 0.12  0.0    0  5.0 10 220   M    M   2        14 230
22  92  81  87   2   0  22 0.00  0.0    0  2.8 12 320   M    M   2        15 320
23  91  81  86   1   0  21 0.23  0.0    0  3.1 13 220   M    M   2        16 240
24  92  80  86   1   0  21 0.00  0.0    0  5.8 16 300   M    M   1        22 330
25  88  82  85   0   0  20    T  0.0    0  9.3 18 250   M    M   1 3      24 250
26  88  76  82  -3   0  17 0.17  0.0    0 10.4 21 300   M    M   2 3      26 290
27  89  83  86   1   0  21 0.00  0.0    0  8.8 15 180   M    M   1 38     18 200
28  94  82  88   3   0  23 0.00  0.0    0  4.7  9 310   M    M   1        13 300
29  93  79  86   1   0  21 0.00  0.0    0  3.6 12 300   M    M   1        15 300
================================================================================
SM 2621 2359         0 611  0.67     0.0 230.0          M       41
================================================================================
AV 90.4 81.3                               7.9 FASTST   M    M   1    MAX(MPH)
                                 MISC ---->  # 21 120               # 27  100
================================================================================
NOTES:
# LAST OF SEVERAL OCCURRENCES

COLUMN 17 PEAK WIND IN M.P.H.

PRELIMINARY LOCAL CLIMATOLOGICAL DATA (WS FORM: F-6) , PAGE 2

                                          STATION:  KEY WEST
                                          MONTH:    JULY
                                          YEAR:     2015
                                          LATITUDE:   24 32 N
                                          LONGITUDE:  81 45 W

[TEMPERATURE DATA]      [PRECIPITATION DATA]       SYMBOLS USED IN COLUMN 16

AVERAGE MONTHLY: 85.9   TOTAL FOR MONTH:   0.67    1 = FOG OR MIST
DPTR FM NORMAL:   1.3   DPTR FM NORMAL:   -2.64    2 = FOG REDUCING VISIBILITY
HIGHEST:    94 ON 28    GRTST 24HR  0.23 ON 23-23      TO 1/4 MILE OR LESS
LOWEST:     76 ON 26                               3 = THUNDER
                        SNOW, ICE PELLETS, HAIL    4 = ICE PELLETS
                        TOTAL MONTH:   0.0 INCH    5 = HAIL
                        GRTST 24HR     0.0         6 = FREEZING RAIN OR DRIZZLE
                        GRTST DEPTH:   0           7 = DUSTSTORM OR SANDSTORM:
                                                       VSBY 1/2 MILE OR LESS
                                                   8 = SMOKE OR HAZE
[NO. OF DAYS WITH]      [WEATHER - DAYS WITH]      9 = BLOWING SNOW
                                                   X = TORNADO
MAX 32 OR BELOW:   0    0.01 INCH OR MORE:   4
MAX 90 OR ABOVE:  19    0.10 INCH OR MORE:   4
MIN 32 OR BELOW:   0    0.50 INCH OR MORE:   0
MIN  0 OR BELOW:   0    1.00 INCH OR MORE:   0

[HDD (BASE 65) ]
TOTAL THIS MO.     0    CLEAR  (SCALE 0-3)  28
DPTR FM NORMAL     0    PTCLDY (SCALE 4-7)   1
TOTAL FM JUL 1     0    CLOUDY (SCALE 8-10)  0
DPTR FM NORMAL     0

[CDD (BASE 65) ]
TOTAL THIS MO.   611
DPTR FM NORMAL    43    [PRESSURE DATA]
TOTAL FM JAN 1  2899    HIGHEST SLP M ON M
DPTR FM NORMAL   352    LOWEST  SLP 29.90 ON 26

[REMARKS]
