000
CXUS52 KKEY 230530
CF6EYW
PRELIMINARY LOCAL CLIMATOLOGICAL DATA (WS FORM: F-6)

                                          STATION:   KEY WEST
                                          MONTH:     MAY
                                          YEAR:      2015
                                          LATITUDE:   24 32 N
                                          LONGITUDE:  81 45 W

  TEMPERATURE IN F:       :PCPN:    SNOW:  WIND      :SUNSHINE: SKY     :PK WND
================================================================================
1   2   3   4   5  6A  6B    7    8   9   10  11  12  13   14  15   16   17  18
                                     12Z  AVG MX 2MIN
DY MAX MIN AVG DEP HDD CDD  WTR  SNW DPTH SPD SPD DIR MIN PSBL S-S WX    SPD DR
================================================================================

 1  81  74  78   0   0  13 0.00  0.0    0 10.6 17 310   M    M   2        22 310
 2  83  74  79   1   0  14 0.00  0.0    0 11.7 20 100   M    M   1        29  30
 3  82  74  78  -1   0  13 0.00  0.0    0 15.2 23 100   M    M   2        31 100
 4  79  74  77  -2   0  12 0.00  0.0    0 12.6 21  80   M    M   5        30  60
 5  80  71  76  -3   0  11 0.03  0.0    0  8.1 17 140   M    M   2        23 150
 6  85  71  78  -1   0  13 0.00  0.0    0  5.4 13  10   M    M   0        14 360
 7  83  74  79   0   0  14 0.00  0.0    0  5.9 13 110   M    M   1        16 170
 8  87  75  81   2   0  16 0.00  0.0    0  5.1 10 120   M    M   1        14 140
 9  85  76  81   1   0  16 0.00  0.0    0  6.9 15 110   M    M   1        18 120
10  87  79  83   3   0  18 0.00  0.0    0 12.6 20 110   M    M   2        24 100
11  86  80  83   3   0  18 0.00  0.0    0 13.8 18 110   M    M   1        24 100
12  86  79  83   3   0  18 0.00  0.0    0 11.0 17 110   M    M   2        21 110
13  87  77  82   2   0  17 0.00  0.0    0 12.1 18 110   M    M   1        24 110
14  87  80  84   4   0  19 0.00  0.0    0 14.4 21 100   M    M   1        26 100
15  86  76  81   1   0  16 0.02  0.0    0 14.9 22 120   M    M   1 1      27 120
16  87  80  84   4   0  19 0.00  0.0    0 13.4 20 110   M    M   2        24 110
17  88  80  84   4   0  19    T  0.0    0 13.7 20 110   M    M   2        26 100
18  86  76  81   0   0  16 0.18  0.0    0  9.3 16 100   M    M   4 13     21  90
19  87  73  80  -1   0  15 0.84  0.0    0  6.8 15  60   M    M   4 13     23  50
20  89  77  83   2   0  18 0.00  0.0    0  3.5 10 340   M    M   5        14 350
21  89  77  83   2   0  18 0.00  0.0    0  5.0 13 350   M    M   2        16 330
22  88  78  83   2   0  18 0.00  0.0    0  5.6 12  20   M    M   3        15  40
================================================================================
SM 1878 1675         0 351  1.07     0.0 217.6          M       45
================================================================================
AV 85.4 76.1                               9.9 FASTST   M    M   2    MAX(MPH)
                                 MISC ---->  # 23 100               # 31  100
================================================================================
NOTES:
# LAST OF SEVERAL OCCURRENCES

COLUMN 17 PEAK WIND IN M.P.H.

PRELIMINARY LOCAL CLIMATOLOGICAL DATA (WS FORM: F-6) , PAGE 2

                                          STATION:  KEY WEST
                                          MONTH:    MAY
                                          YEAR:     2015
                                          LATITUDE:   24 32 N
                                          LONGITUDE:  81 45 W

[TEMPERATURE DATA]      [PRECIPITATION DATA]       SYMBOLS USED IN COLUMN 16

AVERAGE MONTHLY: 80.8   TOTAL FOR MONTH:   1.07    1 = FOG OR MIST
DPTR FM NORMAL:   1.0   DPTR FM NORMAL:   -0.72    2 = FOG REDUCING VISIBILITY
HIGHEST:    89 ON 21,20 GRTST 24HR  1.02 ON 18-19      TO 1/4 MILE OR LESS
LOWEST:     71 ON  6, 5                            3 = THUNDER
                        SNOW, ICE PELLETS, HAIL    4 = ICE PELLETS
                        TOTAL MONTH:   0.0 INCH    5 = HAIL
                        GRTST 24HR     0.0         6 = FREEZING RAIN OR DRIZZLE
                        GRTST DEPTH:   0           7 = DUSTSTORM OR SANDSTORM:
                                                       VSBY 1/2 MILE OR LESS
                                                   8 = SMOKE OR HAZE
[NO. OF DAYS WITH]      [WEATHER - DAYS WITH]      9 = BLOWING SNOW
                                                   X = TORNADO
MAX 32 OR BELOW:   0    0.01 INCH OR MORE:   4
MAX 90 OR ABOVE:   0    0.10 INCH OR MORE:   2
MIN 32 OR BELOW:   0    0.50 INCH OR MORE:   1
MIN  0 OR BELOW:   0    1.00 INCH OR MORE:   0

[HDD (BASE 65) ]
TOTAL THIS MO.     0    CLEAR  (SCALE 0-3)  18
DPTR FM NORMAL     0    PTCLDY (SCALE 4-7)   4
TOTAL FM JUL 1    27    CLOUDY (SCALE 8-10)  0
DPTR FM NORMAL   -46

[CDD (BASE 65) ]
TOTAL THIS MO.   351
DPTR FM NORMAL    25    [PRESSURE DATA]
TOTAL FM JAN 1  1553    HIGHEST SLP M ON M
DPTR FM NORMAL   273    LOWEST  SLP 29.86 ON  1

[REMARKS]
