000
CXUS52 KKEY 180600
CF6EYW
PRELIMINARY LOCAL CLIMATOLOGICAL DATA (WS FORM: F-6)
STATION: KEY WEST
MONTH: APRIL
YEAR: 2024
LATITUDE: 24 32 N
LONGITUDE: 81 45 W
TEMPERATURE IN F: :PCPN: SNOW: WIND :SUNSHINE: SKY :PK WND
================================================================================
1 2 3 4 5 6A 6B 7 8 9 10 11 12 13 14 15 16 17 18
12Z AVG MX 2MIN
DY MAX MIN AVG DEP HDD CDD WTR SNW DPTH SPD SPD DIR MIN PSBL S-S WX SPD DR
================================================================================
1 81 74 78 2 0 13 T 0.0 0 11.4 16 130 M M 2 26 160
2 83 76 80 4 0 15 0.00 0.0 0 12.1 18 140 M M 1 32 160
3 83 77 80 4 0 15 T 0.0 0 12.0 18 170 M M 2 31 180
4 80 72 76 0 0 11 0.55 0.0 0 11.0 18 330 M M 8 3 27 340
5 81 70 76 -1 0 11 0.00 0.0 0 8.7 15 340 M M 1 22 330
6 81 69 75 -2 0 10 0.00 0.0 0 7.9 15 310 M M 0 22 330
7 81 65 73 -4 0 8 0.00 0.0 0 6.2 13 100 M M 0 18 80
8 81 72 77 0 0 12 0.00 0.0 0 12.7 23 100 M M 4 32 100
9 81 74 78 1 0 13 0.00 0.0 0 17.9 23 110 M M 2 34 140
10 82 76 79 2 0 14 0.00 0.0 0 16.6 21 150 M M 2 32 150
11 83 77 80 3 0 15 T 0.0 0 11.6 22 150 M M 2 31 160
12 81 72 77 -1 0 12 0.00 0.0 0 11.4 17 350 M M 6 24 350
13 81 71 76 -2 0 11 0.00 0.0 0 11.3 22 20 M M 1 35 40
14 80 71 76 -2 0 11 0.00 0.0 0 11.1 20 100 M M 3 27 90
15 80 71 76 -2 0 11 0.00 0.0 0 10.8 16 90 M M 1 25 80
16 81 72 77 -1 0 12 0.00 0.0 0 12.1 22 100 M M 2 28 100
17 82 75 79 1 0 14 0.00 0.0 0 12.7 21 100 M M 2 27 100
================================================================================
SM 1382 1234 0 208 0.55 0.0 197.5 M 39
================================================================================
AV 81.3 72.6 11.6 FASTST M M 2 MAX(MPH)
MISC ----> # 23 100 35 40
================================================================================
NOTES:
# LAST OF SEVERAL OCCURRENCES
COLUMN 17 PEAK WIND IN M.P.H.
PRELIMINARY LOCAL CLIMATOLOGICAL DATA (WS FORM: F-6) , PAGE 2
STATION: KEY WEST
MONTH: APRIL
YEAR: 2024
LATITUDE: 24 32 N
LONGITUDE: 81 45 W
[TEMPERATURE DATA] [PRECIPITATION DATA] SYMBOLS USED IN COLUMN 16
AVERAGE MONTHLY: 76.9 TOTAL FOR MONTH: 0.55 1 = FOG OR MIST
DPTR FM NORMAL: -0.2 DPTR FM NORMAL: -0.46 2 = FOG REDUCING VISIBILITY
HIGHEST: 83 ON 11, 3 GRTST 24HR 0.55 ON 3- 4 TO 1/4 MILE OR LESS
LOWEST: 65 ON 7 3 = THUNDER
SNOW, ICE PELLETS, HAIL 4 = ICE PELLETS
TOTAL MONTH: 0.0 INCH 5 = HAIL
GRTST 24HR 0.0 6 = FREEZING RAIN OR DRIZZLE
GRTST DEPTH: 0 7 = DUSTSTORM OR SANDSTORM:
VSBY 1/2 MILE OR LESS
8 = SMOKE OR HAZE
[NO. OF DAYS WITH] [WEATHER - DAYS WITH] 9 = BLOWING SNOW
X = TORNADO
MAX 32 OR BELOW: 0 0.01 INCH OR MORE: 1
MAX 90 OR ABOVE: 0 0.10 INCH OR MORE: 1
MIN 32 OR BELOW: 0 0.50 INCH OR MORE: 1
MIN 0 OR BELOW: 0 1.00 INCH OR MORE: 0
[HDD (BASE 65) ]
TOTAL THIS MO. 0 CLEAR (SCALE 0-3) 13
DPTR FM NORMAL 0 PTCLDY (SCALE 4-7) 4
TOTAL FM JUL 1 7 CLOUDY (SCALE 8-10) 0
DPTR FM NORMAL -39
[CDD (BASE 65) ]
TOTAL THIS MO. 208
DPTR FM NORMAL 3 [PRESSURE DATA]
TOTAL FM JAN 1 971 HIGHEST SLP M ON M
DPTR FM NORMAL 58 LOWEST SLP 29.78 ON 3
[REMARKS]