000
CXAK56 PAFG 171711
CF6FAI
PRELIMINARY LOCAL CLIMATOLOGICAL DATA (WS FORM: F-6)

                                          STATION:   FAIRBANKS AK
                                          MONTH:     JANUARY
                                          YEAR:      2017
                                          LATITUDE:   64 49 N
                                          LONGITUDE: 147 52 W

  TEMPERATURE IN F:       :PCPN:    SNOW:  WIND      :SUNSHINE: SKY     :PK WND
================================================================================
1   2   3   4   5  6A  6B    7    8   9   10  11  12  13   14  15   16   17  18
                                     12Z  AVG MX 2MIN
DY MAX MIN AVG DEP HDD CDD  WTR  SNW DPTH SPD SPD DIR MIN PSBL S-S WX    SPD DR
================================================================================

 1  20  -5   8  15  57   0 0.00  0.0   20  1.2  7  40   M    M   7 1       8  10
 2   8  -6   1   8  64   0 0.00  0.0   19  2.3  7  40   M    M   6         7  40
 3  17  -7   5  12  60   0 0.06  1.0   18  2.5  7  20   M    M   9 1       9  30
 4  19  15  17  24  48   0 0.08  1.0   18  0.9  5 130   M    M  10 16      6 140
 5  24  -9   8  16  57   0 0.16  3.7   21  9.9 32 260   M    M   7 169    43 250
 6  -6 -28 -17  -9  82   0 0.00  0.0   20  0.6  6 300   M    M   4 1       8 240
 7 -14 -27 -20 -12  85   0 0.00  0.0   20  0.4  6  50   M    M   2 1       7 330
 8 -15 -24 -19 -11  84   0 0.00  0.0   20  1.0  6  50   M    M   3 1       6  30
 9 -12 -19 -15  -7  80   0 0.00  0.0   20  0.7  6  20   M    M   2         6  20
10 -15 -22 -18 -10  83   0 0.00  0.0   19  0.4  5 300   M    M   1         6 280
11  -2 -23 -12  -4  77   0 0.03  0.7   19  1.3  6 350   M    M   8 1       6 360
12   1  -3  -1   7  66   0 0.06  1.1   19  0.5  5  50   M    M  10 1       5  60
13   8 -13  -2   7  67   0    T  0.1   19  4.9 10  40   M    M   9 1      11  40
14  13 -23  -5   4  70   0 0.13  3.2   19  5.6 16 250   M    M   9 1      19 250
15 -11 -38 -24 -15  89   0    T    T   21  2.8 14 350   M    M   6        16 340
16 -12 -18 -15  -6  80   0 0.28  2.8   23  1.6  9 210   M    M  10 1      12 210
================================================================================
SM   23 -250      1149   0  0.80    13.6  36.6          M      103
================================================================================
AV  1.4-15.6                               2.3 FASTST   M    M   6    MAX(MPH)
                                 MISC ---->  # 32 260               # 43  250
================================================================================
NOTES:
# LAST OF SEVERAL OCCURRENCES

COLUMN 17 PEAK WIND IN M.P.H.

PRELIMINARY LOCAL CLIMATOLOGICAL DATA (WS FORM: F-6) , PAGE 2

                                          STATION:  FAIRBANKS AK
                                          MONTH:    JANUARY
                                          YEAR:     2017
                                          LATITUDE:   64 49 N
                                          LONGITUDE: 147 52 W

[TEMPERATURE DATA]      [PRECIPITATION DATA]       SYMBOLS USED IN COLUMN 16

AVERAGE MONTHLY: -7.1   TOTAL FOR MONTH:   0.80    1 = FOG OR MIST
DPTR FM NORMAL:   0.9   DPTR FM NORMAL:    0.48    2 = FOG REDUCING VISIBILITY
HIGHEST:    24 ON  5    GRTST 24HR  0.55 ON  4- 5      TO 1/4 MILE OR LESS
LOWEST:    -38 ON 15                               3 = THUNDER
                        SNOW, ICE PELLETS, HAIL    4 = ICE PELLETS
                        TOTAL MONTH:  13.6 INCHES  5 = HAIL
                        GRTST 24HR   3.7 ON   M    6 = FREEZING RAIN OR DRIZZLE
                        GRTST DEPTH:  23 ON 16     7 = DUSTSTORM OR SANDSTORM:
                                                       VSBY 1/2 MILE OR LESS
                                                   8 = SMOKE OR HAZE
[NO. OF DAYS WITH]      [WEATHER - DAYS WITH]      9 = BLOWING SNOW
                                                   X = TORNADO
MAX 32 OR BELOW:  16    0.01 INCH OR MORE:   7
MAX 90 OR ABOVE:   0    0.10 INCH OR MORE:   3
MIN 32 OR BELOW:  16    0.50 INCH OR MORE:   0
MIN  0 OR BELOW:  15    1.00 INCH OR MORE:   0

[HDD (BASE 65) ]
TOTAL THIS MO.  1149    CLEAR  (SCALE 0-3)   4
DPTR FM NORMAL   -19    PTCLDY (SCALE 4-7)   6
TOTAL FM JUL 1  7185    CLOUDY (SCALE 8-10)  6
DPTR FM NORMAL  -255

[CDD (BASE 65) ]
TOTAL THIS MO.     0
DPTR FM NORMAL     0    [PRESSURE DATA]
TOTAL FM JAN 1     0    HIGHEST SLP M ON M
DPTR FM NORMAL     0    LOWEST  SLP 29.55 ON 16

[REMARKS]
