000
CXUS53 KFGF 200915
CF6FAR
PRELIMINARY LOCAL CLIMATOLOGICAL DATA (WS FORM: F-6)

                                          STATION:   FARGO HECTOR INTL AP ND
                                          MONTH:     DECEMBER
                                          YEAR:      2014
                                          LATITUDE:   46 54 N
                                          LONGITUDE:  96 48 W

  TEMPERATURE IN F:       :PCPN:    SNOW:  WIND      :SUNSHINE: SKY     :PK WND
================================================================================
1   2   3   4   5  6A  6B    7    8   9   10  11  12  13   14  15   16   17  18
                                     12Z  AVG MX 2MIN
DY MAX MIN AVG DEP HDD CDD  WTR  SNW DPTH SPD SPD DIR MIN PSBL S-S WX    SPD DR
================================================================================

 1   9 -13  -2 -22  67   0 0.00  0.0    2 15.6 29 160   M    M   1        37 160
 2  20   6  13  -6  52   0    T    T    2 10.8 28 160   M    M   2        38 160
 3  19   6  13  -6  52   0 0.00  0.0    1  8.2 15 290   M    M   0        19 300
 4  34  14  24   6  41   0 0.00  0.0    1 13.3 21 180   M    M   2        26 160
 5  29   8  19   1  46   0 0.00  0.0    1  6.4 14 340   M    M   1 18     16 340
 6  29   2  16  -1  49   0 0.00  0.0    1 10.0 25 160   M    M   5        35 150
 7  37  29  33  16  32   0    T  0.0    1 19.1 31 160   M    M   7 18     42 160
 8  35  12  24   8  41   0 0.02  0.1    T 15.9 30 310   M    M  10 18     36 320
 9  26   5  16   0  49   0    T    T    T 10.4 23 160   M    M   8 18     30 160
10  33  26  30  14  35   0 0.00  0.0    T 17.8 24 160   M    M   8 18     34 150
11  34  29  32  17  33   0 0.00  0.0    T 13.8 21 170   M    M  10 18     27 150
12  36  32  34  19  31   0 0.00  0.0    T 16.1 24 170   M    M   9 18     33 160
13  45  34  40  25  25   0 0.00  0.0    0 11.0 16 160   M    M   7 12     20 170
14  47  33  40  26  25   0 0.04    T    0  9.2 18 340   M    M   9 12     24 350
15  33  13  23   9  42   0 0.01    T    0 24.7 36 350   M    M  10 168    42 360
16  17   6  12  -2  53   0    T  0.3    T 14.2 28 340   M    M   7 8      33 340
17  20   2  11  -2  54   0 0.00  0.0    T  4.8 10  40   M    M   0 18     11  40
18  22   7  15   2  50   0    T    T    T  9.4 16 160   M    M   6 8      22 150
19  32  22  27  14  38   0 0.01  0.2    T 12.9 18 160   M    M  10 18     23 160
================================================================================
SM  557  273       815   0  0.08     0.6 243.6          M      112
================================================================================
AV 29.3 14.4                              12.8 FASTST   M    M   6    MAX(MPH)
                                 MISC ---->  # 36 350               # 42  160
================================================================================
NOTES:
# LAST OF SEVERAL OCCURRENCES

COLUMN 17 PEAK WIND IN M.P.H.

PRELIMINARY LOCAL CLIMATOLOGICAL DATA (WS FORM: F-6) , PAGE 2

                                          STATION:  FARGO HECTOR INTL AP ND
                                          MONTH:    DECEMBER
                                          YEAR:     2014
                                          LATITUDE:   46 54 N
                                          LONGITUDE:  96 48 W

[TEMPERATURE DATA]      [PRECIPITATION DATA]       SYMBOLS USED IN COLUMN 16

AVERAGE MONTHLY: 21.8   TOTAL FOR MONTH:   0.08    1 = FOG OR MIST
DPTR FM NORMAL:   5.9   DPTR FM NORMAL:   -0.42    2 = FOG REDUCING VISIBILITY
HIGHEST:    47 ON 14    GRTST 24HR  0.04 ON 14-14      TO 1/4 MILE OR LESS
LOWEST:    -13 ON  1                               3 = THUNDER
                        SNOW, ICE PELLETS, HAIL    4 = ICE PELLETS
                        TOTAL MONTH:   0.6 INCH    5 = HAIL
                        GRTST 24HR   0.3 ON   M    6 = FREEZING RAIN OR DRIZZLE
                        GRTST DEPTH:   2 ON  2, 1  7 = DUSTSTORM OR SANDSTORM:
                                                       VSBY 1/2 MILE OR LESS
                                                   8 = SMOKE OR HAZE
[NO. OF DAYS WITH]      [WEATHER - DAYS WITH]      9 = BLOWING SNOW
                                                   X = TORNADO
MAX 32 OR BELOW:  10    0.01 INCH OR MORE:   4
MAX 90 OR ABOVE:   0    0.10 INCH OR MORE:   0
MIN 32 OR BELOW:  17    0.50 INCH OR MORE:   0
MIN  0 OR BELOW:   1    1.00 INCH OR MORE:   0

[HDD (BASE 65) ]
TOTAL THIS MO.   815    CLEAR  (SCALE 0-3)   6
DPTR FM NORMAL  -117    PTCLDY (SCALE 4-7)   6
TOTAL FM JUL 1  2772    CLOUDY (SCALE 8-10)  7
DPTR FM NORMAL  -122

[CDD (BASE 65) ]
TOTAL THIS MO.     0
DPTR FM NORMAL     0    [PRESSURE DATA]
TOTAL FM JAN 1   544    HIGHEST SLP M ON M
DPTR FM NORMAL    -7    LOWEST  SLP 29.72 ON 14

[REMARKS]
