000
CXUS53 KFGF 220915
CF6FAR
PRELIMINARY LOCAL CLIMATOLOGICAL DATA (WS FORM: F-6)

                                          STATION:   FARGO HECTOR INTL AP ND
                                          MONTH:     MARCH
                                          YEAR:      2017
                                          LATITUDE:   46 54 N
                                          LONGITUDE:  96 48 W

  TEMPERATURE IN F:       :PCPN:    SNOW:  WIND      :SUNSHINE: SKY     :PK WND
================================================================================
1   2   3   4   5  6A  6B    7    8   9   10  11  12  13   14  15   16   17  18
                                     12Z  AVG MX 2MIN
DY MAX MIN AVG DEP HDD CDD  WTR  SNW DPTH SPD SPD DIR MIN PSBL S-S WX    SPD DR
================================================================================

 1  26  13  20   0  45   0    T  0.1    T 12.7 21 330   M    M   6 1      25 320
 2  19   8  14  -7  51   0 0.00  0.0    T  8.9 17 350   M    M   1        22 360
 3  33   9  21   0  44   0    T    T    0 13.7 23 150   M    M   4        32 160
 4  45  26  36  14  29   0 0.00  0.0    T 21.8 31 150   M    M   0        42 160
 5  54  29  42  20  23   0 0.00  0.0    0  8.1 25 160   M    M   0 1      31 160
 6  65  22  44  21  21   0    T    T    0 20.9 37 230   M    M   7        44 220
 7  33  18  26   3  39   0    T    T    0 33.8 47 280   M    M   8 1      62 280
 8  28  12  20  -4  45   0    T    T    0 21.4 43 280   M    M   4        52 300
 9  19   1  10 -14  55   0 0.00  0.0    0 15.6 26 350   M    M   2        31 350
10  12  -3   5 -20  60   0 0.00  0.0    0 11.0 21 350   M    M   1        24 360
11  20   3  12 -13  53   0 0.00  0.0    0 10.4 15  30   M    M   4        19  20
12  18   6  12 -14  53   0 0.09  1.5    0 10.6 18  60   M    M   8 18     23  60
13  24  -2  11 -15  54   0 0.00  0.0    1  7.2 12 340   M    M   0        14  10
14  28   2  15 -12  50   0 0.00  0.0    T  7.5 18 190   M    M   0        25 190
15  36  13  25  -2  40   0 0.00  0.0    T 14.9 25 170   M    M   2        32 160
16  42  28  35   7  30   0 0.05  0.0    0 16.7 26 150   M    M   6 1      37 160
17  38  29  34   6  31   0    T    T    0 17.3 30 330   M    M   9 12     37 310
18  37  18  28  -1  37   0 0.00  0.0    0  9.4 25 340   M    M   5        33 160
19  61  36  49  20  16   0    T    M    0 16.8 32 160   M    M   1        42 170
20  51  26  39   9  26   0 0.00  0.0    0  9.2 26 350   M    M   4        32  10
21  28  17  23  -7  42   0    T    T    0 14.5 23 340   M    M   2        29  10
================================================================================
SM  717  311       844   0  0.14     1.6 302.4          M       74
================================================================================
AV 34.1 14.8                              14.4 FASTST   M    M   4    MAX(MPH)
                                 MISC ---->  # 47 280               # 62  280
================================================================================
NOTES:
# LAST OF SEVERAL OCCURRENCES

COLUMN 17 PEAK WIND IN M.P.H.

PRELIMINARY LOCAL CLIMATOLOGICAL DATA (WS FORM: F-6) , PAGE 2

                                          STATION:  FARGO HECTOR INTL AP ND
                                          MONTH:    MARCH
                                          YEAR:     2017
                                          LATITUDE:   46 54 N
                                          LONGITUDE:  96 48 W

[TEMPERATURE DATA]      [PRECIPITATION DATA]       SYMBOLS USED IN COLUMN 16

AVERAGE MONTHLY: 24.5   TOTAL FOR MONTH:   0.14    1 = FOG OR MIST
DPTR FM NORMAL:  -0.8   DPTR FM NORMAL:   -0.73    2 = FOG REDUCING VISIBILITY
HIGHEST:    65 ON  6    GRTST 24HR  0.09 ON 12-12      TO 1/4 MILE OR LESS
LOWEST:     -3 ON 10                               3 = THUNDER
                        SNOW, ICE PELLETS, HAIL    4 = ICE PELLETS
                        TOTAL MONTH:   1.6 INCHES  5 = HAIL
                        GRTST 24HR   1.5 ON 12-12  6 = FREEZING RAIN OR DRIZZLE
                        GRTST DEPTH:   1 ON 13     7 = DUSTSTORM OR SANDSTORM:
                                                       VSBY 1/2 MILE OR LESS
                                                   8 = SMOKE OR HAZE
[NO. OF DAYS WITH]      [WEATHER - DAYS WITH]      9 = BLOWING SNOW
                                                   X = TORNADO
MAX 32 OR BELOW:  10    0.01 INCH OR MORE:   2
MAX 90 OR ABOVE:   0    0.10 INCH OR MORE:   0
MIN 32 OR BELOW:  20    0.50 INCH OR MORE:   0
MIN  0 OR BELOW:   2    1.00 INCH OR MORE:   0

[HDD (BASE 65) ]
TOTAL THIS MO.   844    CLEAR  (SCALE 0-3)  10
DPTR FM NORMAL     9    PTCLDY (SCALE 4-7)  10
TOTAL FM JUL 1  6342    CLOUDY (SCALE 8-10)  1
DPTR FM NORMAL -1171

[CDD (BASE 65) ]
TOTAL THIS MO.     0
DPTR FM NORMAL     0    [PRESSURE DATA]
TOTAL FM JAN 1     0    HIGHEST SLP M ON M
DPTR FM NORMAL     0    LOWEST  SLP 28.95 ON  6

[REMARKS]
