000
CXUS56 KHNX 271146
CF6FAT
PRELIMINARY LOCAL CLIMATOLOGICAL DATA (WS FORM: F-6)

                                          STATION:   FRESNO CA
                                          MONTH:     AUGUST
                                          YEAR:      2015
                                          LATITUDE:   36 46 N
                                          LONGITUDE: 119 43 W

  TEMPERATURE IN F:       :PCPN:    SNOW:  WIND      :SUNSHINE: SKY     :PK WND
================================================================================
1   2   3   4   5  6A  6B    7    8   9   10  11  12  13   14  15   16   17  18
                                     12Z  AVG MX 2MIN
DY MAX MIN AVG DEP HDD CDD  WTR  SNW DPTH SPD SPD DIR MIN PSBL S-S WX    SPD DR
================================================================================

 1 100  72  86   3   0  21 0.00  0.0    0  7.7 18 310   M    M   4        23 320
 2  99  69  84   1   0  19 0.00  0.0    0  8.1 17 300   M    M   3        21 310
 3  95  68  82  -1   0  17 0.00  0.0    0 10.2 18 300   M    M   4        24 310
 4  84  64  74  -9   0   9 0.00  0.0    0  8.7 18 310   M    M   6        24 310
 5  88  62  75  -8   0  10 0.00  0.0    0  6.0 15 300   M    M   7        17 300
 6  92  73  83   0   0  18 0.00  0.0    0  4.3 14 300   M    M   9        20 270
 7  94  68  81  -2   0  16 0.00  0.0    0  7.8 15 310   M    M   3        20 290
 8  95  64  80  -3   0  15 0.00  0.0    0  7.8 14 290   M    M   2        21 300
 9  97  66  82  -1   0  17 0.00  0.0    0  6.8 14 310   M    M   2        18 280
10  96  69  83   1   0  18 0.00  0.0    0  9.2 21 310   M    M   1        26 310
11  94  64  79  -3   0  14 0.00  0.0    0  7.4 18 300   M    M   1 8      22 310
12  96  64  80  -2   0  15 0.00  0.0    0  8.2 16 310   M    M   0        22 310
13  98  66  82   0   0  17 0.00  0.0    0  8.5 20 310   M    M   2        26 300
14  94  66  80  -2   0  15 0.00  0.0    0  9.8 17 310   M    M   3        23 310
15 100  67  84   2   0  19 0.00  0.0    0  6.4 13 300   M    M   5        16 300
16 105  73  89   7   0  24 0.00  0.0    0  4.6 10 330   M    M   5        14 280
17 108  73  91   9   0  26 0.00  0.0    0  6.1 14 310   M    M   2 8      23 280
18 103  73  88   6   0  23 0.00  0.0    0  6.9 14 310   M    M   2 8      16 310
19 100  66  83   2   0  18 0.00  0.0    0  6.9 14 320   M    M   1        17 320
20  95  64  80  -1   0  15 0.00  0.0    0  7.8 15 310   M    M   1 8      18 310
21  95  65  80  -1   0  15 0.00  0.0    0  6.9 13 310   M    M   2 8      16 310
22  97  64  81   0   0  16 0.00  0.0    0  5.7 13 300   M    M   2        16 220
23  98  66  82   1   0  17 0.00  0.0    0  7.4 14 310   M    M   3        18 310
24  99  66  83   2   0  18 0.00  0.0    0  8.1 13 300   M    M   2        16 300
25 102  68  85   5   0  20 0.00  0.0    0  5.9 15 310   M    M   2        18 320
26 102  72  87   7   0  22 0.00  0.0    0  7.5 15 300   M    M   4        18 280
================================================================================
SM 2526 1752         0 454  0.00     0.0 190.7          M       78
================================================================================
AV 97.2 67.4                               7.3 FASTST   M    M   3    MAX(MPH)
                                 MISC ---->  # 21 310               # 26  310
================================================================================
NOTES:
# LAST OF SEVERAL OCCURRENCES

COLUMN 17 PEAK WIND IN M.P.H.

PRELIMINARY LOCAL CLIMATOLOGICAL DATA (WS FORM: F-6) , PAGE 2

                                          STATION:  FRESNO CA
                                          MONTH:    AUGUST
                                          YEAR:     2015
                                          LATITUDE:   36 46 N
                                          LONGITUDE: 119 43 W

[TEMPERATURE DATA]      [PRECIPITATION DATA]       SYMBOLS USED IN COLUMN 16

AVERAGE MONTHLY: 82.3   TOTAL FOR MONTH:   0.00    1 = FOG OR MIST
DPTR FM NORMAL:   0.3   DPTR FM NORMAL:   -0.01    2 = FOG REDUCING VISIBILITY
HIGHEST:   108 ON 17    GRTST 24HR  0.00 ON 26-26      TO 1/4 MILE OR LESS
LOWEST:     62 ON  5                               3 = THUNDER
                        SNOW, ICE PELLETS, HAIL    4 = ICE PELLETS
                        TOTAL MONTH:   0.0 INCH    5 = HAIL
                        GRTST 24HR     0.0         6 = FREEZING RAIN OR DRIZZLE
                        GRTST DEPTH:   0           7 = DUSTSTORM OR SANDSTORM:
                                                       VSBY 1/2 MILE OR LESS
                                                   8 = SMOKE OR HAZE
[NO. OF DAYS WITH]      [WEATHER - DAYS WITH]      9 = BLOWING SNOW
                                                   X = TORNADO
MAX 32 OR BELOW:   0    0.01 INCH OR MORE:   0
MAX 90 OR ABOVE:  24    0.10 INCH OR MORE:   0
MIN 32 OR BELOW:   0    0.50 INCH OR MORE:   0
MIN  0 OR BELOW:   0    1.00 INCH OR MORE:   0

[HDD (BASE 65) ]
TOTAL THIS MO.     0    CLEAR  (SCALE 0-3)  16
DPTR FM NORMAL     0    PTCLDY (SCALE 4-7)   9
TOTAL FM JUL 1     0    CLOUDY (SCALE 8-10)  1
DPTR FM NORMAL     0

[CDD (BASE 65) ]
TOTAL THIS MO.   454
DPTR FM NORMAL    14    [PRESSURE DATA]
TOTAL FM JAN 1  1808    HIGHEST SLP M ON M
DPTR FM NORMAL   200    LOWEST  SLP 29.71 ON 17

[REMARKS]
