000
CXUS53 KMPX 281000
CF6FCM
PRELIMINARY LOCAL CLIMATOLOGICAL DATA (WS FORM: F-6)

                                          STATION:   MINNEAPOLIS FLYING CLOUD MN
                                          MONTH:     MAY
                                          YEAR:      2015
                                          LATITUDE:   44 49 N
                                          LONGITUDE:  93 27 W

  TEMPERATURE IN F:       :PCPN:    SNOW:  WIND      :SUNSHINE: SKY     :PK WND
================================================================================
1   2   3   4   5  6A  6B    7    8   9   10  11  12  13   14  15   16   17  18
                                     12Z  AVG MX 2MIN
DY MAX MIN AVG DEP HDD CDD  WTR  SNW DPTH SPD SPD DIR MIN PSBL S-S WX    SPD DR
================================================================================

 1  67  48  58   4   7   0 0.05    M    M  9.6 17 170   M    M   4        23 180
 2  81  50  66  11   0   1 0.00    M    M  9.7 18 200   M    M   1        30 170
 3  83  54  69  14   0   4 0.44  0.0    0  7.8 26 350   M    M   1 1358   38 360
 4  71  49  60   5   5   0 0.00    M    M  7.5 18  50   M    M   0 8      24  40
 5  71  49  60   4   5   0 0.03    M    M 12.2 25 130   M    M   5 18     33 130
 6  77  55  66  10   0   1    T    M    M 13.4 29 140   M    M   6 18     36 140
 7  76  59  68  12   0   3 0.10    M    M 11.9 22 180   M    M   8 138    28 190
 8  60  48  54  -3  11   0 0.03    M    M  8.2 15 320   M    M   5 1      20 320
 9  68  43  56  -1   9   0    M    M    M  7.8 17  30   M    M   0 8      24  50
10  60  48  54  -4  11   0    M    M    M 12.3 21  80   M    M   9 18     28  70
11  56  44  50  -8  15   0 0.03    M    M 12.8 21 300   M    M  10 18     29 300
12  57  40  49  -9  16   0    T    M    M 11.6 24 320   M    M   6 1      33 320
13  69  43  56  -2   9   0 0.00    M    M 14.7 22 150   M    M   3        35 110
14  57  50  54  -5  11   0 0.40    M    M 11.0 22 110   M    M   8 1      30 120
15  66  54  60   1   5   0 0.00    M    M  5.7 10 300   M    M   7 1      14 300
16  76  56  66   7   0   1 0.09    M    M 11.9 26 130   M    M   8 3      35 130
17  75  45  60   0   5   0 0.46    M    M 17.6 35 240   M    M   8 138    50 230
18  46  39  43 -17  22   0    T    M    M 16.4 26 260   M    M  10 18     36 250
19  57  37  47 -13  18   0    T    M    M  6.8 17 320   M    M   4 8      22 310
20  61  39  50 -11  15   0 0.00    M    M  4.1 14 300   M    M   0        18 280
21  73  40  57  -4   8   0 0.00    M    M  8.4 21 310   M    M   1 8      30 310
22  74  42  58  -3   7   0 0.00    M    M  3.1 10 150   M    M   0 8      13 180
23  72  48  60  -2   5   0    T    M    M  5.8 15  30   M    M   5 8      20  40
24  64  58  61  -1   4   0 0.43    M    M  8.6 15 110   M    M   9 1      19  80
25  72  58  65   3   0   0 0.10    M    M  8.9 18 230   M    M   8 12     25 240
26  60  56  58  -4   7   0 0.92    M    M  5.5 12 330   M    M   8 12     13 360
27  83  55  69   6   0   4    T    M    M  5.2 15 230   M    M   1 1      18 230
================================================================================
SM 1832 1307       195  14  3.08     0.0 258.5          M      135
================================================================================
AV 67.9 48.4                               9.6 FASTST   M    M   5    MAX(MPH)
                                 MISC ---->  # 35 240               # 50  230
================================================================================
NOTES:
# LAST OF SEVERAL OCCURRENCES

COLUMN 17 PEAK WIND IN M.P.H.

PRELIMINARY LOCAL CLIMATOLOGICAL DATA (WS FORM: F-6) , PAGE 2

                                          STATION:  MINNEAPOLIS FLYING CLOUD MN
                                          MONTH:    MAY
                                          YEAR:     2015
                                          LATITUDE:   44 49 N
                                          LONGITUDE:  93 27 W

[TEMPERATURE DATA]      [PRECIPITATION DATA]       SYMBOLS USED IN COLUMN 16

AVERAGE MONTHLY: 58.1   TOTAL FOR MONTH:   3.08    1 = FOG OR MIST
DPTR FM NORMAL:  -0.5   DPTR FM NORMAL:    0.01    2 = FOG REDUCING VISIBILITY
HIGHEST:    83 ON 27, 3 GRTST 24HR  0.92 ON 26-26      TO 1/4 MILE OR LESS
LOWEST:     37 ON 19                               3 = THUNDER
                        SNOW, ICE PELLETS, HAIL    4 = ICE PELLETS
                        TOTAL MONTH:   0.0 INCH    5 = HAIL
                        GRTST 24HR     0.0         6 = FREEZING RAIN OR DRIZZLE
                        GRTST DEPTH:   0           7 = DUSTSTORM OR SANDSTORM:
                                                       VSBY 1/2 MILE OR LESS
                                                   8 = SMOKE OR HAZE
[NO. OF DAYS WITH]      [WEATHER - DAYS WITH]      9 = BLOWING SNOW
                                                   X = TORNADO
MAX 32 OR BELOW:   0    0.01 INCH OR MORE:  12
MAX 90 OR ABOVE:   0    0.10 INCH OR MORE:   7
MIN 32 OR BELOW:   0    0.50 INCH OR MORE:   1
MIN  0 OR BELOW:   0    1.00 INCH OR MORE:   0

[HDD (BASE 65) ]
TOTAL THIS MO.   195    CLEAR  (SCALE 0-3)   9
DPTR FM NORMAL    -5    PTCLDY (SCALE 4-7)  14
TOTAL FM JUL 1  7537    CLOUDY (SCALE 8-10)  4
DPTR FM NORMAL   -21

[CDD (BASE 65) ]
TOTAL THIS MO.    14
DPTR FM NORMAL   -16    [PRESSURE DATA]
TOTAL FM JAN 1    14    HIGHEST SLP M ON M
DPTR FM NORMAL   -19    LOWEST  SLP 29.51 ON 17

[REMARKS]
