000
CXUS53 KARX 260930
CF6FKA
PRELIMINARY LOCAL CLIMATOLOGICAL DATA (WS FORM: F-6)

                                          STATION:   PRESTON MN
                                          MONTH:     JULY
                                          YEAR:      2017
                                          LATITUDE:   43 40 N
                                          LONGITUDE:  92 11 W

  TEMPERATURE IN F:       :PCPN:    SNOW:  WIND      :SUNSHINE: SKY     :PK WND
================================================================================
1   2   3   4   5  6A  6B    7    8   9   10  11  12  13   14  15   16   17  18
                                     12Z  AVG MX 2MIN
DY MAX MIN AVG DEP HDD CDD  WTR  SNW DPTH SPD SPD DIR MIN PSBL S-S WX    SPD DR
================================================================================

 1  72  58  65   M   0   0 0.09  0.0    0  9.4 14 290   M    M   2 3      21 300
 2  78  60  69   M   0   4 0.00  0.0    0  6.7 13 220   M    M   2 3       M  M
 3  79  57  68   M   0   3 0.00  0.0    0  5.0  9 110   M    M   1         M  M
 4  82  62  72   M   0   7 0.00  0.0    0  6.1 10 120   M    M   2         M  M
 5  87  66  77   M   0  12 0.00  0.0    0  5.6 10 250   M    M   1 1      16 250
 6  88  65  77   M   0  12 0.00  0.0    0  8.2 13 260   M    M   1 1      17 210
 7  79  61  70   M   0   5 0.00  0.0    0 10.2 16 320   M    M   2        23 320
 8  78  55  67   M   0   2 0.00  0.0    0  4.8 10 300   M    M   2         M  M
 9  82  59  71   M   0   6 0.17  0.0    0  5.9  9 160   M    M   2 3       M  M
10  78  64  71   M   0   6 0.00  0.0    0  6.2 12 360   M    M   4 1       M  M
11  81  64  73   M   0   8 0.01  0.0    0  3.5  8 150   M    M   2 1       M  M
12  88  66  77   M   0  12 0.00  0.0    M  8.7 14 290   M    M   3        22 320
13  72  57  65   M   0   0 0.00  0.0    0  8.6 15 340   M    M   5        21 340
14  71  56  64   M   1   0 0.00  0.0    0  4.7 13 360   M    M   6         M  M
15  87  57  72   M   0   7 0.00  0.0    0  8.4 14 210   M    M   2        17 220
16  80  64  72   M   0   7 0.00  0.0    0  5.5 10  70   M    M   2 1       M  M
17  82  60  71   M   0   6 0.00  0.0    0  9.3 16 160   M    M   2 1      21 180
18  86  66  76   M   0  11 0.03  0.0    0  8.1 15 210   M    M   4 38     18 220
19  84  65  75   M   0  10    M  0.0    0  6.5 13 140   M    M   3 13     17 140
20  83  67  75   M   0  10 0.01  0.0    0  4.7 13 120   M    M   5 13      M  M
21  72  64  68   M   0   3 0.38  0.0    0  6.4 13 230   M    M   6 13      M  M
22  83  68  76   M   0  11 0.00  0.0    0  4.3  8  40   M    M   7 12      M  M
23  74  59  67   M   0   2 0.00  0.0    0  8.2 16 350   M    M   4        21 350
24  73  56  65   M   0   0 0.00  0.0    0  4.6  9 160   M    M   4         M  M
25  79  60  70   M   0   5 0.54  0.0    0 11.7 23 180   M    M   2 13     31 180
================================================================================
SM 1998 1536         1 149  1.23     0.0 171.3          M       76
================================================================================
AV 79.9 61.4                               6.9 FASTST   M    M   3    MAX(MPH)
                                 MISC ---->  # 23 180               # 31  180
================================================================================
NOTES:
# LAST OF SEVERAL OCCURRENCES

COLUMN 17 PEAK WIND IN M.P.H.

PRELIMINARY LOCAL CLIMATOLOGICAL DATA (WS FORM: F-6) , PAGE 2

                                          STATION:  PRESTON MN
                                          MONTH:    JULY
                                          YEAR:     2017
                                          LATITUDE:   43 40 N
                                          LONGITUDE:  92 11 W

[TEMPERATURE DATA]      [PRECIPITATION DATA]       SYMBOLS USED IN COLUMN 16

AVERAGE MONTHLY: 70.7   TOTAL FOR MONTH:   1.23    1 = FOG OR MIST
DPTR FM NORMAL:     M   DPTR FM NORMAL:       M    2 = FOG REDUCING VISIBILITY
HIGHEST:    88 ON 12, 6 GRTST 24HR  0.54 ON 25-25      TO 1/4 MILE OR LESS
LOWEST:     55 ON  8                               3 = THUNDER
                        SNOW, ICE PELLETS, HAIL    4 = ICE PELLETS
                        TOTAL MONTH:   0.0 INCH    5 = HAIL
                        GRTST 24HR     0.0         6 = FREEZING RAIN OR DRIZZLE
                        GRTST DEPTH:   0           7 = DUSTSTORM OR SANDSTORM:
                                                       VSBY 1/2 MILE OR LESS
                                                   8 = SMOKE OR HAZE
[NO. OF DAYS WITH]      [WEATHER - DAYS WITH]      9 = BLOWING SNOW
                                                   X = TORNADO
MAX 32 OR BELOW:   0    0.01 INCH OR MORE:   7
MAX 90 OR ABOVE:   0    0.10 INCH OR MORE:   3
MIN 32 OR BELOW:   0    0.50 INCH OR MORE:   1
MIN  0 OR BELOW:   0    1.00 INCH OR MORE:   0

[HDD (BASE 65) ]
TOTAL THIS MO.     1    CLEAR  (SCALE 0-3)  16
DPTR FM NORMAL     M    PTCLDY (SCALE 4-7)   9
TOTAL FM JUL 1     1    CLOUDY (SCALE 8-10)  0
DPTR FM NORMAL     M

[CDD (BASE 65) ]
TOTAL THIS MO.   149
DPTR FM NORMAL     M    [PRESSURE DATA]
TOTAL FM JAN 1   292    HIGHEST SLP M ON M
DPTR FM NORMAL     M    LOWEST  SLP M ON M

[REMARKS]
