000
CXUS53 KMKX 280753
CF6FLD
PRELIMINARY LOCAL CLIMATOLOGICAL DATA (WS FORM: F-6)

                                          STATION:   FOND_DU_LAC WI
                                          MONTH:     JULY
                                          YEAR:      2017
                                          LATITUDE:   43 46 N
                                          LONGITUDE:  88 29 W

  TEMPERATURE IN F:       :PCPN:    SNOW:  WIND      :SUNSHINE: SKY     :PK WND
================================================================================
1   2   3   4   5  6A  6B    7    8   9   10  11  12  13   14  15   16   17  18
                                     12Z  AVG MX 2MIN
DY MAX MIN AVG DEP HDD CDD  WTR  SNW DPTH SPD SPD DIR MIN PSBL S-S WX    SPD DR
================================================================================

 1  79  62  71   0   0   6    T  0.0    0  6.4 17 290   M    M   3 3      23 270
 2  78  61  70  -1   0   5 0.39  0.0    0  4.9 13 210   M    M   3 13     20 240
 3  78  56  67  -4   0   2    T  0.0    0  5.0 13  80   M    M   2 1      16  80
 4  81  53  67  -5   0   2 0.00  0.0    0  6.1 14 100   M    M   0        18 100
 5  86  60  73   1   0   8 0.01  0.0    0  4.8 28 320   M    M   2        34 330
 6  89  64  77   5   0  12    T  0.0    0  6.3 22 280   M    M   1 3      27 280
 7  83  63  73   1   0   8 0.20  0.0    0  6.7 33 330   M    M   4 13     42 330
 8  78  56  67  -5   0   2    T  0.0    0  5.1 13 240   M    M   1        17 300
 9  83  62  73   1   0   8 0.00  0.0    0  7.3 15 230   M    M   2        20 280
10  83  67  75   3   0  10 0.19    M    M  5.3 16 210   M    M   3 3      22 220
11  87  64  76   4   0  11    T  0.0    0  5.3 17 150   M    M   2 18     23 150
12  84  71  78   6   0  13 0.31  0.0    0  8.2 18 210   M    M   5 13     24 210
13  80  62  71  -1   0   6 0.00  0.0    0  9.3 17 320   M    M   5 1      22 330
14  71  60  66  -6   0   1    T  0.0    0  7.9 14 330   M    M   7        18 310
15  82  56  69  -3   0   4 0.56    M    M  7.2 25  40   M    M   0 13     37  40
16  74  54  64  -8   1   0 0.00    M    M  8.3 16  30   M    M   5        22  30
17  79  51  65  -7   0   0 0.00    M    M  2.9  9 160   M    M   0 8      12 180
18  86  60  73   1   0   8 0.47  0.0    0  8.4 24 320   M    M   1 13     29 310
19  84  68  76   4   0  11 0.05  0.0    0  6.9 32 170   M    M   2        43 170
20  87  68  78   6   0  13 0.35  0.0    0  6.4 17 180   M    M   3        25 240
21  83  65  74   2   0   9 0.05  0.0    0  5.2 15 150   M    M   3 1      19 160
22  84  65  75   3   0  10    T  0.0    0  3.2 12 150   M    M   7 138    13 130
23  83  65  74   3   0   9 0.00  0.0    0  9.7 24  30   M    M   6 1      30  20
24  76  55  66  -5   0   1 0.00  0.0    0  8.5 17  40   M    M   5        22  40
25  78  51  65  -6   0   0 0.00  0.0    0  7.4 17 180   M    M   1 8      23 190
26  78  66  72   1   0   7 0.14  0.0    0  6.7 16 200   M    M   7 13     25 210
27  82  64  73   2   0   8 0.00  0.0    0  8.1 17  60   M    M   2 128    21  10
================================================================================
SM 2196 1649         1 174  2.72     0.0 177.5          M       82
================================================================================
AV 81.3 61.1                               6.6 FASTST   M    M   3    MAX(MPH)
                                 MISC ---->  # 33 330               # 43  170
================================================================================
NOTES:
# LAST OF SEVERAL OCCURRENCES

COLUMN 17 PEAK WIND IN M.P.H.

PRELIMINARY LOCAL CLIMATOLOGICAL DATA (WS FORM: F-6) , PAGE 2

                                          STATION:  FOND_DU_LAC WI
                                          MONTH:    JULY
                                          YEAR:     2017
                                          LATITUDE:   43 46 N
                                          LONGITUDE:  88 29 W

[TEMPERATURE DATA]      [PRECIPITATION DATA]       SYMBOLS USED IN COLUMN 16

AVERAGE MONTHLY: 71.2   TOTAL FOR MONTH:   2.72    1 = FOG OR MIST
DPTR FM NORMAL:  -0.5   DPTR FM NORMAL:   -0.61    2 = FOG REDUCING VISIBILITY
HIGHEST:    89 ON  6    GRTST 24HR  0.56 ON 15-15      TO 1/4 MILE OR LESS
LOWEST:     51 ON 25,17                            3 = THUNDER
                        SNOW, ICE PELLETS, HAIL    4 = ICE PELLETS
                        TOTAL MONTH:   0.0 INCH    5 = HAIL
                        GRTST 24HR     0.0         6 = FREEZING RAIN OR DRIZZLE
                        GRTST DEPTH:   0           7 = DUSTSTORM OR SANDSTORM:
                                                       VSBY 1/2 MILE OR LESS
                                                   8 = SMOKE OR HAZE
[NO. OF DAYS WITH]      [WEATHER - DAYS WITH]      9 = BLOWING SNOW
                                                   X = TORNADO
MAX 32 OR BELOW:   0    0.01 INCH OR MORE:  11
MAX 90 OR ABOVE:   0    0.10 INCH OR MORE:   8
MIN 32 OR BELOW:   0    0.50 INCH OR MORE:   1
MIN  0 OR BELOW:   0    1.00 INCH OR MORE:   0

[HDD (BASE 65) ]
TOTAL THIS MO.     1    CLEAR  (SCALE 0-3)  17
DPTR FM NORMAL     1    PTCLDY (SCALE 4-7)  10
TOTAL FM JUL 1     1    CLOUDY (SCALE 8-10)  0
DPTR FM NORMAL     1

[CDD (BASE 65) ]
TOTAL THIS MO.   174
DPTR FM NORMAL   -14    [PRESSURE DATA]
TOTAL FM JAN 1   340    HIGHEST SLP M ON M
DPTR FM NORMAL    -6    LOWEST  SLP 29.75 ON M

[REMARKS]
