000
CXUS56 KFGZ 310900
CF6FLG
PRELIMINARY LOCAL CLIMATOLOGICAL DATA (WS FORM: F-6)

                                          STATION:   FLAGSTAFF AZ AIRPORT
                                          MONTH:     JULY
                                          YEAR:      2014
                                          LATITUDE:   35  7 N
                                          LONGITUDE: 111 40 W

  TEMPERATURE IN F:       :PCPN:    SNOW:  WIND      :SUNSHINE: SKY     :PK WND
================================================================================
1   2   3   4   5  6A  6B    7    8   9   10  11  12  13   14  15   16   17  18
                                     12Z  AVG MX 2MIN
DY MAX MIN AVG DEP HDD CDD  WTR  SNW DPTH SPD SPD DIR MIN PSBL S-S WX    SPD DR
================================================================================

 1  88  55  72   8   0   7 0.00  0.0    0  6.2 24 250   M    M   1 8      35 250
 2  84  48  66   1   0   1    T  0.0    0  6.7 23  40   M    M   1 3      31 330
 3  87  46  67   2   0   2 0.04  0.0    0  6.6 21 350   M    M   2 3      30 350
 4  77  55  66   1   0   1 1.89  0.0    0  4.5 28 190   M    M   8 138    35 190
 5  79  52  66   1   0   1 0.03  0.0    0  3.5 17 220   M    M   7 1      19 220
 6  76  58  67   2   0   2 0.00  0.0    0  4.2 15 220   M    M   5        18 220
 7  80  56  68   2   0   3 0.68  0.0    0  3.2 26  50   M    M   2 3      38  40
 8  82  52  67   1   0   2 0.00  0.0    0  5.6 22 210   M    M   2        29 210
 9  75  53  64  -2   1   0 0.04  0.0    0  3.0 13  20   M    M   3        17 360
10  78  52  65  -1   0   0 0.00  0.0    0  4.9 23 240   M    M   2        32 230
11  81  52  67   1   0   2 0.00  0.0    0  5.0 15 220   M    M   3        19 250
12  86  54  70   4   0   5 0.09  0.0    0  5.8 20  40   M    M   4        27  30
13  84  54  69   3   0   4 0.01  0.0    0  4.7 20 210   M    M   2        25 210
14  80  59  70   4   0   5 0.02  0.0    0  6.3 20 210   M    M   5 1      26 210
15  75  57  66   0   0   1 0.08  0.0    0  4.6 17 220   M    M   4        25 200
16  78  55  67   1   0   2    T  0.0    0  5.8 20 260   M    M   6        27 260
17  84  52  68   1   0   3 0.00  0.0    0  8.1 21 220   M    M   1        29 240
18  85  55  70   3   0   5 0.00  0.0    0  6.5 21 210   M    M   1 8      26 220
19  81  55  68   1   0   3    T  0.0    0  5.8 16 210   M    M   3        21 240
20  80  53  67   0   0   2 0.00  0.0    0  6.7 21 220   M    M   0        26 210
21  84  47  66  -1   0   1 0.00  0.0    0  6.0 21 250   M    M   0        27 260
22  87  49  68   1   0   3 0.00  0.0    0  3.5 16  90   M    M   3 8      22  90
23  85  53  69   2   0   4 0.00  0.0    0  4.1 17 200   M    M   4 8      22 210
24  82  55  69   3   0   4 0.03  0.0    0  3.2 16  50   M    M   6 38     22  50
25  87  49  68   2   0   3 0.00  0.0    0  5.6 22 230   M    M   2 8      26 220
26  87  58  73   7   0   8 0.68  0.0    0  5.1 17 160   M    M   3        29 160
27  84  55  70   4   0   5 0.07  0.0    0  5.7 20 220   M    M   4        24 150
28  73  57  65  -1   0   0 0.01  0.0    0  2.9 15 210   M    M   6        19 210
29  79  50  65  -1   0   0 0.00  0.0    0  6.8 23 210   M    M   3 8      27 200
30  84  51  68   2   0   3 0.00  0.0    0  5.0 20 230   M    M   2 8      25 250
================================================================================
SM 2452 1597         1  82  3.67     0.0 155.6          M       95
================================================================================
AV 81.7 53.2                               5.2 FASTST   M    M   3    MAX(MPH)
                                 MISC ---->  # 28 190               # 38   40
================================================================================
NOTES:
# LAST OF SEVERAL OCCURRENCES

COLUMN 17 PEAK WIND IN M.P.H.

PRELIMINARY LOCAL CLIMATOLOGICAL DATA (WS FORM: F-6) , PAGE 2

                                          STATION:  FLAGSTAFF AZ AIRPORT
                                          MONTH:    JULY
                                          YEAR:     2014
                                          LATITUDE:   35  7 N
                                          LONGITUDE: 111 40 W

[TEMPERATURE DATA]      [PRECIPITATION DATA]       SYMBOLS USED IN COLUMN 16

AVERAGE MONTHLY: 67.5   TOTAL FOR MONTH:   3.67    1 = FOG OR MIST
DPTR FM NORMAL:   1.5   DPTR FM NORMAL:    1.18    2 = FOG REDUCING VISIBILITY
HIGHEST:    88 ON  1    GRTST 24HR  1.89 ON  4- 4      TO 1/4 MILE OR LESS
LOWEST:     46 ON  3                               3 = THUNDER
                        SNOW, ICE PELLETS, HAIL    4 = ICE PELLETS
                        TOTAL MONTH:   0.0 INCH    5 = HAIL
                        GRTST 24HR     0.0         6 = FREEZING RAIN OR DRIZZLE
                        GRTST DEPTH:   0           7 = DUSTSTORM OR SANDSTORM:
                                                       VSBY 1/2 MILE OR LESS
                                                   8 = SMOKE OR HAZE
[NO. OF DAYS WITH]      [WEATHER - DAYS WITH]      9 = BLOWING SNOW
                                                   X = TORNADO
MAX 32 OR BELOW:   0    0.01 INCH OR MORE:  13
MAX 90 OR ABOVE:   0    0.10 INCH OR MORE:   3
MIN 32 OR BELOW:   0    0.50 INCH OR MORE:   3
MIN  0 OR BELOW:   0    1.00 INCH OR MORE:   1

[HDD (BASE 65) ]
TOTAL THIS MO.     1    CLEAR  (SCALE 0-3)  18
DPTR FM NORMAL   -34    PTCLDY (SCALE 4-7)  12
TOTAL FM JUL 1     1    CLOUDY (SCALE 8-10)  0
DPTR FM NORMAL   -34

[CDD (BASE 65) ]
TOTAL THIS MO.    82
DPTR FM NORMAL    22    [PRESSURE DATA]
TOTAL FM JAN 1    96    HIGHEST SLP M ON M
DPTR FM NORMAL    19    LOWEST  SLP 29.81 ON  1

[REMARKS]
